--
-- Host: localhost    Database: nest
-- ------------------------------------------------------


--
-- Table structure for table `activations`
--

CREATE TABLE `activations` (
  `id` bigint unsigned NOT NULL AUTO_INCREMENT,
  `user_id` int unsigned NOT NULL,
  `code` varchar(120) COLLATE utf8mb4_unicode_ci NOT NULL,
  `completed` tinyint(1) NOT NULL DEFAULT '0',
  `completed_at` timestamp NULL DEFAULT NULL,
  `created_at` timestamp NULL DEFAULT NULL,
  `updated_at` timestamp NULL DEFAULT NULL,
  PRIMARY KEY (`id`),
  KEY `activations_user_id_index` (`user_id`)
) ENGINE=InnoDB AUTO_INCREMENT=2 DEFAULT CHARSET=utf8mb4 COLLATE=utf8mb4_unicode_ci;

--
-- Dumping data for table `activations`
--

INSERT INTO `activations` VALUES (1,1,'z0E5O5PGpbk8CNOnWiWd5EgCn9a3xDY4',1,'2022-09-22 01:26:52','2022-09-22 01:26:52','2022-09-22 01:26:52');

--
-- Table structure for table `ads_translations`
--

CREATE TABLE `ads_translations` (
  `lang_code` varchar(191) COLLATE utf8mb4_unicode_ci NOT NULL,
  `ads_id` int NOT NULL,
  `name` varchar(255) COLLATE utf8mb4_unicode_ci DEFAULT NULL,
  `image` varchar(255) COLLATE utf8mb4_unicode_ci DEFAULT NULL,
  `url` varchar(255) COLLATE utf8mb4_unicode_ci DEFAULT NULL,
  PRIMARY KEY (`lang_code`,`ads_id`)
) ENGINE=InnoDB DEFAULT CHARSET=utf8mb4 COLLATE=utf8mb4_unicode_ci;

--
-- Dumping data for table `ads_translations`
--

INSERT INTO `ads_translations` VALUES ('vi',1,'Tươi mỗi ngày','promotion/1.png','/vi/products'),('vi',2,'Nấu bữa sáng của bạn','promotion/2.png','/vi/products'),('vi',3,'Hữu cơ tốt nhất','promotion/3.png','/vi/products'),('vi',4,'Mang thiên nhiên vào ngôi nhà của bạn','promotion/4.png','/vi/products'),('vi',5,'Giao tận nhà','promotion/5.png','/vi/products'),('vi',6,'Tiết kiệm 17% khi mua nước ép hữu cơ','promotion/6.png','/vi/products'),('vi',7,'Tươi và Sạch hàng ngày với các sản phẩm của chúng tôi','promotion/7.png','/vi/products'),('vi',8,'Các sản phẩm hữu cơ tốt nhất trực tuyến','promotion/8.png','/vi/products'),('vi',9,'Tươi mới mỗi ngày với các sản phẩm của chúng tôi','promotion/9.png','/vi/products'),('vi',10,'100% đảm bảo tất cả các mặt hàng tươi','promotion/10.png','/vi/products'),('vi',11,'Giảm giá hàng tạp hóa đặc biệt trong tháng này','promotion/11.png','/vi/products'),('vi',12,'GIẢM GIÁ 15% cho tất cả rau và trái cây','promotion/12.png','/vi/products');

--
-- Table structure for table `audit_histories`
--

CREATE TABLE `audit_histories` (
  `id` bigint unsigned NOT NULL AUTO_INCREMENT,
  `user_id` int unsigned NOT NULL,
  `module` varchar(60) COLLATE utf8mb4_unicode_ci NOT NULL,
  `request` text COLLATE utf8mb4_unicode_ci,
  `action` varchar(120) COLLATE utf8mb4_unicode_ci NOT NULL,
  `user_agent` text COLLATE utf8mb4_unicode_ci,
  `ip_address` varchar(39) COLLATE utf8mb4_unicode_ci DEFAULT NULL,
  `reference_user` int unsigned NOT NULL,
  `reference_id` int unsigned NOT NULL,
  `reference_name` varchar(255) COLLATE utf8mb4_unicode_ci NOT NULL,
  `type` varchar(20) COLLATE utf8mb4_unicode_ci NOT NULL,
  `created_at` timestamp NULL DEFAULT NULL,
  `updated_at` timestamp NULL DEFAULT NULL,
  PRIMARY KEY (`id`),
  KEY `audit_histories_user_id_index` (`user_id`),
  KEY `audit_histories_module_index` (`module`)
) ENGINE=InnoDB DEFAULT CHARSET=utf8mb4 COLLATE=utf8mb4_unicode_ci;

--
-- Dumping data for table `audit_histories`
--


--
-- Table structure for table `categories`
--

CREATE TABLE `categories` (
  `id` bigint unsigned NOT NULL AUTO_INCREMENT,
  `name` varchar(120) COLLATE utf8mb4_unicode_ci NOT NULL,
  `parent_id` int unsigned NOT NULL DEFAULT '0',
  `description` varchar(400) COLLATE utf8mb4_unicode_ci DEFAULT NULL,
  `status` varchar(60) COLLATE utf8mb4_unicode_ci NOT NULL DEFAULT 'published',
  `author_id` int NOT NULL,
  `author_type` varchar(255) CHARACTER SET utf8mb4 COLLATE utf8mb4_unicode_ci NOT NULL DEFAULT 'Botble\\ACL\\Models\\User',
  `icon` varchar(60) COLLATE utf8mb4_unicode_ci DEFAULT NULL,
  `order` tinyint NOT NULL DEFAULT '0',
  `is_featured` tinyint NOT NULL DEFAULT '0',
  `is_default` tinyint unsigned NOT NULL DEFAULT '0',
  `created_at` timestamp NULL DEFAULT NULL,
  `updated_at` timestamp NULL DEFAULT NULL,
  PRIMARY KEY (`id`),
  KEY `parent_id` (`parent_id`),
  KEY `status` (`status`),
  KEY `created_at` (`created_at`)
) ENGINE=InnoDB AUTO_INCREMENT=5 DEFAULT CHARSET=utf8mb4 COLLATE=utf8mb4_unicode_ci;

--
-- Dumping data for table `categories`
--

INSERT INTO `categories` VALUES (1,'Ecommerce',0,'Perspiciatis perferendis atque quia eligendi quia consequatur. Optio et impedit ut cupiditate eaque est et. Consequuntur impedit aut dignissimos esse.','published',1,'Botble\\ACL\\Models\\User',NULL,0,0,1,'2022-09-22 01:26:49','2022-09-22 01:26:49'),(2,'Fashion',0,'Dolor fugiat et nihil enim sed qui magnam. Rem ipsum dignissimos qui. Sunt est corporis possimus odio.','published',1,'Botble\\ACL\\Models\\User',NULL,0,1,0,'2022-09-22 01:26:49','2022-09-22 01:26:49'),(3,'Electronic',0,'Et autem unde doloribus et. Velit a perferendis esse qui. Asperiores aspernatur neque commodi rerum.','published',1,'Botble\\ACL\\Models\\User',NULL,0,1,0,'2022-09-22 01:26:49','2022-09-22 01:26:49'),(4,'Commercial',0,'Eum natus quis rerum architecto. Placeat quo omnis et molestiae sequi voluptas consequatur non. Et occaecati est est quia expedita.','published',1,'Botble\\ACL\\Models\\User',NULL,0,1,0,'2022-09-22 01:26:49','2022-09-22 01:26:49');

--
-- Table structure for table `categories_translations`
--

CREATE TABLE `categories_translations` (
  `lang_code` varchar(191) COLLATE utf8mb4_unicode_ci NOT NULL,
  `categories_id` int NOT NULL,
  `name` varchar(255) COLLATE utf8mb4_unicode_ci DEFAULT NULL,
  `description` varchar(400) COLLATE utf8mb4_unicode_ci DEFAULT NULL,
  PRIMARY KEY (`lang_code`,`categories_id`)
) ENGINE=InnoDB DEFAULT CHARSET=utf8mb4 COLLATE=utf8mb4_unicode_ci;

--
-- Dumping data for table `categories_translations`
--

INSERT INTO `categories_translations` VALUES ('vi',1,'Thương mại điện tử',NULL),('vi',2,'Thời trang',NULL),('vi',3,'Điện tử',NULL),('vi',4,'Thương mại',NULL);

--
-- Table structure for table `cities`
--

CREATE TABLE `cities` (
  `id` bigint unsigned NOT NULL AUTO_INCREMENT,
  `name` varchar(120) COLLATE utf8mb4_unicode_ci NOT NULL,
  `state_id` int unsigned NOT NULL,
  `country_id` int unsigned DEFAULT NULL,
  `record_id` varchar(40) COLLATE utf8mb4_unicode_ci DEFAULT NULL,
  `order` tinyint NOT NULL DEFAULT '0',
  `is_default` tinyint unsigned NOT NULL DEFAULT '0',
  `status` varchar(60) COLLATE utf8mb4_unicode_ci NOT NULL DEFAULT 'published',
  `created_at` timestamp NULL DEFAULT NULL,
  `updated_at` timestamp NULL DEFAULT NULL,
  PRIMARY KEY (`id`)
) ENGINE=InnoDB DEFAULT CHARSET=utf8mb4 COLLATE=utf8mb4_unicode_ci;

--
-- Dumping data for table `cities`
--


--
-- Table structure for table `cities_translations`
--

CREATE TABLE `cities_translations` (
  `lang_code` varchar(191) COLLATE utf8mb4_unicode_ci NOT NULL,
  `cities_id` int NOT NULL,
  `name` varchar(120) COLLATE utf8mb4_unicode_ci DEFAULT NULL,
  PRIMARY KEY (`lang_code`,`cities_id`)
) ENGINE=InnoDB DEFAULT CHARSET=utf8mb4 COLLATE=utf8mb4_unicode_ci;

--
-- Dumping data for table `cities_translations`
--


--
-- Table structure for table `contact_replies`
--

CREATE TABLE `contact_replies` (
  `id` bigint unsigned NOT NULL AUTO_INCREMENT,
  `message` longtext COLLATE utf8mb4_unicode_ci NOT NULL,
  `contact_id` int NOT NULL,
  `created_at` timestamp NULL DEFAULT NULL,
  `updated_at` timestamp NULL DEFAULT NULL,
  PRIMARY KEY (`id`)
) ENGINE=InnoDB DEFAULT CHARSET=utf8mb4 COLLATE=utf8mb4_unicode_ci;

--
-- Dumping data for table `contact_replies`
--


--
-- Table structure for table `contacts`
--

CREATE TABLE `contacts` (
  `id` bigint unsigned NOT NULL AUTO_INCREMENT,
  `name` varchar(60) COLLATE utf8mb4_unicode_ci NOT NULL,
  `email` varchar(60) COLLATE utf8mb4_unicode_ci NOT NULL,
  `phone` varchar(60) COLLATE utf8mb4_unicode_ci DEFAULT NULL,
  `address` varchar(120) COLLATE utf8mb4_unicode_ci DEFAULT NULL,
  `subject` varchar(120) COLLATE utf8mb4_unicode_ci DEFAULT NULL,
  `content` longtext COLLATE utf8mb4_unicode_ci NOT NULL,
  `status` varchar(60) COLLATE utf8mb4_unicode_ci NOT NULL DEFAULT 'unread',
  `created_at` timestamp NULL DEFAULT NULL,
  `updated_at` timestamp NULL DEFAULT NULL,
  PRIMARY KEY (`id`)
) ENGINE=InnoDB DEFAULT CHARSET=utf8mb4 COLLATE=utf8mb4_unicode_ci;

--
-- Dumping data for table `contacts`
--


--
-- Table structure for table `countries`
--

CREATE TABLE `countries` (
  `id` bigint unsigned NOT NULL AUTO_INCREMENT,
  `name` varchar(120) COLLATE utf8mb4_unicode_ci NOT NULL,
  `nationality` varchar(120) CHARACTER SET utf8mb4 COLLATE utf8mb4_unicode_ci DEFAULT NULL,
  `order` tinyint NOT NULL DEFAULT '0',
  `is_default` tinyint unsigned NOT NULL DEFAULT '0',
  `status` varchar(60) COLLATE utf8mb4_unicode_ci NOT NULL DEFAULT 'published',
  `created_at` timestamp NULL DEFAULT NULL,
  `updated_at` timestamp NULL DEFAULT NULL,
  `code` varchar(10) COLLATE utf8mb4_unicode_ci DEFAULT NULL,
  PRIMARY KEY (`id`)
) ENGINE=InnoDB DEFAULT CHARSET=utf8mb4 COLLATE=utf8mb4_unicode_ci;

--
-- Dumping data for table `countries`
--


--
-- Table structure for table `countries_translations`
--

CREATE TABLE `countries_translations` (
  `lang_code` varchar(191) COLLATE utf8mb4_unicode_ci NOT NULL,
  `countries_id` int NOT NULL,
  `name` varchar(120) COLLATE utf8mb4_unicode_ci DEFAULT NULL,
  `nationality` varchar(120) COLLATE utf8mb4_unicode_ci DEFAULT NULL,
  PRIMARY KEY (`lang_code`,`countries_id`)
) ENGINE=InnoDB DEFAULT CHARSET=utf8mb4 COLLATE=utf8mb4_unicode_ci;

--
-- Dumping data for table `countries_translations`
--


--
-- Table structure for table `dashboard_widget_settings`
--

CREATE TABLE `dashboard_widget_settings` (
  `id` bigint unsigned NOT NULL AUTO_INCREMENT,
  `settings` text COLLATE utf8mb4_unicode_ci,
  `user_id` int unsigned NOT NULL,
  `widget_id` int unsigned NOT NULL,
  `order` tinyint unsigned NOT NULL DEFAULT '0',
  `status` tinyint unsigned NOT NULL DEFAULT '1',
  `created_at` timestamp NULL DEFAULT NULL,
  `updated_at` timestamp NULL DEFAULT NULL,
  PRIMARY KEY (`id`),
  KEY `dashboard_widget_settings_user_id_index` (`user_id`),
  KEY `dashboard_widget_settings_widget_id_index` (`widget_id`)
) ENGINE=InnoDB DEFAULT CHARSET=utf8mb4 COLLATE=utf8mb4_unicode_ci;

--
-- Dumping data for table `dashboard_widget_settings`
--


--
-- Table structure for table `dashboard_widgets`
--

CREATE TABLE `dashboard_widgets` (
  `id` bigint unsigned NOT NULL AUTO_INCREMENT,
  `name` varchar(120) COLLATE utf8mb4_unicode_ci NOT NULL,
  `created_at` timestamp NULL DEFAULT NULL,
  `updated_at` timestamp NULL DEFAULT NULL,
  PRIMARY KEY (`id`)
) ENGINE=InnoDB DEFAULT CHARSET=utf8mb4 COLLATE=utf8mb4_unicode_ci;

--
-- Dumping data for table `dashboard_widgets`
--


--
-- Table structure for table `ec_brands`
--

CREATE TABLE `ec_brands` (
  `id` bigint unsigned NOT NULL AUTO_INCREMENT,
  `name` varchar(191) COLLATE utf8mb4_unicode_ci NOT NULL,
  `description` mediumtext COLLATE utf8mb4_unicode_ci,
  `website` varchar(255) COLLATE utf8mb4_unicode_ci DEFAULT NULL,
  `logo` varchar(255) COLLATE utf8mb4_unicode_ci DEFAULT NULL,
  `status` varchar(60) COLLATE utf8mb4_unicode_ci NOT NULL DEFAULT 'published',
  `order` tinyint unsigned NOT NULL DEFAULT '0',
  `is_featured` tinyint unsigned NOT NULL DEFAULT '0',
  `created_at` timestamp NULL DEFAULT NULL,
  `updated_at` timestamp NULL DEFAULT NULL,
  PRIMARY KEY (`id`)
) ENGINE=InnoDB AUTO_INCREMENT=8 DEFAULT CHARSET=utf8mb4 COLLATE=utf8mb4_unicode_ci;

--
-- Dumping data for table `ec_brands`
--

INSERT INTO `ec_brands` VALUES (1,'Perxsion',NULL,NULL,NULL,'published',0,1,'2022-09-22 01:25:29','2022-09-22 01:25:29'),(2,'Hiching',NULL,NULL,NULL,'published',1,1,'2022-09-22 01:25:29','2022-09-22 01:25:29'),(3,'Kepslo',NULL,NULL,NULL,'published',2,1,'2022-09-22 01:25:29','2022-09-22 01:25:29'),(4,'Groneba',NULL,NULL,NULL,'published',3,1,'2022-09-22 01:25:29','2022-09-22 01:25:29'),(5,'Babian',NULL,NULL,NULL,'published',4,1,'2022-09-22 01:25:29','2022-09-22 01:25:29'),(6,'Valorant',NULL,NULL,NULL,'published',5,1,'2022-09-22 01:25:29','2022-09-22 01:25:29'),(7,'Pure',NULL,NULL,NULL,'published',6,1,'2022-09-22 01:25:29','2022-09-22 01:25:29');

--
-- Table structure for table `ec_brands_translations`
--

CREATE TABLE `ec_brands_translations` (
  `lang_code` varchar(191) COLLATE utf8mb4_unicode_ci NOT NULL,
  `ec_brands_id` int NOT NULL,
  `name` varchar(191) COLLATE utf8mb4_unicode_ci DEFAULT NULL,
  `description` varchar(191) COLLATE utf8mb4_unicode_ci DEFAULT NULL,
  PRIMARY KEY (`lang_code`,`ec_brands_id`)
) ENGINE=InnoDB DEFAULT CHARSET=utf8mb4 COLLATE=utf8mb4_unicode_ci;

--
-- Dumping data for table `ec_brands_translations`
--

INSERT INTO `ec_brands_translations` VALUES ('vi',1,'Perxsion',NULL),('vi',2,'Hiching',NULL),('vi',3,'Kepslo',NULL),('vi',4,'Groneba',NULL),('vi',5,'Babian',NULL),('vi',6,'Valorant',NULL),('vi',7,'Pure',NULL);

--
-- Table structure for table `ec_cart`
--

CREATE TABLE `ec_cart` (
  `identifier` varchar(191) COLLATE utf8mb4_unicode_ci NOT NULL,
  `instance` varchar(191) COLLATE utf8mb4_unicode_ci NOT NULL,
  `content` longtext COLLATE utf8mb4_unicode_ci NOT NULL,
  `created_at` timestamp NULL DEFAULT NULL,
  `updated_at` timestamp NULL DEFAULT NULL,
  PRIMARY KEY (`identifier`,`instance`)
) ENGINE=InnoDB DEFAULT CHARSET=utf8mb4 COLLATE=utf8mb4_unicode_ci;

--
-- Dumping data for table `ec_cart`
--


--
-- Table structure for table `ec_currencies`
--

CREATE TABLE `ec_currencies` (
  `id` bigint unsigned NOT NULL AUTO_INCREMENT,
  `title` varchar(191) COLLATE utf8mb4_unicode_ci NOT NULL,
  `symbol` varchar(10) COLLATE utf8mb4_unicode_ci NOT NULL,
  `is_prefix_symbol` tinyint unsigned NOT NULL DEFAULT '0',
  `decimals` tinyint unsigned DEFAULT '0',
  `order` int unsigned DEFAULT '0',
  `is_default` tinyint NOT NULL DEFAULT '0',
  `exchange_rate` double NOT NULL DEFAULT '1',
  `created_at` timestamp NULL DEFAULT NULL,
  `updated_at` timestamp NULL DEFAULT NULL,
  PRIMARY KEY (`id`)
) ENGINE=InnoDB AUTO_INCREMENT=4 DEFAULT CHARSET=utf8mb4 COLLATE=utf8mb4_unicode_ci;

--
-- Dumping data for table `ec_currencies`
--

INSERT INTO `ec_currencies` VALUES (1,'USD','$',1,2,0,1,1,'2022-09-22 01:25:29','2022-09-22 01:25:29'),(2,'EUR','€',0,2,1,0,0.84,'2022-09-22 01:25:29','2022-09-22 01:25:29'),(3,'VND','₫',0,0,2,0,23203,'2022-09-22 01:25:29','2022-09-22 01:25:29');

--
-- Table structure for table `ec_customer_addresses`
--

CREATE TABLE `ec_customer_addresses` (
  `id` bigint unsigned NOT NULL AUTO_INCREMENT,
  `name` varchar(191) COLLATE utf8mb4_unicode_ci NOT NULL,
  `email` varchar(60) COLLATE utf8mb4_unicode_ci DEFAULT NULL,
  `phone` varchar(20) CHARACTER SET utf8mb4 COLLATE utf8mb4_unicode_ci DEFAULT NULL,
  `country` varchar(120) COLLATE utf8mb4_unicode_ci DEFAULT NULL,
  `state` varchar(120) COLLATE utf8mb4_unicode_ci DEFAULT NULL,
  `city` varchar(120) COLLATE utf8mb4_unicode_ci DEFAULT NULL,
  `address` varchar(191) COLLATE utf8mb4_unicode_ci NOT NULL,
  `customer_id` int unsigned NOT NULL,
  `is_default` tinyint unsigned NOT NULL DEFAULT '0',
  `created_at` timestamp NULL DEFAULT NULL,
  `updated_at` timestamp NULL DEFAULT NULL,
  `zip_code` varchar(20) COLLATE utf8mb4_unicode_ci DEFAULT NULL,
  PRIMARY KEY (`id`)
) ENGINE=InnoDB AUTO_INCREMENT=13 DEFAULT CHARSET=utf8mb4 COLLATE=utf8mb4_unicode_ci;

--
-- Dumping data for table `ec_customer_addresses`
--

INSERT INTO `ec_customer_addresses` VALUES (1,'Sammie Howell','customer@botble.com','+16156649870','DK','Iowa','Port Adrianna','82808 Tyshawn Row',1,1,'2022-09-22 01:26:11','2022-09-22 01:26:11','16741'),(2,'Sammie Howell','customer@botble.com','+15314579576','SG','West Virginia','West Bernhardfurt','647 Omer Ranch',1,0,'2022-09-22 01:26:11','2022-09-22 01:26:11','09440-9025'),(3,'Mr. Gregorio Medhurst','vendor@botble.com','+18649502555','GP','South Dakota','Bradfordside','2750 Cremin Rapids Apt. 980',2,1,'2022-09-22 01:26:11','2022-09-22 01:26:11','02626-0092'),(4,'Mr. Gregorio Medhurst','vendor@botble.com','+12319536062','DE','Delaware','Keaganberg','10524 Rutherford Highway Suite 670',2,0,'2022-09-22 01:26:11','2022-09-22 01:26:11','21482-6898'),(5,'Mr. Andres Littel','louisa.glover@example.com','+14259427690','PM','Massachusetts','New Verla','893 Hirthe Fords Suite 378',3,1,'2022-09-22 01:26:11','2022-09-22 01:26:11','55092-2857'),(6,'Virgil Beahan','gaston.dickinson@example.org','+17472210814','IQ','California','Arnaldofurt','9797 Tromp Stravenue',4,1,'2022-09-22 01:26:12','2022-09-22 01:26:12','63616-0220'),(7,'Maria Schultz','ava.glover@example.net','+17603289928','NP','Colorado','East Itzel','7566 Sigmund Harbor Apt. 710',5,1,'2022-09-22 01:26:12','2022-09-22 01:26:12','09493'),(8,'Nikita Nikolaus','qgleichner@example.net','+15135279923','JM','Colorado','Rohanberg','44906 Rippin Village',6,1,'2022-09-22 01:26:12','2022-09-22 01:26:12','77631-9961'),(9,'Stefanie Rice','owindler@example.net','+19473101664','AR','New York','Murphyland','86848 Cordelia Alley Apt. 989',7,1,'2022-09-22 01:26:12','2022-09-22 01:26:12','78032-5738'),(10,'Dr. Cecelia Smith PhD','vwunsch@example.com','+18705301568','KR','Vermont','Hegmannberg','710 Wintheiser Plain Suite 295',8,1,'2022-09-22 01:26:12','2022-09-22 01:26:12','76229'),(11,'Mrs. Eryn Ziemann','marilou.okon@example.com','+12697706188','SE','Connecticut','Port Alvinachester','418 Marquardt Islands Suite 814',9,1,'2022-09-22 01:26:13','2022-09-22 01:26:13','41766-6543'),(12,'Bennie Brown','sage.king@example.org','+14425900635','AM','New Jersey','West Piperburgh','144 Schuppe Trail',10,1,'2022-09-22 01:26:13','2022-09-22 01:26:13','65382');

--
-- Table structure for table `ec_customer_password_resets`
--

CREATE TABLE `ec_customer_password_resets` (
  `email` varchar(191) COLLATE utf8mb4_unicode_ci NOT NULL,
  `token` varchar(191) COLLATE utf8mb4_unicode_ci NOT NULL,
  `created_at` timestamp NULL DEFAULT NULL,
  KEY `ec_customer_password_resets_email_index` (`email`),
  KEY `ec_customer_password_resets_token_index` (`token`)
) ENGINE=InnoDB DEFAULT CHARSET=utf8mb4 COLLATE=utf8mb4_unicode_ci;

--
-- Dumping data for table `ec_customer_password_resets`
--


--
-- Table structure for table `ec_customer_recently_viewed_products`
--

CREATE TABLE `ec_customer_recently_viewed_products` (
  `id` bigint unsigned NOT NULL AUTO_INCREMENT,
  `customer_id` int unsigned NOT NULL,
  `product_id` int unsigned NOT NULL,
  PRIMARY KEY (`id`)
) ENGINE=InnoDB DEFAULT CHARSET=utf8mb4 COLLATE=utf8mb4_unicode_ci;

--
-- Dumping data for table `ec_customer_recently_viewed_products`
--


--
-- Table structure for table `ec_discount_customers`
--

CREATE TABLE `ec_discount_customers` (
  `discount_id` int unsigned NOT NULL,
  `customer_id` int unsigned NOT NULL,
  PRIMARY KEY (`discount_id`,`customer_id`)
) ENGINE=InnoDB DEFAULT CHARSET=utf8mb4 COLLATE=utf8mb4_unicode_ci;

--
-- Dumping data for table `ec_discount_customers`
--


--
-- Table structure for table `ec_discount_product_collections`
--

CREATE TABLE `ec_discount_product_collections` (
  `discount_id` int unsigned NOT NULL,
  `product_collection_id` int unsigned NOT NULL,
  PRIMARY KEY (`discount_id`,`product_collection_id`)
) ENGINE=InnoDB DEFAULT CHARSET=utf8mb4 COLLATE=utf8mb4_unicode_ci;

--
-- Dumping data for table `ec_discount_product_collections`
--


--
-- Table structure for table `ec_discount_products`
--

CREATE TABLE `ec_discount_products` (
  `discount_id` int unsigned NOT NULL,
  `product_id` int unsigned NOT NULL,
  PRIMARY KEY (`discount_id`,`product_id`)
) ENGINE=InnoDB DEFAULT CHARSET=utf8mb4 COLLATE=utf8mb4_unicode_ci;

--
-- Dumping data for table `ec_discount_products`
--


--
-- Table structure for table `ec_discounts`
--

CREATE TABLE `ec_discounts` (
  `id` bigint unsigned NOT NULL AUTO_INCREMENT,
  `title` varchar(120) COLLATE utf8mb4_unicode_ci DEFAULT NULL,
  `code` varchar(20) COLLATE utf8mb4_unicode_ci DEFAULT NULL,
  `start_date` datetime DEFAULT NULL,
  `end_date` datetime DEFAULT NULL,
  `quantity` int DEFAULT NULL,
  `total_used` int unsigned NOT NULL DEFAULT '0',
  `value` double DEFAULT NULL,
  `type` varchar(60) COLLATE utf8mb4_unicode_ci DEFAULT 'coupon',
  `can_use_with_promotion` tinyint(1) NOT NULL DEFAULT '0',
  `discount_on` varchar(20) COLLATE utf8mb4_unicode_ci DEFAULT NULL,
  `product_quantity` int unsigned DEFAULT NULL,
  `type_option` varchar(100) COLLATE utf8mb4_unicode_ci NOT NULL DEFAULT 'amount',
  `target` varchar(100) COLLATE utf8mb4_unicode_ci NOT NULL DEFAULT 'all-orders',
  `min_order_price` decimal(15,2) DEFAULT NULL,
  `created_at` timestamp NULL DEFAULT NULL,
  `updated_at` timestamp NULL DEFAULT NULL,
  `store_id` int unsigned DEFAULT NULL,
  PRIMARY KEY (`id`),
  UNIQUE KEY `ec_discounts_code_unique` (`code`)
) ENGINE=InnoDB DEFAULT CHARSET=utf8mb4 COLLATE=utf8mb4_unicode_ci;

--
-- Dumping data for table `ec_discounts`
--


--
-- Table structure for table `ec_flash_sale_products`
--

CREATE TABLE `ec_flash_sale_products` (
  `flash_sale_id` int unsigned NOT NULL,
  `product_id` int unsigned NOT NULL,
  `price` double unsigned DEFAULT NULL,
  `quantity` int unsigned DEFAULT NULL,
  `sold` int unsigned NOT NULL DEFAULT '0'
) ENGINE=InnoDB DEFAULT CHARSET=utf8mb4 COLLATE=utf8mb4_unicode_ci;

--
-- Dumping data for table `ec_flash_sale_products`
--

INSERT INTO `ec_flash_sale_products` VALUES (1,13,110.88,14,1),(2,19,96.25,17,4),(3,18,71.98,10,3),(4,2,212.22,19,4),(5,18,80.52,15,5),(6,1,107.78,13,1),(6,2,137.55,8,5),(6,3,159.36,6,5),(6,4,23.166,17,5),(6,5,36.66,16,4),(6,6,19.8,17,5),(6,7,100,15,5),(6,8,64.896,20,4),(6,9,52.9,8,1),(6,10,288.3,11,1),(6,11,53.34,8,3),(6,12,26.862,14,2),(6,13,100.8,17,1),(6,14,50,17,3),(6,15,48.4,16,1),(6,16,34.944,12,2),(6,17,100.32,9,2),(6,18,36.6,19,2),(6,19,42.5,10,1),(6,20,61.087,16,2);

--
-- Table structure for table `ec_flash_sales`
--

CREATE TABLE `ec_flash_sales` (
  `id` bigint unsigned NOT NULL AUTO_INCREMENT,
  `name` varchar(255) COLLATE utf8mb4_unicode_ci NOT NULL,
  `end_date` datetime NOT NULL,
  `status` varchar(60) COLLATE utf8mb4_unicode_ci NOT NULL DEFAULT 'published',
  `created_at` timestamp NULL DEFAULT NULL,
  `updated_at` timestamp NULL DEFAULT NULL,
  PRIMARY KEY (`id`)
) ENGINE=InnoDB AUTO_INCREMENT=7 DEFAULT CHARSET=utf8mb4 COLLATE=utf8mb4_unicode_ci;

--
-- Dumping data for table `ec_flash_sales`
--

INSERT INTO `ec_flash_sales` VALUES (1,'Deal of the Day','2022-11-07 00:00:00','published','2022-09-22 01:26:17','2022-09-22 01:26:17'),(2,'Flash sale 2','2022-10-31 00:00:00','published','2022-09-22 01:26:18','2022-09-22 01:26:18'),(3,'Flash sale 3','2022-11-11 00:00:00','published','2022-09-22 01:26:18','2022-09-22 01:26:18'),(4,'Flash sale 4','2022-11-05 00:00:00','published','2022-09-22 01:26:18','2022-09-22 01:26:18'),(5,'Flash sale 5','2022-10-22 00:00:00','published','2022-09-22 01:26:18','2022-09-22 01:26:18'),(6,'Daily Best Sales','2022-10-22 00:00:00','published','2022-09-22 01:26:18','2022-09-22 01:26:18');

--
-- Table structure for table `ec_flash_sales_translations`
--

CREATE TABLE `ec_flash_sales_translations` (
  `lang_code` varchar(191) COLLATE utf8mb4_unicode_ci NOT NULL,
  `ec_flash_sales_id` int NOT NULL,
  `name` varchar(191) COLLATE utf8mb4_unicode_ci DEFAULT NULL,
  PRIMARY KEY (`lang_code`,`ec_flash_sales_id`)
) ENGINE=InnoDB DEFAULT CHARSET=utf8mb4 COLLATE=utf8mb4_unicode_ci;

--
-- Dumping data for table `ec_flash_sales_translations`
--

INSERT INTO `ec_flash_sales_translations` VALUES ('vi',1,'Ưu đãi trong ngày'),('vi',2,'Khuyến mãi 2'),('vi',3,'Khuyến mãi 3'),('vi',4,'Khuyến mãi 4'),('vi',5,'Khuyến mãi 5'),('vi',6,'Bán tốt nhất hàng ngày');

--
-- Table structure for table `ec_grouped_products`
--

CREATE TABLE `ec_grouped_products` (
  `id` bigint unsigned NOT NULL AUTO_INCREMENT,
  `parent_product_id` int unsigned NOT NULL,
  `product_id` int unsigned NOT NULL,
  `fixed_qty` int NOT NULL DEFAULT '1',
  PRIMARY KEY (`id`)
) ENGINE=InnoDB DEFAULT CHARSET=utf8mb4 COLLATE=utf8mb4_unicode_ci;

--
-- Dumping data for table `ec_grouped_products`
--


--
-- Table structure for table `ec_order_addresses`
--

CREATE TABLE `ec_order_addresses` (
  `id` bigint unsigned NOT NULL AUTO_INCREMENT,
  `name` varchar(191) COLLATE utf8mb4_unicode_ci NOT NULL,
  `phone` varchar(20) COLLATE utf8mb4_unicode_ci DEFAULT NULL,
  `email` varchar(191) COLLATE utf8mb4_unicode_ci DEFAULT NULL,
  `country` varchar(120) COLLATE utf8mb4_unicode_ci DEFAULT NULL,
  `state` varchar(120) COLLATE utf8mb4_unicode_ci DEFAULT NULL,
  `city` varchar(120) COLLATE utf8mb4_unicode_ci DEFAULT NULL,
  `address` varchar(255) COLLATE utf8mb4_unicode_ci DEFAULT NULL,
  `order_id` int unsigned NOT NULL,
  `zip_code` varchar(20) COLLATE utf8mb4_unicode_ci DEFAULT NULL,
  `type` varchar(60) COLLATE utf8mb4_unicode_ci NOT NULL DEFAULT 'shipping_address',
  PRIMARY KEY (`id`)
) ENGINE=InnoDB AUTO_INCREMENT=50 DEFAULT CHARSET=utf8mb4 COLLATE=utf8mb4_unicode_ci;

--
-- Dumping data for table `ec_order_addresses`
--

INSERT INTO `ec_order_addresses` VALUES (1,'Sammie Howell','+16156649870','customer@botble.com','DK','Iowa','Port Adrianna','82808 Tyshawn Row',1,'16741','shipping_address'),(2,'Sammie Howell','+16156649870','customer@botble.com','DK','Iowa','Port Adrianna','82808 Tyshawn Row',2,'16741','shipping_address'),(3,'Maria Schultz','+17603289928','ava.glover@example.net','NP','Colorado','East Itzel','7566 Sigmund Harbor Apt. 710',3,'09493','shipping_address'),(4,'Maria Schultz','+17603289928','ava.glover@example.net','NP','Colorado','East Itzel','7566 Sigmund Harbor Apt. 710',4,'09493','shipping_address'),(5,'Maria Schultz','+17603289928','ava.glover@example.net','NP','Colorado','East Itzel','7566 Sigmund Harbor Apt. 710',5,'09493','shipping_address'),(6,'Nikita Nikolaus','+15135279923','qgleichner@example.net','JM','Colorado','Rohanberg','44906 Rippin Village',6,'77631-9961','shipping_address'),(7,'Nikita Nikolaus','+15135279923','qgleichner@example.net','JM','Colorado','Rohanberg','44906 Rippin Village',7,'77631-9961','shipping_address'),(8,'Nikita Nikolaus','+15135279923','qgleichner@example.net','JM','Colorado','Rohanberg','44906 Rippin Village',8,'77631-9961','shipping_address'),(9,'Sammie Howell','+16156649870','customer@botble.com','DK','Iowa','Port Adrianna','82808 Tyshawn Row',9,'16741','shipping_address'),(10,'Sammie Howell','+16156649870','customer@botble.com','DK','Iowa','Port Adrianna','82808 Tyshawn Row',10,'16741','shipping_address'),(11,'Maria Schultz','+17603289928','ava.glover@example.net','NP','Colorado','East Itzel','7566 Sigmund Harbor Apt. 710',11,'09493','shipping_address'),(12,'Maria Schultz','+17603289928','ava.glover@example.net','NP','Colorado','East Itzel','7566 Sigmund Harbor Apt. 710',12,'09493','shipping_address'),(13,'Sammie Howell','+16156649870','customer@botble.com','DK','Iowa','Port Adrianna','82808 Tyshawn Row',13,'16741','shipping_address'),(14,'Sammie Howell','+16156649870','customer@botble.com','DK','Iowa','Port Adrianna','82808 Tyshawn Row',14,'16741','shipping_address'),(15,'Sammie Howell','+16156649870','customer@botble.com','DK','Iowa','Port Adrianna','82808 Tyshawn Row',15,'16741','shipping_address'),(16,'Sammie Howell','+16156649870','customer@botble.com','DK','Iowa','Port Adrianna','82808 Tyshawn Row',16,'16741','shipping_address'),(17,'Sammie Howell','+16156649870','customer@botble.com','DK','Iowa','Port Adrianna','82808 Tyshawn Row',17,'16741','shipping_address'),(18,'Sammie Howell','+16156649870','customer@botble.com','DK','Iowa','Port Adrianna','82808 Tyshawn Row',18,'16741','shipping_address'),(19,'Sammie Howell','+16156649870','customer@botble.com','DK','Iowa','Port Adrianna','82808 Tyshawn Row',19,'16741','shipping_address'),(20,'Maria Schultz','+17603289928','ava.glover@example.net','NP','Colorado','East Itzel','7566 Sigmund Harbor Apt. 710',20,'09493','shipping_address'),(21,'Maria Schultz','+17603289928','ava.glover@example.net','NP','Colorado','East Itzel','7566 Sigmund Harbor Apt. 710',21,'09493','shipping_address'),(22,'Maria Schultz','+17603289928','ava.glover@example.net','NP','Colorado','East Itzel','7566 Sigmund Harbor Apt. 710',22,'09493','shipping_address'),(23,'Sammie Howell','+16156649870','customer@botble.com','DK','Iowa','Port Adrianna','82808 Tyshawn Row',23,'16741','shipping_address'),(24,'Sammie Howell','+16156649870','customer@botble.com','DK','Iowa','Port Adrianna','82808 Tyshawn Row',24,'16741','shipping_address'),(25,'Sammie Howell','+16156649870','customer@botble.com','DK','Iowa','Port Adrianna','82808 Tyshawn Row',25,'16741','shipping_address'),(26,'Sammie Howell','+16156649870','customer@botble.com','DK','Iowa','Port Adrianna','82808 Tyshawn Row',26,'16741','shipping_address'),(27,'Sammie Howell','+16156649870','customer@botble.com','DK','Iowa','Port Adrianna','82808 Tyshawn Row',27,'16741','shipping_address'),(28,'Maria Schultz','+17603289928','ava.glover@example.net','NP','Colorado','East Itzel','7566 Sigmund Harbor Apt. 710',28,'09493','shipping_address'),(29,'Maria Schultz','+17603289928','ava.glover@example.net','NP','Colorado','East Itzel','7566 Sigmund Harbor Apt. 710',29,'09493','shipping_address'),(30,'Maria Schultz','+17603289928','ava.glover@example.net','NP','Colorado','East Itzel','7566 Sigmund Harbor Apt. 710',30,'09493','shipping_address'),(31,'Maria Schultz','+17603289928','ava.glover@example.net','NP','Colorado','East Itzel','7566 Sigmund Harbor Apt. 710',31,'09493','shipping_address'),(32,'Maria Schultz','+17603289928','ava.glover@example.net','NP','Colorado','East Itzel','7566 Sigmund Harbor Apt. 710',32,'09493','shipping_address'),(33,'Sammie Howell','+16156649870','customer@botble.com','DK','Iowa','Port Adrianna','82808 Tyshawn Row',33,'16741','shipping_address'),(34,'Sammie Howell','+16156649870','customer@botble.com','DK','Iowa','Port Adrianna','82808 Tyshawn Row',34,'16741','shipping_address'),(35,'Maria Schultz','+17603289928','ava.glover@example.net','NP','Colorado','East Itzel','7566 Sigmund Harbor Apt. 710',35,'09493','shipping_address'),(36,'Maria Schultz','+17603289928','ava.glover@example.net','NP','Colorado','East Itzel','7566 Sigmund Harbor Apt. 710',36,'09493','shipping_address'),(37,'Maria Schultz','+17603289928','ava.glover@example.net','NP','Colorado','East Itzel','7566 Sigmund Harbor Apt. 710',37,'09493','shipping_address'),(38,'Maria Schultz','+17603289928','ava.glover@example.net','NP','Colorado','East Itzel','7566 Sigmund Harbor Apt. 710',38,'09493','shipping_address'),(39,'Maria Schultz','+17603289928','ava.glover@example.net','NP','Colorado','East Itzel','7566 Sigmund Harbor Apt. 710',39,'09493','shipping_address'),(40,'Maria Schultz','+17603289928','ava.glover@example.net','NP','Colorado','East Itzel','7566 Sigmund Harbor Apt. 710',40,'09493','shipping_address'),(41,'Maria Schultz','+17603289928','ava.glover@example.net','NP','Colorado','East Itzel','7566 Sigmund Harbor Apt. 710',41,'09493','shipping_address'),(42,'Maria Schultz','+17603289928','ava.glover@example.net','NP','Colorado','East Itzel','7566 Sigmund Harbor Apt. 710',42,'09493','shipping_address'),(43,'Maria Schultz','+17603289928','ava.glover@example.net','NP','Colorado','East Itzel','7566 Sigmund Harbor Apt. 710',43,'09493','shipping_address'),(44,'Sammie Howell','+16156649870','customer@botble.com','DK','Iowa','Port Adrianna','82808 Tyshawn Row',44,'16741','shipping_address'),(45,'Sammie Howell','+16156649870','customer@botble.com','DK','Iowa','Port Adrianna','82808 Tyshawn Row',45,'16741','shipping_address'),(46,'Maria Schultz','+17603289928','ava.glover@example.net','NP','Colorado','East Itzel','7566 Sigmund Harbor Apt. 710',46,'09493','shipping_address'),(47,'Maria Schultz','+17603289928','ava.glover@example.net','NP','Colorado','East Itzel','7566 Sigmund Harbor Apt. 710',47,'09493','shipping_address'),(48,'Sammie Howell','+16156649870','customer@botble.com','DK','Iowa','Port Adrianna','82808 Tyshawn Row',48,'16741','shipping_address'),(49,'Sammie Howell','+16156649870','customer@botble.com','DK','Iowa','Port Adrianna','82808 Tyshawn Row',49,'16741','shipping_address');

--
-- Table structure for table `ec_order_histories`
--

CREATE TABLE `ec_order_histories` (
  `id` bigint unsigned NOT NULL AUTO_INCREMENT,
  `action` varchar(120) COLLATE utf8mb4_unicode_ci NOT NULL,
  `description` varchar(255) COLLATE utf8mb4_unicode_ci NOT NULL,
  `user_id` int unsigned DEFAULT NULL,
  `order_id` int unsigned NOT NULL,
  `extras` text COLLATE utf8mb4_unicode_ci,
  `created_at` timestamp NULL DEFAULT NULL,
  `updated_at` timestamp NULL DEFAULT NULL,
  PRIMARY KEY (`id`)
) ENGINE=InnoDB AUTO_INCREMENT=220 DEFAULT CHARSET=utf8mb4 COLLATE=utf8mb4_unicode_ci;

--
-- Dumping data for table `ec_order_histories`
--

INSERT INTO `ec_order_histories` VALUES (1,'create_order_from_seeder','Order is created from the checkout page',NULL,1,NULL,'2022-09-13 17:27:41','2022-09-13 17:27:41'),(2,'confirm_order','Order was verified by %user_name%',0,1,NULL,'2022-09-13 17:27:41','2022-09-13 17:27:41'),(3,'confirm_payment','Payment was confirmed (amount $825.30) by %user_name%',0,1,NULL,'2022-09-22 01:27:43','2022-09-22 01:27:43'),(4,'create_shipment','Created shipment for order',0,1,NULL,'2022-09-22 01:27:43','2022-09-22 01:27:43'),(5,'update_status','Changed status of shipping to: Delivered. Updated by: %user_name%',0,1,NULL,'2022-09-22 01:27:43','2022-09-22 01:27:43'),(6,'create_order_from_seeder','Order is created from the checkout page',NULL,2,NULL,'2022-09-18 17:27:43','2022-09-18 17:27:43'),(7,'confirm_order','Order was verified by %user_name%',0,2,NULL,'2022-09-18 17:27:43','2022-09-18 17:27:43'),(8,'create_shipment','Created shipment for order',0,2,NULL,'2022-09-22 01:27:43','2022-09-22 01:27:43'),(9,'update_status','Changed status of shipping to: Delivered. Updated by: %user_name%',0,2,NULL,'2022-09-22 01:27:43','2022-09-22 01:27:43'),(10,'create_order_from_seeder','Order is created from the checkout page',NULL,3,NULL,'2022-09-20 11:27:43','2022-09-20 11:27:43'),(11,'confirm_order','Order was verified by %user_name%',0,3,NULL,'2022-09-20 11:27:43','2022-09-20 11:27:43'),(12,'confirm_payment','Payment was confirmed (amount $186.00) by %user_name%',0,3,NULL,'2022-09-22 01:27:43','2022-09-22 01:27:43'),(13,'create_shipment','Created shipment for order',0,3,NULL,'2022-09-22 01:27:43','2022-09-22 01:27:43'),(14,'update_status','Changed status of shipping to: Delivered. Updated by: %user_name%',0,3,NULL,'2022-09-22 01:27:43','2022-09-22 01:27:43'),(15,'create_order_from_seeder','Order is created from the checkout page',NULL,4,NULL,'2022-09-18 21:27:43','2022-09-18 21:27:43'),(16,'confirm_order','Order was verified by %user_name%',0,4,NULL,'2022-09-18 21:27:43','2022-09-18 21:27:43'),(17,'confirm_payment','Payment was confirmed (amount $395.30) by %user_name%',0,4,NULL,'2022-09-22 01:27:43','2022-09-22 01:27:43'),(18,'create_shipment','Created shipment for order',0,4,NULL,'2022-09-22 01:27:43','2022-09-22 01:27:43'),(19,'create_order_from_seeder','Order is created from the checkout page',NULL,5,NULL,'2022-09-09 09:27:43','2022-09-09 09:27:43'),(20,'confirm_order','Order was verified by %user_name%',0,5,NULL,'2022-09-09 09:27:43','2022-09-09 09:27:43'),(21,'create_shipment','Created shipment for order',0,5,NULL,'2022-09-22 01:27:43','2022-09-22 01:27:43'),(22,'update_status','Changed status of shipping to: Delivered. Updated by: %user_name%',0,5,NULL,'2022-09-22 01:27:43','2022-09-22 01:27:43'),(23,'create_order_from_seeder','Order is created from the checkout page',NULL,6,NULL,'2022-09-19 01:27:43','2022-09-19 01:27:43'),(24,'confirm_order','Order was verified by %user_name%',0,6,NULL,'2022-09-19 01:27:43','2022-09-19 01:27:43'),(25,'confirm_payment','Payment was confirmed (amount $241.80) by %user_name%',0,6,NULL,'2022-09-22 01:27:43','2022-09-22 01:27:43'),(26,'create_shipment','Created shipment for order',0,6,NULL,'2022-09-22 01:27:43','2022-09-22 01:27:43'),(27,'create_order_from_seeder','Order is created from the checkout page',NULL,7,NULL,'2022-09-19 01:27:44','2022-09-19 01:27:44'),(28,'confirm_order','Order was verified by %user_name%',0,7,NULL,'2022-09-19 01:27:44','2022-09-19 01:27:44'),(29,'create_shipment','Created shipment for order',0,7,NULL,'2022-09-22 01:27:47','2022-09-22 01:27:47'),(30,'create_order_from_seeder','Order is created from the checkout page',NULL,8,NULL,'2022-09-08 13:27:47','2022-09-08 13:27:47'),(31,'confirm_order','Order was verified by %user_name%',0,8,NULL,'2022-09-08 13:27:47','2022-09-08 13:27:47'),(32,'create_shipment','Created shipment for order',0,8,NULL,'2022-09-22 01:27:47','2022-09-22 01:27:47'),(33,'update_status','Changed status of shipping to: Delivered. Updated by: %user_name%',0,8,NULL,'2022-09-22 01:27:47','2022-09-22 01:27:47'),(34,'create_order_from_seeder','Order is created from the checkout page',NULL,9,NULL,'2022-09-09 07:27:47','2022-09-09 07:27:47'),(35,'confirm_order','Order was verified by %user_name%',0,9,NULL,'2022-09-09 07:27:47','2022-09-09 07:27:47'),(36,'create_shipment','Created shipment for order',0,9,NULL,'2022-09-22 01:27:48','2022-09-22 01:27:48'),(37,'update_status','Changed status of shipping to: Delivered. Updated by: %user_name%',0,9,NULL,'2022-09-22 01:27:48','2022-09-22 01:27:48'),(38,'create_order_from_seeder','Order is created from the checkout page',NULL,10,NULL,'2022-09-07 21:27:48','2022-09-07 21:27:48'),(39,'confirm_order','Order was verified by %user_name%',0,10,NULL,'2022-09-07 21:27:48','2022-09-07 21:27:48'),(40,'create_shipment','Created shipment for order',0,10,NULL,'2022-09-22 01:27:49','2022-09-22 01:27:49'),(41,'update_status','Changed status of shipping to: Delivered. Updated by: %user_name%',0,10,NULL,'2022-09-22 01:27:49','2022-09-22 01:27:49'),(42,'create_order_from_seeder','Order is created from the checkout page',NULL,11,NULL,'2022-09-14 01:27:49','2022-09-14 01:27:49'),(43,'confirm_order','Order was verified by %user_name%',0,11,NULL,'2022-09-14 01:27:49','2022-09-14 01:27:49'),(44,'confirm_payment','Payment was confirmed (amount $139.70) by %user_name%',0,11,NULL,'2022-09-22 01:27:50','2022-09-22 01:27:50'),(45,'create_shipment','Created shipment for order',0,11,NULL,'2022-09-22 01:27:50','2022-09-22 01:27:50'),(46,'update_status','Changed status of shipping to: Delivered. Updated by: %user_name%',0,11,NULL,'2022-09-22 01:27:50','2022-09-22 01:27:50'),(47,'create_order_from_seeder','Order is created from the checkout page',NULL,12,NULL,'2022-09-16 17:27:50','2022-09-16 17:27:50'),(48,'confirm_order','Order was verified by %user_name%',0,12,NULL,'2022-09-16 17:27:50','2022-09-16 17:27:50'),(49,'confirm_payment','Payment was confirmed (amount $254.10) by %user_name%',0,12,NULL,'2022-09-22 01:27:50','2022-09-22 01:27:50'),(50,'create_shipment','Created shipment for order',0,12,NULL,'2022-09-22 01:27:50','2022-09-22 01:27:50'),(51,'create_order_from_seeder','Order is created from the checkout page',NULL,13,NULL,'2022-09-19 13:27:50','2022-09-19 13:27:50'),(52,'confirm_order','Order was verified by %user_name%',0,13,NULL,'2022-09-19 13:27:50','2022-09-19 13:27:50'),(53,'create_shipment','Created shipment for order',0,13,NULL,'2022-09-22 01:27:50','2022-09-22 01:27:50'),(54,'create_order_from_seeder','Order is created from the checkout page',NULL,14,NULL,'2022-09-15 19:27:51','2022-09-15 19:27:51'),(55,'confirm_order','Order was verified by %user_name%',0,14,NULL,'2022-09-15 19:27:51','2022-09-15 19:27:51'),(56,'create_shipment','Created shipment for order',0,14,NULL,'2022-09-22 01:27:54','2022-09-22 01:27:54'),(57,'update_status','Changed status of shipping to: Delivered. Updated by: %user_name%',0,14,NULL,'2022-09-22 01:27:54','2022-09-22 01:27:54'),(58,'create_order_from_seeder','Order is created from the checkout page',NULL,15,NULL,'2022-09-17 09:27:54','2022-09-17 09:27:54'),(59,'confirm_order','Order was verified by %user_name%',0,15,NULL,'2022-09-17 09:27:54','2022-09-17 09:27:54'),(60,'confirm_payment','Payment was confirmed (amount $137.50) by %user_name%',0,15,NULL,'2022-09-22 01:27:55','2022-09-22 01:27:55'),(61,'create_shipment','Created shipment for order',0,15,NULL,'2022-09-22 01:27:55','2022-09-22 01:27:55'),(62,'update_status','Changed status of shipping to: Delivered. Updated by: %user_name%',0,15,NULL,'2022-09-22 01:27:55','2022-09-22 01:27:55'),(63,'create_order_from_seeder','Order is created from the checkout page',NULL,16,NULL,'2022-09-16 05:27:55','2022-09-16 05:27:55'),(64,'confirm_order','Order was verified by %user_name%',0,16,NULL,'2022-09-16 05:27:55','2022-09-16 05:27:55'),(65,'confirm_payment','Payment was confirmed (amount $133.10) by %user_name%',0,16,NULL,'2022-09-22 01:27:55','2022-09-22 01:27:55'),(66,'create_shipment','Created shipment for order',0,16,NULL,'2022-09-22 01:27:55','2022-09-22 01:27:55'),(67,'create_order_from_seeder','Order is created from the checkout page',NULL,17,NULL,'2022-09-18 13:27:55','2022-09-18 13:27:55'),(68,'confirm_order','Order was verified by %user_name%',0,17,NULL,'2022-09-18 13:27:55','2022-09-18 13:27:55'),(69,'confirm_payment','Payment was confirmed (amount $125.40) by %user_name%',0,17,NULL,'2022-09-22 01:27:55','2022-09-22 01:27:55'),(70,'create_shipment','Created shipment for order',0,17,NULL,'2022-09-22 01:27:55','2022-09-22 01:27:55'),(71,'update_status','Changed status of shipping to: Delivered. Updated by: %user_name%',0,17,NULL,'2022-09-22 01:27:55','2022-09-22 01:27:55'),(72,'create_order_from_seeder','Order is created from the checkout page',NULL,18,NULL,'2022-09-16 15:27:55','2022-09-16 15:27:55'),(73,'confirm_order','Order was verified by %user_name%',0,18,NULL,'2022-09-16 15:27:55','2022-09-16 15:27:55'),(74,'confirm_payment','Payment was confirmed (amount $85.80) by %user_name%',0,18,NULL,'2022-09-22 01:27:55','2022-09-22 01:27:55'),(75,'create_shipment','Created shipment for order',0,18,NULL,'2022-09-22 01:27:55','2022-09-22 01:27:55'),(76,'create_order_from_seeder','Order is created from the checkout page',NULL,19,NULL,'2022-09-11 05:27:55','2022-09-11 05:27:55'),(77,'confirm_order','Order was verified by %user_name%',0,19,NULL,'2022-09-11 05:27:55','2022-09-11 05:27:55'),(78,'confirm_payment','Payment was confirmed (amount $264.60) by %user_name%',0,19,NULL,'2022-09-22 01:27:55','2022-09-22 01:27:55'),(79,'create_shipment','Created shipment for order',0,19,NULL,'2022-09-22 01:27:55','2022-09-22 01:27:55'),(80,'create_order_from_seeder','Order is created from the checkout page',NULL,20,NULL,'2022-09-19 01:27:55','2022-09-19 01:27:55'),(81,'confirm_order','Order was verified by %user_name%',0,20,NULL,'2022-09-19 01:27:55','2022-09-19 01:27:55'),(82,'confirm_payment','Payment was confirmed (amount $396.80) by %user_name%',0,20,NULL,'2022-09-22 01:27:55','2022-09-22 01:27:55'),(83,'create_shipment','Created shipment for order',0,20,NULL,'2022-09-22 01:27:55','2022-09-22 01:27:55'),(84,'create_order_from_seeder','Order is created from the checkout page',NULL,21,NULL,'2022-09-20 01:27:55','2022-09-20 01:27:55'),(85,'confirm_order','Order was verified by %user_name%',0,21,NULL,'2022-09-20 01:27:55','2022-09-20 01:27:55'),(86,'confirm_payment','Payment was confirmed (amount $137.50) by %user_name%',0,21,NULL,'2022-09-22 01:27:55','2022-09-22 01:27:55'),(87,'create_shipment','Created shipment for order',0,21,NULL,'2022-09-22 01:27:55','2022-09-22 01:27:55'),(88,'update_status','Changed status of shipping to: Delivered. Updated by: %user_name%',0,21,NULL,'2022-09-22 01:27:55','2022-09-22 01:27:55'),(89,'create_order_from_seeder','Order is created from the checkout page',NULL,22,NULL,'2022-09-17 01:27:56','2022-09-17 01:27:56'),(90,'confirm_order','Order was verified by %user_name%',0,22,NULL,'2022-09-17 01:27:56','2022-09-17 01:27:56'),(91,'confirm_payment','Payment was confirmed (amount $541.80) by %user_name%',0,22,NULL,'2022-09-22 01:27:56','2022-09-22 01:27:56'),(92,'create_shipment','Created shipment for order',0,22,NULL,'2022-09-22 01:27:56','2022-09-22 01:27:56'),(93,'create_order_from_seeder','Order is created from the checkout page',NULL,23,NULL,'2022-09-14 17:27:56','2022-09-14 17:27:56'),(94,'confirm_order','Order was verified by %user_name%',0,23,NULL,'2022-09-14 17:27:56','2022-09-14 17:27:56'),(95,'create_shipment','Created shipment for order',0,23,NULL,'2022-09-22 01:27:56','2022-09-22 01:27:56'),(96,'update_status','Changed status of shipping to: Delivered. Updated by: %user_name%',0,23,NULL,'2022-09-22 01:27:56','2022-09-22 01:27:56'),(97,'create_order_from_seeder','Order is created from the checkout page',NULL,24,NULL,'2022-09-13 19:27:56','2022-09-13 19:27:56'),(98,'confirm_order','Order was verified by %user_name%',0,24,NULL,'2022-09-13 19:27:56','2022-09-13 19:27:56'),(99,'create_shipment','Created shipment for order',0,24,NULL,'2022-09-22 01:27:56','2022-09-22 01:27:56'),(100,'update_status','Changed status of shipping to: Delivered. Updated by: %user_name%',0,24,NULL,'2022-09-22 01:27:56','2022-09-22 01:27:56'),(101,'create_order_from_seeder','Order is created from the checkout page',NULL,25,NULL,'2022-09-15 09:27:56','2022-09-15 09:27:56'),(102,'confirm_order','Order was verified by %user_name%',0,25,NULL,'2022-09-15 09:27:56','2022-09-15 09:27:56'),(103,'confirm_payment','Payment was confirmed (amount $390.60) by %user_name%',0,25,NULL,'2022-09-22 01:27:56','2022-09-22 01:27:56'),(104,'create_shipment','Created shipment for order',0,25,NULL,'2022-09-22 01:27:56','2022-09-22 01:27:56'),(105,'update_status','Changed status of shipping to: Delivered. Updated by: %user_name%',0,25,NULL,'2022-09-22 01:27:56','2022-09-22 01:27:56'),(106,'create_order_from_seeder','Order is created from the checkout page',NULL,26,NULL,'2022-09-18 17:27:56','2022-09-18 17:27:56'),(107,'confirm_order','Order was verified by %user_name%',0,26,NULL,'2022-09-18 17:27:56','2022-09-18 17:27:56'),(108,'confirm_payment','Payment was confirmed (amount $125.40) by %user_name%',0,26,NULL,'2022-09-22 01:27:56','2022-09-22 01:27:56'),(109,'create_shipment','Created shipment for order',0,26,NULL,'2022-09-22 01:27:56','2022-09-22 01:27:56'),(110,'update_status','Changed status of shipping to: Delivered. Updated by: %user_name%',0,26,NULL,'2022-09-22 01:27:56','2022-09-22 01:27:56'),(111,'create_order_from_seeder','Order is created from the checkout page',NULL,27,NULL,'2022-09-15 09:27:56','2022-09-15 09:27:56'),(112,'confirm_order','Order was verified by %user_name%',0,27,NULL,'2022-09-15 09:27:56','2022-09-15 09:27:56'),(113,'create_shipment','Created shipment for order',0,27,NULL,'2022-09-22 01:27:56','2022-09-22 01:27:56'),(114,'create_order_from_seeder','Order is created from the checkout page',NULL,28,NULL,'2022-09-16 01:27:56','2022-09-16 01:27:56'),(115,'confirm_order','Order was verified by %user_name%',0,28,NULL,'2022-09-16 01:27:56','2022-09-16 01:27:56'),(116,'confirm_payment','Payment was confirmed (amount $241.50) by %user_name%',0,28,NULL,'2022-09-22 01:27:56','2022-09-22 01:27:56'),(117,'create_shipment','Created shipment for order',0,28,NULL,'2022-09-22 01:27:56','2022-09-22 01:27:56'),(118,'create_order_from_seeder','Order is created from the checkout page',NULL,29,NULL,'2022-09-18 07:27:56','2022-09-18 07:27:56'),(119,'confirm_order','Order was verified by %user_name%',0,29,NULL,'2022-09-18 07:27:56','2022-09-18 07:27:56'),(120,'create_shipment','Created shipment for order',0,29,NULL,'2022-09-22 01:27:56','2022-09-22 01:27:56'),(121,'update_status','Changed status of shipping to: Delivered. Updated by: %user_name%',0,29,NULL,'2022-09-22 01:27:56','2022-09-22 01:27:56'),(122,'create_order_from_seeder','Order is created from the checkout page',NULL,30,NULL,'2022-09-17 13:27:56','2022-09-17 13:27:56'),(123,'confirm_order','Order was verified by %user_name%',0,30,NULL,'2022-09-17 13:27:56','2022-09-17 13:27:56'),(124,'create_shipment','Created shipment for order',0,30,NULL,'2022-09-22 01:27:56','2022-09-22 01:27:56'),(125,'update_status','Changed status of shipping to: Delivered. Updated by: %user_name%',0,30,NULL,'2022-09-22 01:27:56','2022-09-22 01:27:56'),(126,'create_order_from_seeder','Order is created from the checkout page',NULL,31,NULL,'2022-09-17 09:27:56','2022-09-17 09:27:56'),(127,'confirm_order','Order was verified by %user_name%',0,31,NULL,'2022-09-17 09:27:56','2022-09-17 09:27:56'),(128,'create_shipment','Created shipment for order',0,31,NULL,'2022-09-22 01:27:56','2022-09-22 01:27:56'),(129,'create_order_from_seeder','Order is created from the checkout page',NULL,32,NULL,'2022-09-20 17:27:56','2022-09-20 17:27:56'),(130,'confirm_order','Order was verified by %user_name%',0,32,NULL,'2022-09-20 17:27:56','2022-09-20 17:27:56'),(131,'confirm_payment','Payment was confirmed (amount $258.30) by %user_name%',0,32,NULL,'2022-09-22 01:27:56','2022-09-22 01:27:56'),(132,'create_shipment','Created shipment for order',0,32,NULL,'2022-09-22 01:27:56','2022-09-22 01:27:56'),(133,'update_status','Changed status of shipping to: Delivered. Updated by: %user_name%',0,32,NULL,'2022-09-22 01:27:56','2022-09-22 01:27:56'),(134,'create_order_from_seeder','Order is created from the checkout page',NULL,33,NULL,'2022-09-21 11:27:56','2022-09-21 11:27:56'),(135,'confirm_order','Order was verified by %user_name%',0,33,NULL,'2022-09-21 11:27:56','2022-09-21 11:27:56'),(136,'confirm_payment','Payment was confirmed (amount $387.50) by %user_name%',0,33,NULL,'2022-09-22 01:27:56','2022-09-22 01:27:56'),(137,'create_shipment','Created shipment for order',0,33,NULL,'2022-09-22 01:27:56','2022-09-22 01:27:56'),(138,'create_order_from_seeder','Order is created from the checkout page',NULL,34,NULL,'2022-09-19 17:27:56','2022-09-19 17:27:56'),(139,'confirm_order','Order was verified by %user_name%',0,34,NULL,'2022-09-19 17:27:56','2022-09-19 17:27:56'),(140,'create_shipment','Created shipment for order',0,34,NULL,'2022-09-22 01:27:56','2022-09-22 01:27:56'),(141,'create_order_from_seeder','Order is created from the checkout page',NULL,35,NULL,'2022-09-18 01:27:56','2022-09-18 01:27:56'),(142,'confirm_order','Order was verified by %user_name%',0,35,NULL,'2022-09-18 01:27:56','2022-09-18 01:27:56'),(143,'confirm_payment','Payment was confirmed (amount $1,042.50) by %user_name%',0,35,NULL,'2022-09-22 01:27:56','2022-09-22 01:27:56'),(144,'create_shipment','Created shipment for order',0,35,NULL,'2022-09-22 01:27:56','2022-09-22 01:27:56'),(145,'create_order_from_seeder','Order is created from the checkout page',NULL,36,NULL,'2022-09-17 13:27:56','2022-09-17 13:27:56'),(146,'confirm_order','Order was verified by %user_name%',0,36,NULL,'2022-09-17 13:27:56','2022-09-17 13:27:56'),(147,'confirm_payment','Payment was confirmed (amount $266.70) by %user_name%',0,36,NULL,'2022-09-22 01:27:57','2022-09-22 01:27:57'),(148,'create_shipment','Created shipment for order',0,36,NULL,'2022-09-22 01:27:57','2022-09-22 01:27:57'),(149,'create_order_from_seeder','Order is created from the checkout page',NULL,37,NULL,'2022-09-17 13:27:57','2022-09-17 13:27:57'),(150,'confirm_order','Order was verified by %user_name%',0,37,NULL,'2022-09-17 13:27:57','2022-09-17 13:27:57'),(151,'confirm_payment','Payment was confirmed (amount $396.80) by %user_name%',0,37,NULL,'2022-09-22 01:27:57','2022-09-22 01:27:57'),(152,'create_shipment','Created shipment for order',0,37,NULL,'2022-09-22 01:27:57','2022-09-22 01:27:57'),(153,'update_status','Changed status of shipping to: Delivered. Updated by: %user_name%',0,37,NULL,'2022-09-22 01:27:57','2022-09-22 01:27:57'),(154,'create_order_from_seeder','Order is created from the checkout page',NULL,38,NULL,'2022-09-20 09:27:57','2022-09-20 09:27:57'),(155,'confirm_order','Order was verified by %user_name%',0,38,NULL,'2022-09-20 09:27:57','2022-09-20 09:27:57'),(156,'confirm_payment','Payment was confirmed (amount $1,171.10) by %user_name%',0,38,NULL,'2022-09-22 01:27:57','2022-09-22 01:27:57'),(157,'create_shipment','Created shipment for order',0,38,NULL,'2022-09-22 01:27:57','2022-09-22 01:27:57'),(158,'update_status','Changed status of shipping to: Delivered. Updated by: %user_name%',0,38,NULL,'2022-09-22 01:27:57','2022-09-22 01:27:57'),(159,'create_order_from_seeder','Order is created from the checkout page',NULL,39,NULL,'2022-09-21 05:27:57','2022-09-21 05:27:57'),(160,'confirm_order','Order was verified by %user_name%',0,39,NULL,'2022-09-21 05:27:57','2022-09-21 05:27:57'),(161,'create_shipment','Created shipment for order',0,39,NULL,'2022-09-22 01:27:57','2022-09-22 01:27:57'),(162,'update_status','Changed status of shipping to: Delivered. Updated by: %user_name%',0,39,NULL,'2022-09-22 01:27:57','2022-09-22 01:27:57'),(163,'create_order_from_seeder','Order is created from the checkout page',NULL,40,NULL,'2022-09-19 01:27:57','2022-09-19 01:27:57'),(164,'confirm_order','Order was verified by %user_name%',0,40,NULL,'2022-09-19 01:27:57','2022-09-19 01:27:57'),(165,'create_shipment','Created shipment for order',0,40,NULL,'2022-09-22 01:27:57','2022-09-22 01:27:57'),(166,'update_status','Changed status of shipping to: Delivered. Updated by: %user_name%',0,40,NULL,'2022-09-22 01:27:57','2022-09-22 01:27:57'),(167,'create_order_from_seeder','Order is created from the checkout page',NULL,41,NULL,'2022-09-21 17:27:57','2022-09-21 17:27:57'),(168,'confirm_order','Order was verified by %user_name%',0,41,NULL,'2022-09-21 17:27:57','2022-09-21 17:27:57'),(169,'confirm_payment','Payment was confirmed (amount $387.50) by %user_name%',0,41,NULL,'2022-09-22 01:27:57','2022-09-22 01:27:57'),(170,'create_shipment','Created shipment for order',0,41,NULL,'2022-09-22 01:27:57','2022-09-22 01:27:57'),(171,'update_status','Changed status of shipping to: Delivered. Updated by: %user_name%',0,41,NULL,'2022-09-22 01:27:57','2022-09-22 01:27:57'),(172,'create_order_from_seeder','Order is created from the checkout page',NULL,42,NULL,'2022-09-21 09:27:57','2022-09-21 09:27:57'),(173,'confirm_order','Order was verified by %user_name%',0,42,NULL,'2022-09-21 09:27:57','2022-09-21 09:27:57'),(174,'confirm_payment','Payment was confirmed (amount $254.10) by %user_name%',0,42,NULL,'2022-09-22 01:27:57','2022-09-22 01:27:57'),(175,'create_shipment','Created shipment for order',0,42,NULL,'2022-09-22 01:27:57','2022-09-22 01:27:57'),(176,'create_order_from_seeder','Order is created from the checkout page',NULL,43,NULL,'2022-09-21 09:27:57','2022-09-21 09:27:57'),(177,'confirm_order','Order was verified by %user_name%',0,43,NULL,'2022-09-21 09:27:57','2022-09-21 09:27:57'),(178,'create_shipment','Created shipment for order',0,43,NULL,'2022-09-22 01:27:57','2022-09-22 01:27:57'),(179,'create_order_from_seeder','Order is created from the checkout page',NULL,44,NULL,'2022-09-20 13:27:57','2022-09-20 13:27:57'),(180,'confirm_order','Order was verified by %user_name%',0,44,NULL,'2022-09-20 13:27:57','2022-09-20 13:27:57'),(181,'confirm_payment','Payment was confirmed (amount $262.50) by %user_name%',0,44,NULL,'2022-09-22 01:27:57','2022-09-22 01:27:57'),(182,'create_shipment','Created shipment for order',0,44,NULL,'2022-09-22 01:27:57','2022-09-22 01:27:57'),(183,'update_status','Changed status of shipping to: Delivered. Updated by: %user_name%',0,44,NULL,'2022-09-22 01:27:57','2022-09-22 01:27:57'),(184,'create_order_from_seeder','Order is created from the checkout page',NULL,45,NULL,'2022-09-21 19:27:57','2022-09-21 19:27:57'),(185,'confirm_order','Order was verified by %user_name%',0,45,NULL,'2022-09-21 19:27:57','2022-09-21 19:27:57'),(186,'create_shipment','Created shipment for order',0,45,NULL,'2022-09-22 01:27:57','2022-09-22 01:27:57'),(187,'create_order_from_seeder','Order is created from the checkout page',NULL,46,NULL,'2022-09-21 13:27:57','2022-09-21 13:27:57'),(188,'confirm_order','Order was verified by %user_name%',0,46,NULL,'2022-09-21 13:27:57','2022-09-21 13:27:57'),(189,'confirm_payment','Payment was confirmed (amount $348.70) by %user_name%',0,46,NULL,'2022-09-22 01:27:57','2022-09-22 01:27:57'),(190,'create_shipment','Created shipment for order',0,46,NULL,'2022-09-22 01:27:57','2022-09-22 01:27:57'),(191,'create_order_from_seeder','Order is created from the checkout page',NULL,47,NULL,'2022-09-21 05:27:57','2022-09-21 05:27:57'),(192,'confirm_order','Order was verified by %user_name%',0,47,NULL,'2022-09-21 05:27:57','2022-09-21 05:27:57'),(193,'confirm_payment','Payment was confirmed (amount $610.60) by %user_name%',0,47,NULL,'2022-09-22 01:27:57','2022-09-22 01:27:57'),(194,'create_shipment','Created shipment for order',0,47,NULL,'2022-09-22 01:27:57','2022-09-22 01:27:57'),(195,'create_order_from_seeder','Order is created from the checkout page',NULL,48,NULL,'2022-09-21 11:27:57','2022-09-21 11:27:57'),(196,'confirm_order','Order was verified by %user_name%',0,48,NULL,'2022-09-21 11:27:57','2022-09-21 11:27:57'),(197,'confirm_payment','Payment was confirmed (amount $530.50) by %user_name%',0,48,NULL,'2022-09-22 01:27:57','2022-09-22 01:27:57'),(198,'create_shipment','Created shipment for order',0,48,NULL,'2022-09-22 01:27:57','2022-09-22 01:27:57'),(199,'update_status','Changed status of shipping to: Delivered. Updated by: %user_name%',0,48,NULL,'2022-09-22 01:27:57','2022-09-22 01:27:57'),(200,'create_order_from_seeder','Order is created from the checkout page',NULL,49,NULL,'2022-09-21 19:27:57','2022-09-21 19:27:57'),(201,'confirm_order','Order was verified by %user_name%',0,49,NULL,'2022-09-21 19:27:57','2022-09-21 19:27:57'),(202,'confirm_payment','Payment was confirmed (amount $537.60) by %user_name%',0,49,NULL,'2022-09-22 01:27:57','2022-09-22 01:27:57'),(203,'create_shipment','Created shipment for order',0,49,NULL,'2022-09-22 01:27:57','2022-09-22 01:27:57'),(204,'update_status','Changed status of shipping to: Delivered. Updated by: %user_name%',0,49,NULL,'2022-09-22 01:27:57','2022-09-22 01:27:57'),(205,'update_status','Order confirmed by %user_name%',0,1,NULL,'2022-09-22 01:27:57','2022-09-22 01:27:57'),(206,'update_status','Order confirmed by %user_name%',0,3,NULL,'2022-09-22 01:27:58','2022-09-22 01:27:58'),(207,'update_status','Order confirmed by %user_name%',0,11,NULL,'2022-09-22 01:27:58','2022-09-22 01:27:58'),(208,'update_status','Order confirmed by %user_name%',0,15,NULL,'2022-09-22 01:27:58','2022-09-22 01:27:58'),(209,'update_status','Order confirmed by %user_name%',0,17,NULL,'2022-09-22 01:27:58','2022-09-22 01:27:58'),(210,'update_status','Order confirmed by %user_name%',0,21,NULL,'2022-09-22 01:27:59','2022-09-22 01:27:59'),(211,'update_status','Order confirmed by %user_name%',0,25,NULL,'2022-09-22 01:27:59','2022-09-22 01:27:59'),(212,'update_status','Order confirmed by %user_name%',0,26,NULL,'2022-09-22 01:27:59','2022-09-22 01:27:59'),(213,'update_status','Order confirmed by %user_name%',0,32,NULL,'2022-09-22 01:27:59','2022-09-22 01:27:59'),(214,'update_status','Order confirmed by %user_name%',0,37,NULL,'2022-09-22 01:28:00','2022-09-22 01:28:00'),(215,'update_status','Order confirmed by %user_name%',0,38,NULL,'2022-09-22 01:28:00','2022-09-22 01:28:00'),(216,'update_status','Order confirmed by %user_name%',0,41,NULL,'2022-09-22 01:28:00','2022-09-22 01:28:00'),(217,'update_status','Order confirmed by %user_name%',0,44,NULL,'2022-09-22 01:28:01','2022-09-22 01:28:01'),(218,'update_status','Order confirmed by %user_name%',0,48,NULL,'2022-09-22 01:28:02','2022-09-22 01:28:02'),(219,'update_status','Order confirmed by %user_name%',0,49,NULL,'2022-09-22 01:28:02','2022-09-22 01:28:02');

--
-- Table structure for table `ec_order_product`
--

CREATE TABLE `ec_order_product` (
  `id` bigint unsigned NOT NULL AUTO_INCREMENT,
  `order_id` int unsigned NOT NULL,
  `qty` int NOT NULL,
  `price` decimal(15,2) NOT NULL,
  `tax_amount` decimal(15,2) NOT NULL,
  `options` text COLLATE utf8mb4_unicode_ci,
  `product_id` int unsigned DEFAULT NULL,
  `product_name` varchar(191) COLLATE utf8mb4_unicode_ci NOT NULL,
  `weight` double(8,2) DEFAULT '0.00',
  `restock_quantity` int unsigned DEFAULT '0',
  `created_at` timestamp NULL DEFAULT NULL,
  `updated_at` timestamp NULL DEFAULT NULL,
  `product_type` varchar(60) COLLATE utf8mb4_unicode_ci NOT NULL DEFAULT 'physical',
  `times_downloaded` int NOT NULL DEFAULT '0',
  PRIMARY KEY (`id`)
) ENGINE=InnoDB AUTO_INCREMENT=63 DEFAULT CHARSET=utf8mb4 COLLATE=utf8mb4_unicode_ci;

--
-- Dumping data for table `ec_order_product`
--

INSERT INTO `ec_order_product` VALUES (1,1,2,393.00,39.30,'[]',26,'All Natural Italian-Style Chicken Meatballs',1134.00,0,'2022-09-22 01:27:41','2022-09-22 01:27:41','physical',0),(2,2,2,130.00,13.00,'[]',39,'Encore Seafoods Stuffed Alaskan',1680.00,0,'2022-09-22 01:27:43','2022-09-22 01:27:43','physical',0),(3,3,3,60.00,6.00,'[]',33,'Chobani Complete Vanilla Greek',2154.00,0,'2022-09-22 01:27:43','2022-09-22 01:27:43','physical',0),(4,4,1,115.00,11.50,'[]',43,'Gorton’s Beer Battered Fish Fillets',652.00,0,'2022-09-22 01:27:43','2022-09-22 01:27:43','physical',0),(5,4,2,128.00,12.80,'[]',65,'Foster Farms Takeout Crispy Classic Buffalo Wings',1396.00,0,'2022-09-22 01:27:43','2022-09-22 01:27:43','physical',0),(6,5,3,127.00,12.70,'[]',75,'Perdue Simply Smart Organics Gluten Free',2460.00,0,'2022-09-22 01:27:43','2022-09-22 01:27:43','physical',0),(7,6,3,78.00,7.80,'[]',30,'Foster Farms Takeout Crispy Classic',1851.00,0,'2022-09-22 01:27:43','2022-09-22 01:27:43','physical',0),(8,7,1,465.00,46.50,'[]',45,'Haagen-Dazs Caramel Cone Ice Cream',642.00,0,'2022-09-22 01:27:44','2022-09-22 01:27:44','physical',0),(9,7,1,126.00,12.60,'[]',53,'Pepperidge Farm Farmhouse Hearty White Bread',738.00,0,'2022-09-22 01:27:44','2022-09-22 01:27:44','physical',0),(10,8,3,127.00,12.70,'[]',47,'Nestle Original Coffee-Mate Coffee Creamer',2061.00,0,'2022-09-22 01:27:47','2022-09-22 01:27:47','physical',0),(11,9,3,126.00,12.60,'[]',54,'Pepperidge Farm Farmhouse Hearty White Bread',2214.00,0,'2022-09-22 01:27:47','2022-09-22 01:27:47','physical',0),(12,10,2,129.00,12.90,'[]',86,'Signature Wood-Fired Mushroom and Caramelized',1724.00,0,'2022-09-22 01:27:48','2022-09-22 01:27:48','physical',0),(13,11,1,127.00,12.70,'[]',47,'Nestle Original Coffee-Mate Coffee Creamer',687.00,0,'2022-09-22 01:27:49','2022-09-22 01:27:49','physical',0),(14,12,2,121.00,12.10,'[]',51,'Naturally Flavored Cinnamon Vanilla Light Roast Coffee',1644.00,0,'2022-09-22 01:27:50','2022-09-22 01:27:50','physical',0),(15,13,1,332.00,33.20,'[]',29,'Angie’s Boomchickapop Sweet & Salty Kettle Corn',753.00,0,'2022-09-22 01:27:50','2022-09-22 01:27:50','physical',0),(16,13,2,130.00,13.00,'[]',85,'Colorful Banana',1002.00,0,'2022-09-22 01:27:50','2022-09-22 01:27:50','physical',0),(17,14,3,128.00,12.80,'[]',62,'Foster Farms Takeout Crispy Classic Buffalo Wings',2094.00,0,'2022-09-22 01:27:52','2022-09-22 01:27:52','physical',0),(18,14,2,114.00,11.40,'[]',67,'Angie’s Boomchickapop Sweet & Salty Kettle Corn',1086.00,0,'2022-09-22 01:27:52','2022-09-22 01:27:52','physical',0),(19,15,1,125.00,12.50,'[]',36,'Canada Dry Ginger Ale – 2 L Bottle',844.00,0,'2022-09-22 01:27:54','2022-09-22 01:27:54','physical',0),(20,16,1,121.00,12.10,'[]',59,'Oroweat Country Buttermilk Bread',864.00,0,'2022-09-22 01:27:55','2022-09-22 01:27:55','physical',0),(21,17,1,114.00,11.40,'[]',68,'Angie’s Boomchickapop Sweet & Salty Kettle Corn',543.00,0,'2022-09-22 01:27:55','2022-09-22 01:27:55','physical',0),(22,18,1,78.00,7.80,'[]',30,'Foster Farms Takeout Crispy Classic',617.00,0,'2022-09-22 01:27:55','2022-09-22 01:27:55','physical',0),(23,19,2,126.00,12.60,'[]',54,'Pepperidge Farm Farmhouse Hearty White Bread',1476.00,0,'2022-09-22 01:27:55','2022-09-22 01:27:55','physical',0),(24,20,3,128.00,12.80,'[]',66,'Foster Farms Takeout Crispy Classic Buffalo Wings',2094.00,0,'2022-09-22 01:27:55','2022-09-22 01:27:55','physical',0),(25,21,1,125.00,12.50,'[]',72,'Simply Lemonade with Raspberry Juice',847.00,0,'2022-09-22 01:27:55','2022-09-22 01:27:55','physical',0),(26,22,2,129.00,12.90,'[]',76,'Chen Watermelon',1316.00,0,'2022-09-22 01:27:56','2022-09-22 01:27:56','physical',0),(27,22,2,129.00,12.90,'[]',86,'Signature Wood-Fired Mushroom and Caramelized',1724.00,0,'2022-09-22 01:27:56','2022-09-22 01:27:56','physical',0),(28,23,2,125.00,12.50,'[]',57,'Organic Frozen Triple Berry Blend',1292.00,0,'2022-09-22 01:27:56','2022-09-22 01:27:56','physical',0),(29,24,1,129.00,12.90,'[]',76,'Chen Watermelon',658.00,0,'2022-09-22 01:27:56','2022-09-22 01:27:56','physical',0),(30,25,3,126.00,12.60,'[]',53,'Pepperidge Farm Farmhouse Hearty White Bread',2214.00,0,'2022-09-22 01:27:56','2022-09-22 01:27:56','physical',0),(31,26,1,114.00,11.40,'[]',67,'Angie’s Boomchickapop Sweet & Salty Kettle Corn',543.00,0,'2022-09-22 01:27:56','2022-09-22 01:27:56','physical',0),(32,27,1,129.00,12.90,'[]',87,'Signature Wood-Fired Mushroom and Caramelized',862.00,0,'2022-09-22 01:27:56','2022-09-22 01:27:56','physical',0),(33,28,2,115.00,11.50,'[]',44,'Gorton’s Beer Battered Fish Fillets',1304.00,0,'2022-09-22 01:27:56','2022-09-22 01:27:56','physical',0),(34,29,2,126.00,12.60,'[]',54,'Pepperidge Farm Farmhouse Hearty White Bread',1476.00,0,'2022-09-22 01:27:56','2022-09-22 01:27:56','physical',0),(35,30,2,123.00,12.30,'[]',80,'Organic Cage-Free Grade A Large Brown Eggs',1744.00,0,'2022-09-22 01:27:56','2022-09-22 01:27:56','physical',0),(36,31,2,128.00,12.80,'[]',62,'Foster Farms Takeout Crispy Classic Buffalo Wings',1396.00,0,'2022-09-22 01:27:56','2022-09-22 01:27:56','physical',0),(37,31,2,128.00,12.80,'[]',63,'Foster Farms Takeout Crispy Classic Buffalo Wings',1396.00,0,'2022-09-22 01:27:56','2022-09-22 01:27:56','physical',0),(38,32,2,123.00,12.30,'[]',81,'Organic Cage-Free Grade A Large Brown Eggs',1744.00,0,'2022-09-22 01:27:56','2022-09-22 01:27:56','physical',0),(39,33,3,125.00,12.50,'[]',35,'Canada Dry Ginger Ale – 2 L Bottle',2532.00,0,'2022-09-22 01:27:56','2022-09-22 01:27:56','physical',0),(40,34,1,123.00,12.30,'[]',80,'Organic Cage-Free Grade A Large Brown Eggs',872.00,0,'2022-09-22 01:27:56','2022-09-22 01:27:56','physical',0),(41,35,1,60.00,6.00,'[]',33,'Chobani Complete Vanilla Greek',718.00,0,'2022-09-22 01:27:56','2022-09-22 01:27:56','physical',0),(42,35,2,465.00,46.50,'[]',46,'Haagen-Dazs Caramel Cone Ice Cream',1284.00,0,'2022-09-22 01:27:56','2022-09-22 01:27:56','physical',0),(43,36,2,127.00,12.70,'[]',48,'Nestle Original Coffee-Mate Coffee Creamer',1374.00,0,'2022-09-22 01:27:56','2022-09-22 01:27:56','physical',0),(44,37,3,128.00,12.80,'[]',63,'Foster Farms Takeout Crispy Classic Buffalo Wings',2094.00,0,'2022-09-22 01:27:57','2022-09-22 01:27:57','physical',0),(45,38,3,332.00,33.20,'[]',28,'Angie’s Boomchickapop Sweet & Salty Kettle Corn',2259.00,0,'2022-09-22 01:27:57','2022-09-22 01:27:57','physical',0),(46,38,1,129.00,12.90,'[]',86,'Signature Wood-Fired Mushroom and Caramelized',862.00,0,'2022-09-22 01:27:57','2022-09-22 01:27:57','physical',0),(47,39,3,126.00,12.60,'[]',53,'Pepperidge Farm Farmhouse Hearty White Bread',2214.00,0,'2022-09-22 01:27:57','2022-09-22 01:27:57','physical',0),(48,40,1,393.00,39.30,'[]',26,'All Natural Italian-Style Chicken Meatballs',567.00,0,'2022-09-22 01:27:57','2022-09-22 01:27:57','physical',0),(49,41,3,125.00,12.50,'[]',36,'Canada Dry Ginger Ale – 2 L Bottle',2532.00,0,'2022-09-22 01:27:57','2022-09-22 01:27:57','physical',0),(50,42,2,121.00,12.10,'[]',50,'Naturally Flavored Cinnamon Vanilla Light Roast Coffee',1644.00,0,'2022-09-22 01:27:57','2022-09-22 01:27:57','physical',0),(51,43,1,129.00,12.90,'[]',87,'Signature Wood-Fired Mushroom and Caramelized',862.00,0,'2022-09-22 01:27:57','2022-09-22 01:27:57','physical',0),(52,44,2,125.00,12.50,'[]',36,'Canada Dry Ginger Ale – 2 L Bottle',1688.00,0,'2022-09-22 01:27:57','2022-09-22 01:27:57','physical',0),(53,45,2,127.00,12.70,'[]',48,'Nestle Original Coffee-Mate Coffee Creamer',1374.00,0,'2022-09-22 01:27:57','2022-09-22 01:27:57','physical',0),(54,45,1,129.00,12.90,'[]',79,'Chen Watermelon',658.00,0,'2022-09-22 01:27:57','2022-09-22 01:27:57','physical',0),(55,45,2,129.00,12.90,'[]',88,'Signature Wood-Fired Mushroom and Caramelized',1724.00,0,'2022-09-22 01:27:57','2022-09-22 01:27:57','physical',0),(56,46,1,317.00,31.70,'[]',25,'Seeds of Change Organic Quinoe',551.00,0,'2022-09-22 01:27:57','2022-09-22 01:27:57','physical',0),(57,47,3,115.00,11.50,'[]',42,'Gorton’s Beer Battered Fish Fillets',1956.00,0,'2022-09-22 01:27:57','2022-09-22 01:27:57','physical',0),(58,47,2,121.00,12.10,'[]',52,'Naturally Flavored Cinnamon Vanilla Light Roast Coffee',1644.00,0,'2022-09-22 01:27:57','2022-09-22 01:27:57','physical',0),(59,48,3,125.00,12.50,'[]',34,'Canada Dry Ginger Ale – 2 L Bottle',2532.00,0,'2022-09-22 01:27:57','2022-09-22 01:27:57','physical',0),(60,48,1,130.00,13.00,'[]',39,'Encore Seafoods Stuffed Alaskan',840.00,0,'2022-09-22 01:27:57','2022-09-22 01:27:57','physical',0),(61,49,2,128.00,12.80,'[]',62,'Foster Farms Takeout Crispy Classic Buffalo Wings',1396.00,0,'2022-09-22 01:27:57','2022-09-22 01:27:57','physical',0),(62,49,2,128.00,12.80,'[]',66,'Foster Farms Takeout Crispy Classic Buffalo Wings',1396.00,0,'2022-09-22 01:27:57','2022-09-22 01:27:57','physical',0);

--
-- Table structure for table `ec_order_referrals`
--

CREATE TABLE `ec_order_referrals` (
  `id` bigint unsigned NOT NULL AUTO_INCREMENT,
  `ip` varchar(39) COLLATE utf8mb4_unicode_ci DEFAULT NULL,
  `landing_domain` varchar(255) COLLATE utf8mb4_unicode_ci DEFAULT NULL,
  `landing_page` varchar(255) COLLATE utf8mb4_unicode_ci DEFAULT NULL,
  `landing_params` varchar(255) COLLATE utf8mb4_unicode_ci DEFAULT NULL,
  `referral` varchar(255) COLLATE utf8mb4_unicode_ci DEFAULT NULL,
  `gclid` varchar(255) COLLATE utf8mb4_unicode_ci DEFAULT NULL,
  `fclid` varchar(255) COLLATE utf8mb4_unicode_ci DEFAULT NULL,
  `utm_source` varchar(255) COLLATE utf8mb4_unicode_ci DEFAULT NULL,
  `utm_campaign` varchar(255) COLLATE utf8mb4_unicode_ci DEFAULT NULL,
  `utm_medium` varchar(255) COLLATE utf8mb4_unicode_ci DEFAULT NULL,
  `utm_term` varchar(255) COLLATE utf8mb4_unicode_ci DEFAULT NULL,
  `utm_content` varchar(255) COLLATE utf8mb4_unicode_ci DEFAULT NULL,
  `referrer_url` text COLLATE utf8mb4_unicode_ci,
  `referrer_domain` varchar(255) COLLATE utf8mb4_unicode_ci DEFAULT NULL,
  `order_id` int DEFAULT NULL,
  `created_at` timestamp NULL DEFAULT NULL,
  `updated_at` timestamp NULL DEFAULT NULL,
  PRIMARY KEY (`id`),
  KEY `ec_order_referrals_order_id_index` (`order_id`)
) ENGINE=InnoDB DEFAULT CHARSET=utf8mb4 COLLATE=utf8mb4_unicode_ci;

--
-- Dumping data for table `ec_order_referrals`
--


--
-- Table structure for table `ec_order_return_items`
--

CREATE TABLE `ec_order_return_items` (
  `id` bigint unsigned NOT NULL AUTO_INCREMENT,
  `order_return_id` int unsigned NOT NULL COMMENT 'Order return id',
  `order_product_id` int unsigned NOT NULL COMMENT 'Order product id',
  `product_id` int unsigned NOT NULL COMMENT 'Product id',
  `product_name` varchar(191) COLLATE utf8mb4_unicode_ci NOT NULL,
  `qty` int NOT NULL COMMENT 'Quantity return',
  `price` decimal(15,2) NOT NULL COMMENT 'Price Product',
  `reason` text COLLATE utf8mb4_unicode_ci,
  `created_at` timestamp NULL DEFAULT NULL,
  `updated_at` timestamp NULL DEFAULT NULL,
  PRIMARY KEY (`id`)
) ENGINE=InnoDB DEFAULT CHARSET=utf8mb4 COLLATE=utf8mb4_unicode_ci;

--
-- Dumping data for table `ec_order_return_items`
--


--
-- Table structure for table `ec_order_returns`
--

CREATE TABLE `ec_order_returns` (
  `id` bigint unsigned NOT NULL AUTO_INCREMENT,
  `order_id` int unsigned NOT NULL COMMENT 'Order ID',
  `store_id` int unsigned DEFAULT NULL COMMENT 'Store ID',
  `user_id` int unsigned NOT NULL COMMENT 'Customer ID',
  `reason` text COLLATE utf8mb4_unicode_ci COMMENT 'Reason return order',
  `order_status` varchar(191) COLLATE utf8mb4_unicode_ci DEFAULT NULL COMMENT 'Order current status',
  `return_status` varchar(191) COLLATE utf8mb4_unicode_ci NOT NULL COMMENT 'Return status',
  `created_at` timestamp NULL DEFAULT NULL,
  `updated_at` timestamp NULL DEFAULT NULL,
  PRIMARY KEY (`id`)
) ENGINE=InnoDB DEFAULT CHARSET=utf8mb4 COLLATE=utf8mb4_unicode_ci;

--
-- Dumping data for table `ec_order_returns`
--


--
-- Table structure for table `ec_product_attribute_sets`
--

CREATE TABLE `ec_product_attribute_sets` (
  `id` bigint unsigned NOT NULL AUTO_INCREMENT,
  `title` varchar(120) COLLATE utf8mb4_unicode_ci NOT NULL,
  `slug` varchar(120) COLLATE utf8mb4_unicode_ci DEFAULT NULL,
  `display_layout` varchar(191) COLLATE utf8mb4_unicode_ci NOT NULL DEFAULT 'swatch_dropdown',
  `is_searchable` tinyint unsigned NOT NULL DEFAULT '1',
  `is_comparable` tinyint unsigned NOT NULL DEFAULT '1',
  `is_use_in_product_listing` tinyint unsigned NOT NULL DEFAULT '0',
  `status` varchar(60) COLLATE utf8mb4_unicode_ci NOT NULL DEFAULT 'published',
  `order` tinyint unsigned NOT NULL DEFAULT '0',
  `created_at` timestamp NULL DEFAULT NULL,
  `updated_at` timestamp NULL DEFAULT NULL,
  `use_image_from_product_variation` tinyint unsigned NOT NULL DEFAULT '0',
  PRIMARY KEY (`id`)
) ENGINE=InnoDB AUTO_INCREMENT=3 DEFAULT CHARSET=utf8mb4 COLLATE=utf8mb4_unicode_ci;

--
-- Dumping data for table `ec_product_attribute_sets`
--

INSERT INTO `ec_product_attribute_sets` VALUES (1,'Weight','weight','text',1,1,1,'published',0,'2022-09-22 01:25:37','2022-09-22 01:25:37',0),(2,'Boxes','boxes','text',1,1,1,'published',1,'2022-09-22 01:25:37','2022-09-22 01:25:37',0);

--
-- Table structure for table `ec_product_attribute_sets_translations`
--

CREATE TABLE `ec_product_attribute_sets_translations` (
  `lang_code` varchar(191) COLLATE utf8mb4_unicode_ci NOT NULL,
  `ec_product_attribute_sets_id` int NOT NULL,
  `title` varchar(191) COLLATE utf8mb4_unicode_ci DEFAULT NULL,
  PRIMARY KEY (`lang_code`,`ec_product_attribute_sets_id`)
) ENGINE=InnoDB DEFAULT CHARSET=utf8mb4 COLLATE=utf8mb4_unicode_ci;

--
-- Dumping data for table `ec_product_attribute_sets_translations`
--

INSERT INTO `ec_product_attribute_sets_translations` VALUES ('vi',1,'Cân nặng'),('vi',2,'Số hộp');

--
-- Table structure for table `ec_product_attributes`
--

CREATE TABLE `ec_product_attributes` (
  `id` bigint unsigned NOT NULL AUTO_INCREMENT,
  `attribute_set_id` int unsigned NOT NULL,
  `title` varchar(120) COLLATE utf8mb4_unicode_ci NOT NULL,
  `slug` varchar(120) COLLATE utf8mb4_unicode_ci DEFAULT NULL,
  `color` varchar(50) COLLATE utf8mb4_unicode_ci DEFAULT NULL,
  `image` varchar(191) COLLATE utf8mb4_unicode_ci DEFAULT NULL,
  `is_default` tinyint unsigned NOT NULL DEFAULT '0',
  `order` tinyint unsigned NOT NULL DEFAULT '0',
  `status` varchar(60) COLLATE utf8mb4_unicode_ci NOT NULL DEFAULT 'published',
  `created_at` timestamp NULL DEFAULT NULL,
  `updated_at` timestamp NULL DEFAULT NULL,
  PRIMARY KEY (`id`),
  KEY `ec_product_attributes_attribute_set_id_status_index` (`attribute_set_id`,`status`)
) ENGINE=InnoDB AUTO_INCREMENT=11 DEFAULT CHARSET=utf8mb4 COLLATE=utf8mb4_unicode_ci;

--
-- Dumping data for table `ec_product_attributes`
--

INSERT INTO `ec_product_attributes` VALUES (1,1,'1KG','1kg',NULL,NULL,1,1,'published','2022-09-22 01:25:37','2022-09-22 01:25:37'),(2,1,'2KG','2kg',NULL,NULL,0,2,'published','2022-09-22 01:25:37','2022-09-22 01:25:37'),(3,1,'3KG','3kg',NULL,NULL,0,3,'published','2022-09-22 01:25:37','2022-09-22 01:25:37'),(4,1,'4KG','4kg',NULL,NULL,0,4,'published','2022-09-22 01:25:37','2022-09-22 01:25:37'),(5,1,'5KG','5kg',NULL,NULL,0,5,'published','2022-09-22 01:25:37','2022-09-22 01:25:37'),(6,2,'1 Box','1box',NULL,NULL,1,1,'published','2022-09-22 01:25:37','2022-09-22 01:25:37'),(7,2,'2 Boxes','2boxes',NULL,NULL,0,2,'published','2022-09-22 01:25:37','2022-09-22 01:25:37'),(8,2,'3 Boxes','3boxes',NULL,NULL,0,3,'published','2022-09-22 01:25:37','2022-09-22 01:25:37'),(9,2,'4 Boxes','4boxes',NULL,NULL,0,4,'published','2022-09-22 01:25:37','2022-09-22 01:25:37'),(10,2,'5 Boxes','5boxes',NULL,NULL,0,5,'published','2022-09-22 01:25:37','2022-09-22 01:25:37');

--
-- Table structure for table `ec_product_attributes_translations`
--

CREATE TABLE `ec_product_attributes_translations` (
  `lang_code` varchar(191) COLLATE utf8mb4_unicode_ci NOT NULL,
  `ec_product_attributes_id` int NOT NULL,
  `title` varchar(191) COLLATE utf8mb4_unicode_ci DEFAULT NULL,
  PRIMARY KEY (`lang_code`,`ec_product_attributes_id`)
) ENGINE=InnoDB DEFAULT CHARSET=utf8mb4 COLLATE=utf8mb4_unicode_ci;

--
-- Dumping data for table `ec_product_attributes_translations`
--

INSERT INTO `ec_product_attributes_translations` VALUES ('vi',1,'1KG'),('vi',2,'2KG'),('vi',3,'3KG'),('vi',4,'4KG'),('vi',5,'5KG'),('vi',6,'1 Hộp'),('vi',7,'2 Hộp'),('vi',8,'3 Hộp'),('vi',9,'4 Hộp'),('vi',10,'5 Hộp');

--
-- Table structure for table `ec_product_categories`
--

CREATE TABLE `ec_product_categories` (
  `id` bigint unsigned NOT NULL AUTO_INCREMENT,
  `name` varchar(191) COLLATE utf8mb4_unicode_ci NOT NULL,
  `parent_id` int unsigned NOT NULL DEFAULT '0',
  `description` mediumtext COLLATE utf8mb4_unicode_ci,
  `status` varchar(60) COLLATE utf8mb4_unicode_ci NOT NULL DEFAULT 'published',
  `order` int unsigned NOT NULL DEFAULT '0',
  `image` varchar(255) COLLATE utf8mb4_unicode_ci DEFAULT NULL,
  `is_featured` tinyint unsigned NOT NULL DEFAULT '0',
  `created_at` timestamp NULL DEFAULT NULL,
  `updated_at` timestamp NULL DEFAULT NULL,
  PRIMARY KEY (`id`),
  KEY `ec_product_categories_parent_id_status_created_at_index` (`parent_id`,`status`,`created_at`),
  KEY `ec_product_categories_parent_id_status_index` (`parent_id`,`status`)
) ENGINE=InnoDB AUTO_INCREMENT=15 DEFAULT CHARSET=utf8mb4 COLLATE=utf8mb4_unicode_ci;

--
-- Dumping data for table `ec_product_categories`
--

INSERT INTO `ec_product_categories` VALUES (1,'Milks and Dairies',0,NULL,'published',0,'product-categories/image-1.png',1,'2022-09-22 01:25:36','2022-09-22 01:25:36'),(2,'Clothing & beauty',0,NULL,'published',1,'product-categories/image-2.png',1,'2022-09-22 01:25:36','2022-09-22 01:25:36'),(3,'Pet Toy',0,NULL,'published',2,'product-categories/image-3.png',1,'2022-09-22 01:25:36','2022-09-22 01:25:36'),(4,'Baking material',0,NULL,'published',3,'product-categories/image-4.png',1,'2022-09-22 01:25:36','2022-09-22 01:25:36'),(5,'Fresh Fruit',0,NULL,'published',4,'product-categories/image-5.png',1,'2022-09-22 01:25:36','2022-09-22 01:25:36'),(6,'Wines & Drinks',0,NULL,'published',5,'product-categories/image-6.png',1,'2022-09-22 01:25:36','2022-09-22 01:25:36'),(7,'Fresh Seafood',0,NULL,'published',6,'product-categories/image-7.png',1,'2022-09-22 01:25:36','2022-09-22 01:25:36'),(8,'Fast food',0,NULL,'published',7,'product-categories/image-8.png',1,'2022-09-22 01:25:36','2022-09-22 01:25:36'),(9,'Vegetables',0,NULL,'published',8,'product-categories/image-9.png',1,'2022-09-22 01:25:36','2022-09-22 01:25:36'),(10,'Bread and Juice',0,NULL,'published',9,'product-categories/image-10.png',1,'2022-09-22 01:25:36','2022-09-22 01:25:36'),(11,'Cake & Milk',0,NULL,'published',10,'product-categories/image-11.png',1,'2022-09-22 01:25:36','2022-09-22 01:25:36'),(12,'Coffee & Teas',0,NULL,'published',11,'product-categories/image-12.png',1,'2022-09-22 01:25:36','2022-09-22 01:25:36'),(13,'Pet Foods',0,NULL,'published',12,'product-categories/image-13.png',0,'2022-09-22 01:25:36','2022-09-22 01:25:36'),(14,'Diet Foods',0,NULL,'published',13,'product-categories/image-14.png',0,'2022-09-22 01:25:36','2022-09-22 01:25:36');

--
-- Table structure for table `ec_product_categories_translations`
--

CREATE TABLE `ec_product_categories_translations` (
  `lang_code` varchar(191) COLLATE utf8mb4_unicode_ci NOT NULL,
  `ec_product_categories_id` int NOT NULL,
  `name` varchar(191) COLLATE utf8mb4_unicode_ci DEFAULT NULL,
  `description` text COLLATE utf8mb4_unicode_ci,
  PRIMARY KEY (`lang_code`,`ec_product_categories_id`)
) ENGINE=InnoDB DEFAULT CHARSET=utf8mb4 COLLATE=utf8mb4_unicode_ci;

--
-- Dumping data for table `ec_product_categories_translations`
--

INSERT INTO `ec_product_categories_translations` VALUES ('vi',1,'Sữa',NULL),('vi',2,'Quần áo và làm đẹp',NULL),('vi',3,'Đồ chơi thú cưng',NULL),('vi',4,'Nguyên liệu làm bánh',NULL),('vi',5,'Trái cây tươi',NULL),('vi',6,'Rượu & Đồ uống',NULL),('vi',7,'Hải sản tươi sống',NULL),('vi',8,'Đồ ăn nhanh',NULL),('vi',9,'Rau',NULL),('vi',10,'Bánh và đồ uống',NULL),('vi',11,'Bánh và sữa',NULL),('vi',12,'Cà phê và trà',NULL),('vi',13,'Đồ ăn thú nuôi',NULL),('vi',14,'Đồ ăn kiêng',NULL);

--
-- Table structure for table `ec_product_category_product`
--

CREATE TABLE `ec_product_category_product` (
  `id` bigint unsigned NOT NULL AUTO_INCREMENT,
  `category_id` int unsigned NOT NULL,
  `product_id` int unsigned NOT NULL,
  PRIMARY KEY (`id`),
  KEY `ec_product_category_product_category_id_index` (`category_id`),
  KEY `ec_product_category_product_product_id_index` (`product_id`)
) ENGINE=InnoDB AUTO_INCREMENT=25 DEFAULT CHARSET=utf8mb4 COLLATE=utf8mb4_unicode_ci;

--
-- Dumping data for table `ec_product_category_product`
--

INSERT INTO `ec_product_category_product` VALUES (1,11,1),(2,2,2),(3,4,3),(4,2,4),(5,1,5),(6,3,6),(7,14,7),(8,5,8),(9,9,9),(10,1,10),(11,11,11),(12,1,12),(13,14,13),(14,4,14),(15,11,15),(16,3,16),(17,7,17),(18,1,18),(19,13,19),(20,8,20),(21,8,21),(22,11,22),(23,9,23),(24,6,24);

--
-- Table structure for table `ec_product_collection_products`
--

CREATE TABLE `ec_product_collection_products` (
  `id` bigint unsigned NOT NULL AUTO_INCREMENT,
  `product_collection_id` int unsigned NOT NULL,
  `product_id` int unsigned NOT NULL,
  PRIMARY KEY (`id`),
  KEY `ec_product_collection_products_product_collection_id_index` (`product_collection_id`),
  KEY `ec_product_collection_products_product_id_index` (`product_id`)
) ENGINE=InnoDB AUTO_INCREMENT=25 DEFAULT CHARSET=utf8mb4 COLLATE=utf8mb4_unicode_ci;

--
-- Dumping data for table `ec_product_collection_products`
--

INSERT INTO `ec_product_collection_products` VALUES (1,2,1),(2,3,2),(3,2,3),(4,1,4),(5,2,5),(6,3,6),(7,1,7),(8,3,8),(9,2,9),(10,2,10),(11,2,11),(12,3,12),(13,1,13),(14,2,14),(15,3,15),(16,1,16),(17,3,17),(18,2,18),(19,2,19),(20,1,20),(21,2,21),(22,3,22),(23,3,23),(24,1,24);

--
-- Table structure for table `ec_product_collections`
--

CREATE TABLE `ec_product_collections` (
  `id` bigint unsigned NOT NULL AUTO_INCREMENT,
  `name` varchar(191) COLLATE utf8mb4_unicode_ci NOT NULL,
  `slug` varchar(191) COLLATE utf8mb4_unicode_ci NOT NULL,
  `description` varchar(400) COLLATE utf8mb4_unicode_ci DEFAULT NULL,
  `image` varchar(255) COLLATE utf8mb4_unicode_ci DEFAULT NULL,
  `status` varchar(60) COLLATE utf8mb4_unicode_ci NOT NULL DEFAULT 'published',
  `created_at` timestamp NULL DEFAULT NULL,
  `updated_at` timestamp NULL DEFAULT NULL,
  `is_featured` tinyint unsigned NOT NULL DEFAULT '0',
  PRIMARY KEY (`id`)
) ENGINE=InnoDB AUTO_INCREMENT=4 DEFAULT CHARSET=utf8mb4 COLLATE=utf8mb4_unicode_ci;

--
-- Dumping data for table `ec_product_collections`
--

INSERT INTO `ec_product_collections` VALUES (1,'New Arrival','new-arrival',NULL,NULL,'published','2022-09-22 01:25:36','2022-09-22 01:25:36',0),(2,'Best Sellers','best-sellers',NULL,NULL,'published','2022-09-22 01:25:36','2022-09-22 01:25:36',0),(3,'Special Offer','special-offer',NULL,NULL,'published','2022-09-22 01:25:36','2022-09-22 01:25:36',0);

--
-- Table structure for table `ec_product_collections_translations`
--

CREATE TABLE `ec_product_collections_translations` (
  `lang_code` varchar(191) COLLATE utf8mb4_unicode_ci NOT NULL,
  `ec_product_collections_id` int NOT NULL,
  `name` varchar(191) COLLATE utf8mb4_unicode_ci DEFAULT NULL,
  `description` varchar(191) COLLATE utf8mb4_unicode_ci DEFAULT NULL,
  PRIMARY KEY (`lang_code`,`ec_product_collections_id`)
) ENGINE=InnoDB DEFAULT CHARSET=utf8mb4 COLLATE=utf8mb4_unicode_ci;

--
-- Dumping data for table `ec_product_collections_translations`
--

INSERT INTO `ec_product_collections_translations` VALUES ('vi',1,'Hàng mới về',NULL),('vi',2,'Bán chạy nhất',NULL),('vi',3,'Khuyến mãi đặc biệt',NULL);

--
-- Table structure for table `ec_product_cross_sale_relations`
--

CREATE TABLE `ec_product_cross_sale_relations` (
  `id` bigint unsigned NOT NULL AUTO_INCREMENT,
  `from_product_id` int unsigned NOT NULL,
  `to_product_id` int unsigned NOT NULL,
  PRIMARY KEY (`id`),
  KEY `ec_product_cross_sale_relations_from_product_id_index` (`from_product_id`),
  KEY `ec_product_cross_sale_relations_to_product_id_index` (`to_product_id`)
) ENGINE=InnoDB AUTO_INCREMENT=92 DEFAULT CHARSET=utf8mb4 COLLATE=utf8mb4_unicode_ci;

--
-- Dumping data for table `ec_product_cross_sale_relations`
--

INSERT INTO `ec_product_cross_sale_relations` VALUES (1,1,21),(2,1,6),(3,1,4),(4,2,12),(5,2,23),(6,2,22),(7,2,3),(8,3,20),(9,3,12),(10,3,6),(11,3,23),(12,4,5),(13,4,6),(14,4,7),(15,5,14),(16,5,20),(17,5,8),(18,5,1),(19,6,4),(20,6,13),(21,6,2),(22,6,10),(23,7,23),(24,7,19),(25,7,18),(26,7,16),(27,8,10),(28,8,4),(29,8,5),(30,8,19),(31,9,19),(32,9,18),(33,9,4),(34,9,20),(35,10,23),(36,10,15),(37,10,6),(38,10,13),(39,11,17),(40,11,13),(41,11,19),(42,12,10),(43,12,4),(44,12,8),(45,12,3),(46,13,23),(47,13,3),(48,13,1),(49,13,20),(50,14,11),(51,14,9),(52,14,2),(53,14,21),(54,15,18),(55,15,10),(56,15,21),(57,16,4),(58,16,8),(59,16,1),(60,16,12),(61,17,14),(62,17,16),(63,17,4),(64,17,9),(65,18,11),(66,18,2),(67,18,6),(68,19,14),(69,19,4),(70,19,13),(71,19,15),(72,20,21),(73,20,22),(74,20,23),(75,20,12),(76,21,5),(77,21,14),(78,21,2),(79,21,3),(80,22,20),(81,22,12),(82,22,9),(83,22,13),(84,23,8),(85,23,19),(86,23,10),(87,23,4),(88,24,1),(89,24,12),(90,24,21),(91,24,14);

--
-- Table structure for table `ec_product_files`
--

CREATE TABLE `ec_product_files` (
  `id` bigint unsigned NOT NULL AUTO_INCREMENT,
  `product_id` int DEFAULT NULL,
  `url` varchar(400) COLLATE utf8mb4_unicode_ci DEFAULT NULL,
  `extras` mediumtext COLLATE utf8mb4_unicode_ci,
  `created_at` timestamp NULL DEFAULT NULL,
  `updated_at` timestamp NULL DEFAULT NULL,
  PRIMARY KEY (`id`),
  KEY `ec_product_files_product_id_index` (`product_id`)
) ENGINE=InnoDB DEFAULT CHARSET=utf8mb4 COLLATE=utf8mb4_unicode_ci;

--
-- Dumping data for table `ec_product_files`
--


--
-- Table structure for table `ec_product_label_products`
--

CREATE TABLE `ec_product_label_products` (
  `product_label_id` int unsigned NOT NULL,
  `product_id` int unsigned NOT NULL,
  PRIMARY KEY (`product_label_id`,`product_id`),
  KEY `ec_product_label_products_product_label_id_index` (`product_label_id`),
  KEY `ec_product_label_products_product_id_index` (`product_id`)
) ENGINE=InnoDB DEFAULT CHARSET=utf8mb4 COLLATE=utf8mb4_unicode_ci;

--
-- Dumping data for table `ec_product_label_products`
--

INSERT INTO `ec_product_label_products` VALUES (2,14),(2,21),(3,7);

--
-- Table structure for table `ec_product_labels`
--

CREATE TABLE `ec_product_labels` (
  `id` bigint unsigned NOT NULL AUTO_INCREMENT,
  `name` varchar(255) COLLATE utf8mb4_unicode_ci NOT NULL,
  `color` varchar(120) COLLATE utf8mb4_unicode_ci DEFAULT NULL,
  `status` varchar(60) COLLATE utf8mb4_unicode_ci NOT NULL DEFAULT 'published',
  `created_at` timestamp NULL DEFAULT NULL,
  `updated_at` timestamp NULL DEFAULT NULL,
  PRIMARY KEY (`id`)
) ENGINE=InnoDB AUTO_INCREMENT=4 DEFAULT CHARSET=utf8mb4 COLLATE=utf8mb4_unicode_ci;

--
-- Dumping data for table `ec_product_labels`
--

INSERT INTO `ec_product_labels` VALUES (1,'Hot','#ec2434','published','2022-09-22 01:25:36','2022-09-22 01:25:36'),(2,'New','#00c9a7','published','2022-09-22 01:25:36','2022-09-22 01:25:36'),(3,'Sale','#fe9931','published','2022-09-22 01:25:36','2022-09-22 01:25:36');

--
-- Table structure for table `ec_product_labels_translations`
--

CREATE TABLE `ec_product_labels_translations` (
  `lang_code` varchar(191) COLLATE utf8mb4_unicode_ci NOT NULL,
  `ec_product_labels_id` int NOT NULL,
  `name` varchar(191) COLLATE utf8mb4_unicode_ci DEFAULT NULL,
  `description` varchar(191) COLLATE utf8mb4_unicode_ci DEFAULT NULL,
  PRIMARY KEY (`lang_code`,`ec_product_labels_id`)
) ENGINE=InnoDB DEFAULT CHARSET=utf8mb4 COLLATE=utf8mb4_unicode_ci;

--
-- Dumping data for table `ec_product_labels_translations`
--

INSERT INTO `ec_product_labels_translations` VALUES ('vi',1,'Nổi bật',NULL),('vi',2,'Mới',NULL),('vi',3,'Giảm giá',NULL);

--
-- Table structure for table `ec_product_related_relations`
--

CREATE TABLE `ec_product_related_relations` (
  `id` bigint unsigned NOT NULL AUTO_INCREMENT,
  `from_product_id` int unsigned NOT NULL,
  `to_product_id` int unsigned NOT NULL,
  PRIMARY KEY (`id`),
  KEY `ec_product_related_relations_from_product_id_index` (`from_product_id`),
  KEY `ec_product_related_relations_to_product_id_index` (`to_product_id`)
) ENGINE=InnoDB DEFAULT CHARSET=utf8mb4 COLLATE=utf8mb4_unicode_ci;

--
-- Dumping data for table `ec_product_related_relations`
--


--
-- Table structure for table `ec_product_tag_product`
--

CREATE TABLE `ec_product_tag_product` (
  `product_id` int unsigned NOT NULL,
  `tag_id` int unsigned NOT NULL,
  PRIMARY KEY (`product_id`,`tag_id`),
  KEY `ec_product_tag_product_product_id_index` (`product_id`),
  KEY `ec_product_tag_product_tag_id_index` (`tag_id`)
) ENGINE=InnoDB DEFAULT CHARSET=utf8mb4 COLLATE=utf8mb4_unicode_ci;

--
-- Dumping data for table `ec_product_tag_product`
--

INSERT INTO `ec_product_tag_product` VALUES (1,2),(1,5),(2,1),(2,5),(3,2),(3,5),(3,6),(4,2),(4,3),(4,4),(5,4),(5,6),(6,1),(6,5),(6,6),(7,1),(7,4),(8,1),(8,6),(9,2),(9,6),(10,3),(10,4),(10,6),(11,4),(11,5),(12,1),(12,3),(13,2),(13,3),(13,5),(14,1),(14,3),(15,2),(15,5),(15,6),(16,3),(16,6),(17,1),(17,3),(17,6),(18,2),(18,4),(18,6),(19,4),(19,5),(20,2),(20,5),(21,1),(21,5),(21,6),(22,2),(22,5),(22,6),(23,1),(23,2),(23,5),(24,4),(24,6);

--
-- Table structure for table `ec_product_tags`
--

CREATE TABLE `ec_product_tags` (
  `id` bigint unsigned NOT NULL AUTO_INCREMENT,
  `name` varchar(120) COLLATE utf8mb4_unicode_ci NOT NULL,
  `description` varchar(400) COLLATE utf8mb4_unicode_ci DEFAULT NULL,
  `status` varchar(60) COLLATE utf8mb4_unicode_ci NOT NULL DEFAULT 'published',
  `created_at` timestamp NULL DEFAULT NULL,
  `updated_at` timestamp NULL DEFAULT NULL,
  PRIMARY KEY (`id`)
) ENGINE=InnoDB AUTO_INCREMENT=6 DEFAULT CHARSET=utf8mb4 COLLATE=utf8mb4_unicode_ci;

--
-- Dumping data for table `ec_product_tags`
--

INSERT INTO `ec_product_tags` VALUES (1,'Wallet',NULL,'published','2022-09-22 01:25:36','2022-09-22 01:25:36'),(2,'Bags',NULL,'published','2022-09-22 01:25:36','2022-09-22 01:25:36'),(3,'Shoes',NULL,'published','2022-09-22 01:25:36','2022-09-22 01:25:36'),(4,'Clothes',NULL,'published','2022-09-22 01:25:36','2022-09-22 01:25:36'),(5,'Hand bag',NULL,'published','2022-09-22 01:25:36','2022-09-22 01:25:36');

--
-- Table structure for table `ec_product_tags_translations`
--

CREATE TABLE `ec_product_tags_translations` (
  `lang_code` varchar(191) COLLATE utf8mb4_unicode_ci NOT NULL,
  `ec_product_tags_id` int NOT NULL,
  `name` varchar(191) COLLATE utf8mb4_unicode_ci DEFAULT NULL,
  PRIMARY KEY (`lang_code`,`ec_product_tags_id`)
) ENGINE=InnoDB DEFAULT CHARSET=utf8mb4 COLLATE=utf8mb4_unicode_ci;

--
-- Dumping data for table `ec_product_tags_translations`
--


--
-- Table structure for table `ec_product_up_sale_relations`
--

CREATE TABLE `ec_product_up_sale_relations` (
  `id` bigint unsigned NOT NULL AUTO_INCREMENT,
  `from_product_id` int unsigned NOT NULL,
  `to_product_id` int unsigned NOT NULL,
  PRIMARY KEY (`id`),
  KEY `ec_product_up_sale_relations_from_product_id_index` (`from_product_id`),
  KEY `ec_product_up_sale_relations_to_product_id_index` (`to_product_id`)
) ENGINE=InnoDB DEFAULT CHARSET=utf8mb4 COLLATE=utf8mb4_unicode_ci;

--
-- Dumping data for table `ec_product_up_sale_relations`
--


--
-- Table structure for table `ec_product_variation_items`
--

CREATE TABLE `ec_product_variation_items` (
  `id` bigint unsigned NOT NULL AUTO_INCREMENT,
  `attribute_id` int unsigned NOT NULL,
  `variation_id` int unsigned NOT NULL,
  PRIMARY KEY (`id`),
  KEY `ec_product_variation_items_attribute_id_variation_id_index` (`attribute_id`,`variation_id`)
) ENGINE=InnoDB AUTO_INCREMENT=131 DEFAULT CHARSET=utf8mb4 COLLATE=utf8mb4_unicode_ci;

--
-- Dumping data for table `ec_product_variation_items`
--

INSERT INTO `ec_product_variation_items` VALUES (7,1,4),(19,1,10),(27,1,14),(45,1,23),(51,1,26),(59,1,30),(67,1,34),(77,1,39),(117,1,59),(9,2,5),(11,2,6),(15,2,8),(23,2,12),(25,2,13),(31,2,16),(33,2,17),(35,2,18),(41,2,21),(43,2,22),(49,2,25),(63,2,32),(65,2,33),(73,2,37),(83,2,42),(87,2,44),(89,2,45),(91,2,46),(93,2,47),(95,2,48),(101,2,51),(103,2,52),(113,2,57),(115,2,58),(3,3,2),(13,3,7),(17,3,9),(21,3,11),(37,3,19),(57,3,29),(71,3,36),(85,3,43),(99,3,50),(105,3,53),(125,3,63),(129,3,65),(1,4,1),(5,4,3),(39,4,20),(53,4,27),(61,4,31),(75,4,38),(79,4,40),(81,4,41),(109,4,55),(119,4,60),(29,5,15),(47,5,24),(55,5,28),(69,5,35),(97,5,49),(107,5,54),(111,5,56),(121,5,61),(123,5,62),(127,5,64),(2,6,1),(4,6,2),(6,6,3),(14,6,7),(26,6,13),(28,6,14),(60,6,30),(62,6,31),(72,6,36),(76,6,38),(96,6,48),(98,6,49),(114,6,57),(120,6,60),(20,7,10),(30,7,15),(34,7,17),(46,7,23),(70,7,35),(82,7,41),(88,7,44),(92,7,46),(102,7,51),(106,7,53),(108,7,54),(112,7,56),(8,8,4),(32,8,16),(36,8,18),(40,8,20),(50,8,25),(56,8,28),(68,8,34),(90,8,45),(10,9,5),(16,9,8),(18,9,9),(24,9,12),(38,9,19),(44,9,22),(48,9,24),(52,9,26),(58,9,29),(64,9,32),(66,9,33),(80,9,40),(86,9,43),(100,9,50),(104,9,52),(110,9,55),(118,9,59),(126,9,63),(12,10,6),(22,10,11),(42,10,21),(54,10,27),(74,10,37),(78,10,39),(84,10,42),(94,10,47),(116,10,58),(122,10,61),(124,10,62),(128,10,64),(130,10,65);

--
-- Table structure for table `ec_product_variations`
--

CREATE TABLE `ec_product_variations` (
  `id` bigint unsigned NOT NULL AUTO_INCREMENT,
  `product_id` int unsigned DEFAULT NULL,
  `configurable_product_id` int unsigned NOT NULL,
  `is_default` tinyint NOT NULL DEFAULT '0',
  PRIMARY KEY (`id`),
  KEY `ec_product_variations_product_id_configurable_product_id_index` (`product_id`,`configurable_product_id`)
) ENGINE=InnoDB AUTO_INCREMENT=66 DEFAULT CHARSET=utf8mb4 COLLATE=utf8mb4_unicode_ci;

--
-- Dumping data for table `ec_product_variations`
--

INSERT INTO `ec_product_variations` VALUES (1,25,1,1),(2,26,2,1),(3,27,2,0),(4,28,3,1),(5,29,3,0),(6,30,4,1),(7,31,4,0),(8,32,5,1),(9,33,6,1),(10,34,7,1),(11,35,7,0),(12,36,7,0),(13,37,8,1),(14,38,8,0),(15,39,8,0),(16,40,8,0),(17,41,9,1),(18,42,9,0),(19,43,9,0),(20,44,9,0),(21,45,10,1),(22,46,10,0),(23,47,11,1),(24,48,11,0),(25,49,11,0),(26,50,12,1),(27,51,12,0),(28,52,12,0),(29,53,13,1),(30,54,13,0),(31,55,14,1),(32,56,14,0),(33,57,14,0),(34,58,14,0),(35,59,15,1),(36,60,15,0),(37,61,15,0),(38,62,16,1),(39,63,16,0),(40,64,16,0),(41,65,16,0),(42,66,16,0),(43,67,17,1),(44,68,17,0),(45,69,17,0),(46,70,18,1),(47,71,18,0),(48,72,19,1),(49,73,20,1),(50,74,20,0),(51,75,20,0),(52,76,21,1),(53,77,21,0),(54,78,21,0),(55,79,21,0),(56,80,22,1),(57,81,22,0),(58,82,22,0),(59,83,23,1),(60,84,23,0),(61,85,23,0),(62,86,24,1),(63,87,24,0),(64,88,24,0),(65,89,24,0);

--
-- Table structure for table `ec_product_with_attribute_set`
--

CREATE TABLE `ec_product_with_attribute_set` (
  `id` bigint unsigned NOT NULL AUTO_INCREMENT,
  `attribute_set_id` int unsigned NOT NULL,
  `product_id` int unsigned NOT NULL,
  `order` tinyint unsigned NOT NULL DEFAULT '0',
  PRIMARY KEY (`id`)
) ENGINE=InnoDB AUTO_INCREMENT=49 DEFAULT CHARSET=utf8mb4 COLLATE=utf8mb4_unicode_ci;

--
-- Dumping data for table `ec_product_with_attribute_set`
--

INSERT INTO `ec_product_with_attribute_set` VALUES (1,1,1,0),(2,2,1,0),(3,1,2,0),(4,2,2,0),(5,1,3,0),(6,2,3,0),(7,1,4,0),(8,2,4,0),(9,1,5,0),(10,2,5,0),(11,1,6,0),(12,2,6,0),(13,1,7,0),(14,2,7,0),(15,1,8,0),(16,2,8,0),(17,1,9,0),(18,2,9,0),(19,1,10,0),(20,2,10,0),(21,1,11,0),(22,2,11,0),(23,1,12,0),(24,2,12,0),(25,1,13,0),(26,2,13,0),(27,1,14,0),(28,2,14,0),(29,1,15,0),(30,2,15,0),(31,1,16,0),(32,2,16,0),(33,1,17,0),(34,2,17,0),(35,1,18,0),(36,2,18,0),(37,1,19,0),(38,2,19,0),(39,1,20,0),(40,2,20,0),(41,1,21,0),(42,2,21,0),(43,1,22,0),(44,2,22,0),(45,1,23,0),(46,2,23,0),(47,1,24,0),(48,2,24,0);

--
-- Table structure for table `ec_products`
--

CREATE TABLE `ec_products` (
  `id` bigint unsigned NOT NULL AUTO_INCREMENT,
  `name` varchar(191) COLLATE utf8mb4_unicode_ci NOT NULL,
  `description` text COLLATE utf8mb4_unicode_ci,
  `content` longtext COLLATE utf8mb4_unicode_ci,
  `status` varchar(60) COLLATE utf8mb4_unicode_ci NOT NULL DEFAULT 'published',
  `images` text COLLATE utf8mb4_unicode_ci,
  `sku` varchar(191) COLLATE utf8mb4_unicode_ci DEFAULT NULL,
  `order` int unsigned NOT NULL DEFAULT '0',
  `quantity` int unsigned DEFAULT NULL,
  `allow_checkout_when_out_of_stock` tinyint unsigned NOT NULL DEFAULT '0',
  `with_storehouse_management` tinyint unsigned NOT NULL DEFAULT '0',
  `is_featured` tinyint unsigned NOT NULL DEFAULT '0',
  `brand_id` int unsigned DEFAULT NULL,
  `is_variation` tinyint NOT NULL DEFAULT '0',
  `sale_type` tinyint NOT NULL DEFAULT '0',
  `price` double unsigned DEFAULT NULL,
  `sale_price` double unsigned DEFAULT NULL,
  `start_date` timestamp NULL DEFAULT NULL,
  `end_date` timestamp NULL DEFAULT NULL,
  `length` double(8,2) DEFAULT NULL,
  `wide` double(8,2) DEFAULT NULL,
  `height` double(8,2) DEFAULT NULL,
  `weight` double(8,2) DEFAULT NULL,
  `tax_id` int unsigned DEFAULT NULL,
  `views` bigint NOT NULL DEFAULT '0',
  `created_at` timestamp NULL DEFAULT NULL,
  `updated_at` timestamp NULL DEFAULT NULL,
  `stock_status` varchar(191) COLLATE utf8mb4_unicode_ci DEFAULT 'in_stock',
  `created_by_id` int DEFAULT '0',
  `created_by_type` varchar(255) COLLATE utf8mb4_unicode_ci NOT NULL DEFAULT 'Botble\\ACL\\Models\\User',
  `image` varchar(255) COLLATE utf8mb4_unicode_ci DEFAULT NULL,
  `product_type` varchar(60) COLLATE utf8mb4_unicode_ci DEFAULT 'physical',
  `store_id` int unsigned DEFAULT NULL,
  `approved_by` int DEFAULT '0',
  PRIMARY KEY (`id`),
  KEY `ec_products_brand_id_status_is_variation_created_at_index` (`brand_id`,`status`,`is_variation`,`created_at`),
  KEY `ec_products_sale_type_index` (`sale_type`),
  KEY `ec_products_start_date_index` (`start_date`),
  KEY `ec_products_end_date_index` (`end_date`),
  KEY `ec_products_sale_price_index` (`sale_price`),
  KEY `ec_products_is_variation_index` (`is_variation`)
) ENGINE=InnoDB AUTO_INCREMENT=90 DEFAULT CHARSET=utf8mb4 COLLATE=utf8mb4_unicode_ci;

--
-- Dumping data for table `ec_products`
--

INSERT INTO `ec_products` VALUES (1,'Seeds of Change Organic Quinoe','<p>Short Hooded Coat features a straight body, large pockets with button flaps, ventilation air holes, and a string detail along the hemline.</p><ul>\n                                        <li><i class=\"fi-rs-hourglass mr-5 text-brand\"></i> 1 Year AL Jazeera Brand Warranty</li>\n                                        <li><i class=\"fi-rs-paper-plane mr-5 text-brand\"></i> 30 Day Return Policy</li>\n                                        <li><i class=\"fi-rs-credit-card mr-5 text-brand\"></i> Cash on Delivery available</li>\n                                    </ul>','<p>Short Hooded Coat features a straight body, large pockets with button flaps, ventilation air holes, and a string detail along the hemline. The style is completed with a drawstring hood, featuring Rains&rsquo; signature built-in cap. Made from waterproof, matte PU, this lightweight unisex rain jacket is an ode to nostalgia through its classic silhouette and utilitarian design details.</p>\n                                <p>- Casual unisex fit</p>\n\n                                <p>- 64% polyester, 36% polyurethane</p>\n\n                                <p>- Water column pressure: 4000 mm</p>\n\n                                <p>- Model is 187cm tall and wearing a size S / M</p>\n\n                                <p>- Unisex fit</p>\n\n                                <p>- Drawstring hood with built-in cap</p>\n\n                                <p>- Front placket with snap buttons</p>\n\n                                <p>- Ventilation under armpit</p>\n\n                                <p>- Adjustable cuffs</p>\n\n                                <p>- Double welted front pockets</p>\n\n                                <p>- Adjustable elastic string at hempen</p>\n\n                                <p>- Ultrasonically welded seams</p>\n\n                                <p>This is a unisex item, please check our clothing &amp; footwear sizing guide for specific Rains jacket sizing information. RAINS comes from the rainy nation of Denmark at the edge of the European continent, close to the ocean and with prevailing westerly winds; all factors that contribute to an average of 121 rain days each year. Arising from these rainy weather conditions comes the attitude that a quick rain shower may be beautiful, as well as moody- but first and foremost requires the right outfit. Rains focus on the whole experience of going outside on rainy days, issuing an invitation to explore even in the most mercurial weather.</p>','published','[\"products\\/1.jpg\",\"products\\/1-1.jpg\"]','HS-186-A0',0,11,0,1,1,1,0,0,317,NULL,NULL,NULL,20.00,10.00,15.00,551.00,1,107575,'2022-09-22 01:25:59','2022-09-22 01:27:40','in_stock',0,'Botble\\ACL\\Models\\User',NULL,'physical',5,0),(2,'All Natural Italian-Style Chicken Meatballs','<p>Short Hooded Coat features a straight body, large pockets with button flaps, ventilation air holes, and a string detail along the hemline.</p><ul>\n                                        <li><i class=\"fi-rs-hourglass mr-5 text-brand\"></i> 1 Year AL Jazeera Brand Warranty</li>\n                                        <li><i class=\"fi-rs-paper-plane mr-5 text-brand\"></i> 30 Day Return Policy</li>\n                                        <li><i class=\"fi-rs-credit-card mr-5 text-brand\"></i> Cash on Delivery available</li>\n                                    </ul>','<p>Short Hooded Coat features a straight body, large pockets with button flaps, ventilation air holes, and a string detail along the hemline. The style is completed with a drawstring hood, featuring Rains&rsquo; signature built-in cap. Made from waterproof, matte PU, this lightweight unisex rain jacket is an ode to nostalgia through its classic silhouette and utilitarian design details.</p>\n                                <p>- Casual unisex fit</p>\n\n                                <p>- 64% polyester, 36% polyurethane</p>\n\n                                <p>- Water column pressure: 4000 mm</p>\n\n                                <p>- Model is 187cm tall and wearing a size S / M</p>\n\n                                <p>- Unisex fit</p>\n\n                                <p>- Drawstring hood with built-in cap</p>\n\n                                <p>- Front placket with snap buttons</p>\n\n                                <p>- Ventilation under armpit</p>\n\n                                <p>- Adjustable cuffs</p>\n\n                                <p>- Double welted front pockets</p>\n\n                                <p>- Adjustable elastic string at hempen</p>\n\n                                <p>- Ultrasonically welded seams</p>\n\n                                <p>This is a unisex item, please check our clothing &amp; footwear sizing guide for specific Rains jacket sizing information. RAINS comes from the rainy nation of Denmark at the edge of the European continent, close to the ocean and with prevailing westerly winds; all factors that contribute to an average of 121 rain days each year. Arising from these rainy weather conditions comes the attitude that a quick rain shower may be beautiful, as well as moody- but first and foremost requires the right outfit. Rains focus on the whole experience of going outside on rainy days, issuing an invitation to explore even in the most mercurial weather.</p>','published','[\"products\\/2.jpg\",\"products\\/2-1.jpg\"]','HS-101-A0',0,19,0,1,1,5,0,0,393,NULL,NULL,NULL,12.00,15.00,19.00,567.00,1,163328,'2022-09-22 01:25:59','2022-09-22 01:27:40','in_stock',0,'Botble\\ACL\\Models\\User',NULL,'physical',5,0),(3,'Angie’s Boomchickapop Sweet & Salty Kettle Corn','<p>Short Hooded Coat features a straight body, large pockets with button flaps, ventilation air holes, and a string detail along the hemline.</p><ul>\n                                        <li><i class=\"fi-rs-hourglass mr-5 text-brand\"></i> 1 Year AL Jazeera Brand Warranty</li>\n                                        <li><i class=\"fi-rs-paper-plane mr-5 text-brand\"></i> 30 Day Return Policy</li>\n                                        <li><i class=\"fi-rs-credit-card mr-5 text-brand\"></i> Cash on Delivery available</li>\n                                    </ul>','<p>Short Hooded Coat features a straight body, large pockets with button flaps, ventilation air holes, and a string detail along the hemline. The style is completed with a drawstring hood, featuring Rains&rsquo; signature built-in cap. Made from waterproof, matte PU, this lightweight unisex rain jacket is an ode to nostalgia through its classic silhouette and utilitarian design details.</p>\n                                <p>- Casual unisex fit</p>\n\n                                <p>- 64% polyester, 36% polyurethane</p>\n\n                                <p>- Water column pressure: 4000 mm</p>\n\n                                <p>- Model is 187cm tall and wearing a size S / M</p>\n\n                                <p>- Unisex fit</p>\n\n                                <p>- Drawstring hood with built-in cap</p>\n\n                                <p>- Front placket with snap buttons</p>\n\n                                <p>- Ventilation under armpit</p>\n\n                                <p>- Adjustable cuffs</p>\n\n                                <p>- Double welted front pockets</p>\n\n                                <p>- Adjustable elastic string at hempen</p>\n\n                                <p>- Ultrasonically welded seams</p>\n\n                                <p>This is a unisex item, please check our clothing &amp; footwear sizing guide for specific Rains jacket sizing information. RAINS comes from the rainy nation of Denmark at the edge of the European continent, close to the ocean and with prevailing westerly winds; all factors that contribute to an average of 121 rain days each year. Arising from these rainy weather conditions comes the attitude that a quick rain shower may be beautiful, as well as moody- but first and foremost requires the right outfit. Rains focus on the whole experience of going outside on rainy days, issuing an invitation to explore even in the most mercurial weather.</p>','published','[\"products\\/3.jpg\",\"products\\/3-1.jpg\"]','HS-113-A0',0,10,0,1,1,7,0,0,332,NULL,NULL,NULL,12.00,15.00,16.00,753.00,1,182866,'2022-09-22 01:26:00','2022-09-22 01:27:40','in_stock',0,'Botble\\ACL\\Models\\User',NULL,'physical',1,0),(4,'Foster Farms Takeout Crispy Classic','<p>Short Hooded Coat features a straight body, large pockets with button flaps, ventilation air holes, and a string detail along the hemline.</p><ul>\n                                        <li><i class=\"fi-rs-hourglass mr-5 text-brand\"></i> 1 Year AL Jazeera Brand Warranty</li>\n                                        <li><i class=\"fi-rs-paper-plane mr-5 text-brand\"></i> 30 Day Return Policy</li>\n                                        <li><i class=\"fi-rs-credit-card mr-5 text-brand\"></i> Cash on Delivery available</li>\n                                    </ul>','<p>Short Hooded Coat features a straight body, large pockets with button flaps, ventilation air holes, and a string detail along the hemline. The style is completed with a drawstring hood, featuring Rains&rsquo; signature built-in cap. Made from waterproof, matte PU, this lightweight unisex rain jacket is an ode to nostalgia through its classic silhouette and utilitarian design details.</p>\n                                <p>- Casual unisex fit</p>\n\n                                <p>- 64% polyester, 36% polyurethane</p>\n\n                                <p>- Water column pressure: 4000 mm</p>\n\n                                <p>- Model is 187cm tall and wearing a size S / M</p>\n\n                                <p>- Unisex fit</p>\n\n                                <p>- Drawstring hood with built-in cap</p>\n\n                                <p>- Front placket with snap buttons</p>\n\n                                <p>- Ventilation under armpit</p>\n\n                                <p>- Adjustable cuffs</p>\n\n                                <p>- Double welted front pockets</p>\n\n                                <p>- Adjustable elastic string at hempen</p>\n\n                                <p>- Ultrasonically welded seams</p>\n\n                                <p>This is a unisex item, please check our clothing &amp; footwear sizing guide for specific Rains jacket sizing information. RAINS comes from the rainy nation of Denmark at the edge of the European continent, close to the ocean and with prevailing westerly winds; all factors that contribute to an average of 121 rain days each year. Arising from these rainy weather conditions comes the attitude that a quick rain shower may be beautiful, as well as moody- but first and foremost requires the right outfit. Rains focus on the whole experience of going outside on rainy days, issuing an invitation to explore even in the most mercurial weather.</p>','published','[\"products\\/4.jpg\",\"products\\/4-1.jpg\"]','HS-174-A0',0,16,0,1,1,7,0,0,78,70.2,NULL,NULL,20.00,19.00,19.00,617.00,1,103149,'2022-09-22 01:26:00','2022-09-22 01:27:40','in_stock',0,'Botble\\ACL\\Models\\User',NULL,'physical',4,0),(5,'Blue Diamond Almonds Lightly','<p>Short Hooded Coat features a straight body, large pockets with button flaps, ventilation air holes, and a string detail along the hemline.</p><ul>\n                                        <li><i class=\"fi-rs-hourglass mr-5 text-brand\"></i> 1 Year AL Jazeera Brand Warranty</li>\n                                        <li><i class=\"fi-rs-paper-plane mr-5 text-brand\"></i> 30 Day Return Policy</li>\n                                        <li><i class=\"fi-rs-credit-card mr-5 text-brand\"></i> Cash on Delivery available</li>\n                                    </ul>','<p>Short Hooded Coat features a straight body, large pockets with button flaps, ventilation air holes, and a string detail along the hemline. The style is completed with a drawstring hood, featuring Rains&rsquo; signature built-in cap. Made from waterproof, matte PU, this lightweight unisex rain jacket is an ode to nostalgia through its classic silhouette and utilitarian design details.</p>\n                                <p>- Casual unisex fit</p>\n\n                                <p>- 64% polyester, 36% polyurethane</p>\n\n                                <p>- Water column pressure: 4000 mm</p>\n\n                                <p>- Model is 187cm tall and wearing a size S / M</p>\n\n                                <p>- Unisex fit</p>\n\n                                <p>- Drawstring hood with built-in cap</p>\n\n                                <p>- Front placket with snap buttons</p>\n\n                                <p>- Ventilation under armpit</p>\n\n                                <p>- Adjustable cuffs</p>\n\n                                <p>- Double welted front pockets</p>\n\n                                <p>- Adjustable elastic string at hempen</p>\n\n                                <p>- Ultrasonically welded seams</p>\n\n                                <p>This is a unisex item, please check our clothing &amp; footwear sizing guide for specific Rains jacket sizing information. RAINS comes from the rainy nation of Denmark at the edge of the European continent, close to the ocean and with prevailing westerly winds; all factors that contribute to an average of 121 rain days each year. Arising from these rainy weather conditions comes the attitude that a quick rain shower may be beautiful, as well as moody- but first and foremost requires the right outfit. Rains focus on the whole experience of going outside on rainy days, issuing an invitation to explore even in the most mercurial weather.</p>','published','[\"products\\/5.jpg\",\"products\\/5-1.jpg\"]','HS-123-A0',0,17,0,1,1,3,0,0,47,NULL,NULL,NULL,11.00,15.00,14.00,734.00,1,138582,'2022-09-22 01:26:00','2022-09-22 01:27:40','in_stock',0,'Botble\\ACL\\Models\\User',NULL,'physical',2,0),(6,'Chobani Complete Vanilla Greek','<p>Short Hooded Coat features a straight body, large pockets with button flaps, ventilation air holes, and a string detail along the hemline.</p><ul>\n                                        <li><i class=\"fi-rs-hourglass mr-5 text-brand\"></i> 1 Year AL Jazeera Brand Warranty</li>\n                                        <li><i class=\"fi-rs-paper-plane mr-5 text-brand\"></i> 30 Day Return Policy</li>\n                                        <li><i class=\"fi-rs-credit-card mr-5 text-brand\"></i> Cash on Delivery available</li>\n                                    </ul>','<p>Short Hooded Coat features a straight body, large pockets with button flaps, ventilation air holes, and a string detail along the hemline. The style is completed with a drawstring hood, featuring Rains&rsquo; signature built-in cap. Made from waterproof, matte PU, this lightweight unisex rain jacket is an ode to nostalgia through its classic silhouette and utilitarian design details.</p>\n                                <p>- Casual unisex fit</p>\n\n                                <p>- 64% polyester, 36% polyurethane</p>\n\n                                <p>- Water column pressure: 4000 mm</p>\n\n                                <p>- Model is 187cm tall and wearing a size S / M</p>\n\n                                <p>- Unisex fit</p>\n\n                                <p>- Drawstring hood with built-in cap</p>\n\n                                <p>- Front placket with snap buttons</p>\n\n                                <p>- Ventilation under armpit</p>\n\n                                <p>- Adjustable cuffs</p>\n\n                                <p>- Double welted front pockets</p>\n\n                                <p>- Adjustable elastic string at hempen</p>\n\n                                <p>- Ultrasonically welded seams</p>\n\n                                <p>This is a unisex item, please check our clothing &amp; footwear sizing guide for specific Rains jacket sizing information. RAINS comes from the rainy nation of Denmark at the edge of the European continent, close to the ocean and with prevailing westerly winds; all factors that contribute to an average of 121 rain days each year. Arising from these rainy weather conditions comes the attitude that a quick rain shower may be beautiful, as well as moody- but first and foremost requires the right outfit. Rains focus on the whole experience of going outside on rainy days, issuing an invitation to explore even in the most mercurial weather.</p>','published','[\"products\\/6.jpg\",\"products\\/6-1.jpg\"]','HS-113-A0',0,10,0,1,1,3,0,0,60,NULL,NULL,NULL,20.00,20.00,13.00,718.00,1,78419,'2022-09-22 01:26:00','2022-09-22 01:27:40','in_stock',0,'Botble\\ACL\\Models\\User',NULL,'physical',2,0),(7,'Canada Dry Ginger Ale – 2 L Bottle','<p>Short Hooded Coat features a straight body, large pockets with button flaps, ventilation air holes, and a string detail along the hemline.</p><ul>\n                                        <li><i class=\"fi-rs-hourglass mr-5 text-brand\"></i> 1 Year AL Jazeera Brand Warranty</li>\n                                        <li><i class=\"fi-rs-paper-plane mr-5 text-brand\"></i> 30 Day Return Policy</li>\n                                        <li><i class=\"fi-rs-credit-card mr-5 text-brand\"></i> Cash on Delivery available</li>\n                                    </ul>','<p>Short Hooded Coat features a straight body, large pockets with button flaps, ventilation air holes, and a string detail along the hemline. The style is completed with a drawstring hood, featuring Rains&rsquo; signature built-in cap. Made from waterproof, matte PU, this lightweight unisex rain jacket is an ode to nostalgia through its classic silhouette and utilitarian design details.</p>\n                                <p>- Casual unisex fit</p>\n\n                                <p>- 64% polyester, 36% polyurethane</p>\n\n                                <p>- Water column pressure: 4000 mm</p>\n\n                                <p>- Model is 187cm tall and wearing a size S / M</p>\n\n                                <p>- Unisex fit</p>\n\n                                <p>- Drawstring hood with built-in cap</p>\n\n                                <p>- Front placket with snap buttons</p>\n\n                                <p>- Ventilation under armpit</p>\n\n                                <p>- Adjustable cuffs</p>\n\n                                <p>- Double welted front pockets</p>\n\n                                <p>- Adjustable elastic string at hempen</p>\n\n                                <p>- Ultrasonically welded seams</p>\n\n                                <p>This is a unisex item, please check our clothing &amp; footwear sizing guide for specific Rains jacket sizing information. RAINS comes from the rainy nation of Denmark at the edge of the European continent, close to the ocean and with prevailing westerly winds; all factors that contribute to an average of 121 rain days each year. Arising from these rainy weather conditions comes the attitude that a quick rain shower may be beautiful, as well as moody- but first and foremost requires the right outfit. Rains focus on the whole experience of going outside on rainy days, issuing an invitation to explore even in the most mercurial weather.</p>','published','[\"products\\/7.jpg\",\"products\\/7-1.jpg\"]','HS-129-A0',0,18,0,1,1,4,0,0,125,NULL,NULL,NULL,17.00,20.00,16.00,844.00,1,80310,'2022-09-22 01:26:00','2022-09-22 01:27:40','in_stock',0,'Botble\\ACL\\Models\\User',NULL,'physical',3,0),(8,'Encore Seafoods Stuffed Alaskan','<p>Short Hooded Coat features a straight body, large pockets with button flaps, ventilation air holes, and a string detail along the hemline.</p><ul>\n                                        <li><i class=\"fi-rs-hourglass mr-5 text-brand\"></i> 1 Year AL Jazeera Brand Warranty</li>\n                                        <li><i class=\"fi-rs-paper-plane mr-5 text-brand\"></i> 30 Day Return Policy</li>\n                                        <li><i class=\"fi-rs-credit-card mr-5 text-brand\"></i> Cash on Delivery available</li>\n                                    </ul>','<p>Short Hooded Coat features a straight body, large pockets with button flaps, ventilation air holes, and a string detail along the hemline. The style is completed with a drawstring hood, featuring Rains&rsquo; signature built-in cap. Made from waterproof, matte PU, this lightweight unisex rain jacket is an ode to nostalgia through its classic silhouette and utilitarian design details.</p>\n                                <p>- Casual unisex fit</p>\n\n                                <p>- 64% polyester, 36% polyurethane</p>\n\n                                <p>- Water column pressure: 4000 mm</p>\n\n                                <p>- Model is 187cm tall and wearing a size S / M</p>\n\n                                <p>- Unisex fit</p>\n\n                                <p>- Drawstring hood with built-in cap</p>\n\n                                <p>- Front placket with snap buttons</p>\n\n                                <p>- Ventilation under armpit</p>\n\n                                <p>- Adjustable cuffs</p>\n\n                                <p>- Double welted front pockets</p>\n\n                                <p>- Adjustable elastic string at hempen</p>\n\n                                <p>- Ultrasonically welded seams</p>\n\n                                <p>This is a unisex item, please check our clothing &amp; footwear sizing guide for specific Rains jacket sizing information. RAINS comes from the rainy nation of Denmark at the edge of the European continent, close to the ocean and with prevailing westerly winds; all factors that contribute to an average of 121 rain days each year. Arising from these rainy weather conditions comes the attitude that a quick rain shower may be beautiful, as well as moody- but first and foremost requires the right outfit. Rains focus on the whole experience of going outside on rainy days, issuing an invitation to explore even in the most mercurial weather.</p>','published','[\"products\\/8.jpg\",\"products\\/8-1.jpg\"]','HS-181-A0',0,11,0,1,1,2,0,0,130,101.4,NULL,NULL,10.00,17.00,17.00,840.00,1,160637,'2022-09-22 01:26:00','2022-09-22 01:27:40','in_stock',0,'Botble\\ACL\\Models\\User',NULL,'physical',3,0),(9,'Gorton’s Beer Battered Fish Fillets','<p>Short Hooded Coat features a straight body, large pockets with button flaps, ventilation air holes, and a string detail along the hemline.</p><ul>\n                                        <li><i class=\"fi-rs-hourglass mr-5 text-brand\"></i> 1 Year AL Jazeera Brand Warranty</li>\n                                        <li><i class=\"fi-rs-paper-plane mr-5 text-brand\"></i> 30 Day Return Policy</li>\n                                        <li><i class=\"fi-rs-credit-card mr-5 text-brand\"></i> Cash on Delivery available</li>\n                                    </ul>','<p>Short Hooded Coat features a straight body, large pockets with button flaps, ventilation air holes, and a string detail along the hemline. The style is completed with a drawstring hood, featuring Rains&rsquo; signature built-in cap. Made from waterproof, matte PU, this lightweight unisex rain jacket is an ode to nostalgia through its classic silhouette and utilitarian design details.</p>\n                                <p>- Casual unisex fit</p>\n\n                                <p>- 64% polyester, 36% polyurethane</p>\n\n                                <p>- Water column pressure: 4000 mm</p>\n\n                                <p>- Model is 187cm tall and wearing a size S / M</p>\n\n                                <p>- Unisex fit</p>\n\n                                <p>- Drawstring hood with built-in cap</p>\n\n                                <p>- Front placket with snap buttons</p>\n\n                                <p>- Ventilation under armpit</p>\n\n                                <p>- Adjustable cuffs</p>\n\n                                <p>- Double welted front pockets</p>\n\n                                <p>- Adjustable elastic string at hempen</p>\n\n                                <p>- Ultrasonically welded seams</p>\n\n                                <p>This is a unisex item, please check our clothing &amp; footwear sizing guide for specific Rains jacket sizing information. RAINS comes from the rainy nation of Denmark at the edge of the European continent, close to the ocean and with prevailing westerly winds; all factors that contribute to an average of 121 rain days each year. Arising from these rainy weather conditions comes the attitude that a quick rain shower may be beautiful, as well as moody- but first and foremost requires the right outfit. Rains focus on the whole experience of going outside on rainy days, issuing an invitation to explore even in the most mercurial weather.</p>','published','[\"products\\/9.jpg\",\"products\\/9-1.jpg\"]','HS-127-A0',0,12,0,1,1,5,0,0,115,NULL,NULL,NULL,11.00,13.00,20.00,652.00,1,85813,'2022-09-22 01:26:00','2022-09-22 01:27:40','in_stock',0,'Botble\\ACL\\Models\\User',NULL,'physical',4,0),(10,'Haagen-Dazs Caramel Cone Ice Cream','<p>Short Hooded Coat features a straight body, large pockets with button flaps, ventilation air holes, and a string detail along the hemline.</p><ul>\n                                        <li><i class=\"fi-rs-hourglass mr-5 text-brand\"></i> 1 Year AL Jazeera Brand Warranty</li>\n                                        <li><i class=\"fi-rs-paper-plane mr-5 text-brand\"></i> 30 Day Return Policy</li>\n                                        <li><i class=\"fi-rs-credit-card mr-5 text-brand\"></i> Cash on Delivery available</li>\n                                    </ul>','<p>Short Hooded Coat features a straight body, large pockets with button flaps, ventilation air holes, and a string detail along the hemline. The style is completed with a drawstring hood, featuring Rains&rsquo; signature built-in cap. Made from waterproof, matte PU, this lightweight unisex rain jacket is an ode to nostalgia through its classic silhouette and utilitarian design details.</p>\n                                <p>- Casual unisex fit</p>\n\n                                <p>- 64% polyester, 36% polyurethane</p>\n\n                                <p>- Water column pressure: 4000 mm</p>\n\n                                <p>- Model is 187cm tall and wearing a size S / M</p>\n\n                                <p>- Unisex fit</p>\n\n                                <p>- Drawstring hood with built-in cap</p>\n\n                                <p>- Front placket with snap buttons</p>\n\n                                <p>- Ventilation under armpit</p>\n\n                                <p>- Adjustable cuffs</p>\n\n                                <p>- Double welted front pockets</p>\n\n                                <p>- Adjustable elastic string at hempen</p>\n\n                                <p>- Ultrasonically welded seams</p>\n\n                                <p>This is a unisex item, please check our clothing &amp; footwear sizing guide for specific Rains jacket sizing information. RAINS comes from the rainy nation of Denmark at the edge of the European continent, close to the ocean and with prevailing westerly winds; all factors that contribute to an average of 121 rain days each year. Arising from these rainy weather conditions comes the attitude that a quick rain shower may be beautiful, as well as moody- but first and foremost requires the right outfit. Rains focus on the whole experience of going outside on rainy days, issuing an invitation to explore even in the most mercurial weather.</p>','published','[\"products\\/10.jpg\",\"products\\/10-1.jpg\"]','HS-119-A0',0,18,0,1,1,1,0,0,465,NULL,NULL,NULL,14.00,15.00,11.00,642.00,1,55668,'2022-09-22 01:26:00','2022-09-22 01:27:40','in_stock',0,'Botble\\ACL\\Models\\User',NULL,'physical',2,0),(11,'Nestle Original Coffee-Mate Coffee Creamer','<p>Short Hooded Coat features a straight body, large pockets with button flaps, ventilation air holes, and a string detail along the hemline.</p><ul>\n                                        <li><i class=\"fi-rs-hourglass mr-5 text-brand\"></i> 1 Year AL Jazeera Brand Warranty</li>\n                                        <li><i class=\"fi-rs-paper-plane mr-5 text-brand\"></i> 30 Day Return Policy</li>\n                                        <li><i class=\"fi-rs-credit-card mr-5 text-brand\"></i> Cash on Delivery available</li>\n                                    </ul>','<p>Short Hooded Coat features a straight body, large pockets with button flaps, ventilation air holes, and a string detail along the hemline. The style is completed with a drawstring hood, featuring Rains&rsquo; signature built-in cap. Made from waterproof, matte PU, this lightweight unisex rain jacket is an ode to nostalgia through its classic silhouette and utilitarian design details.</p>\n                                <p>- Casual unisex fit</p>\n\n                                <p>- 64% polyester, 36% polyurethane</p>\n\n                                <p>- Water column pressure: 4000 mm</p>\n\n                                <p>- Model is 187cm tall and wearing a size S / M</p>\n\n                                <p>- Unisex fit</p>\n\n                                <p>- Drawstring hood with built-in cap</p>\n\n                                <p>- Front placket with snap buttons</p>\n\n                                <p>- Ventilation under armpit</p>\n\n                                <p>- Adjustable cuffs</p>\n\n                                <p>- Double welted front pockets</p>\n\n                                <p>- Adjustable elastic string at hempen</p>\n\n                                <p>- Ultrasonically welded seams</p>\n\n                                <p>This is a unisex item, please check our clothing &amp; footwear sizing guide for specific Rains jacket sizing information. RAINS comes from the rainy nation of Denmark at the edge of the European continent, close to the ocean and with prevailing westerly winds; all factors that contribute to an average of 121 rain days each year. Arising from these rainy weather conditions comes the attitude that a quick rain shower may be beautiful, as well as moody- but first and foremost requires the right outfit. Rains focus on the whole experience of going outside on rainy days, issuing an invitation to explore even in the most mercurial weather.</p>','published','[\"products\\/11.jpg\",\"products\\/11-1.jpg\"]','HS-171-A0',0,11,0,1,1,6,0,0,127,NULL,NULL,NULL,10.00,12.00,14.00,687.00,1,134257,'2022-09-22 01:26:00','2022-09-22 01:27:40','in_stock',0,'Botble\\ACL\\Models\\User',NULL,'physical',1,0),(12,'Naturally Flavored Cinnamon Vanilla Light Roast Coffee','<p>Short Hooded Coat features a straight body, large pockets with button flaps, ventilation air holes, and a string detail along the hemline.</p><ul>\n                                        <li><i class=\"fi-rs-hourglass mr-5 text-brand\"></i> 1 Year AL Jazeera Brand Warranty</li>\n                                        <li><i class=\"fi-rs-paper-plane mr-5 text-brand\"></i> 30 Day Return Policy</li>\n                                        <li><i class=\"fi-rs-credit-card mr-5 text-brand\"></i> Cash on Delivery available</li>\n                                    </ul>','<p>Short Hooded Coat features a straight body, large pockets with button flaps, ventilation air holes, and a string detail along the hemline. The style is completed with a drawstring hood, featuring Rains&rsquo; signature built-in cap. Made from waterproof, matte PU, this lightweight unisex rain jacket is an ode to nostalgia through its classic silhouette and utilitarian design details.</p>\n                                <p>- Casual unisex fit</p>\n\n                                <p>- 64% polyester, 36% polyurethane</p>\n\n                                <p>- Water column pressure: 4000 mm</p>\n\n                                <p>- Model is 187cm tall and wearing a size S / M</p>\n\n                                <p>- Unisex fit</p>\n\n                                <p>- Drawstring hood with built-in cap</p>\n\n                                <p>- Front placket with snap buttons</p>\n\n                                <p>- Ventilation under armpit</p>\n\n                                <p>- Adjustable cuffs</p>\n\n                                <p>- Double welted front pockets</p>\n\n                                <p>- Adjustable elastic string at hempen</p>\n\n                                <p>- Ultrasonically welded seams</p>\n\n                                <p>This is a unisex item, please check our clothing &amp; footwear sizing guide for specific Rains jacket sizing information. RAINS comes from the rainy nation of Denmark at the edge of the European continent, close to the ocean and with prevailing westerly winds; all factors that contribute to an average of 121 rain days each year. Arising from these rainy weather conditions comes the attitude that a quick rain shower may be beautiful, as well as moody- but first and foremost requires the right outfit. Rains focus on the whole experience of going outside on rainy days, issuing an invitation to explore even in the most mercurial weather.</p>','published','[\"products\\/12.jpg\",\"products\\/12-1.jpg\"]','HS-189-A0',0,13,0,1,1,5,0,0,121,89.54,NULL,NULL,14.00,20.00,18.00,822.00,1,189388,'2022-09-22 01:26:00','2022-09-22 01:27:40','in_stock',0,'Botble\\ACL\\Models\\User',NULL,'physical',4,0),(13,'Pepperidge Farm Farmhouse Hearty White Bread','<p>Short Hooded Coat features a straight body, large pockets with button flaps, ventilation air holes, and a string detail along the hemline.</p><ul>\n                                        <li><i class=\"fi-rs-hourglass mr-5 text-brand\"></i> 1 Year AL Jazeera Brand Warranty</li>\n                                        <li><i class=\"fi-rs-paper-plane mr-5 text-brand\"></i> 30 Day Return Policy</li>\n                                        <li><i class=\"fi-rs-credit-card mr-5 text-brand\"></i> Cash on Delivery available</li>\n                                    </ul>','<p>Short Hooded Coat features a straight body, large pockets with button flaps, ventilation air holes, and a string detail along the hemline. The style is completed with a drawstring hood, featuring Rains&rsquo; signature built-in cap. Made from waterproof, matte PU, this lightweight unisex rain jacket is an ode to nostalgia through its classic silhouette and utilitarian design details.</p>\n                                <p>- Casual unisex fit</p>\n\n                                <p>- 64% polyester, 36% polyurethane</p>\n\n                                <p>- Water column pressure: 4000 mm</p>\n\n                                <p>- Model is 187cm tall and wearing a size S / M</p>\n\n                                <p>- Unisex fit</p>\n\n                                <p>- Drawstring hood with built-in cap</p>\n\n                                <p>- Front placket with snap buttons</p>\n\n                                <p>- Ventilation under armpit</p>\n\n                                <p>- Adjustable cuffs</p>\n\n                                <p>- Double welted front pockets</p>\n\n                                <p>- Adjustable elastic string at hempen</p>\n\n                                <p>- Ultrasonically welded seams</p>\n\n                                <p>This is a unisex item, please check our clothing &amp; footwear sizing guide for specific Rains jacket sizing information. RAINS comes from the rainy nation of Denmark at the edge of the European continent, close to the ocean and with prevailing westerly winds; all factors that contribute to an average of 121 rain days each year. Arising from these rainy weather conditions comes the attitude that a quick rain shower may be beautiful, as well as moody- but first and foremost requires the right outfit. Rains focus on the whole experience of going outside on rainy days, issuing an invitation to explore even in the most mercurial weather.</p>','published','[\"products\\/13.jpg\",\"products\\/13-1.jpg\"]','HS-107-A0',0,10,0,1,1,5,0,0,126,NULL,NULL,NULL,11.00,13.00,20.00,738.00,1,131068,'2022-09-22 01:26:01','2022-09-22 01:27:40','in_stock',0,'Botble\\ACL\\Models\\User',NULL,'physical',2,0),(14,'Organic Frozen Triple Berry Blend','<p>Short Hooded Coat features a straight body, large pockets with button flaps, ventilation air holes, and a string detail along the hemline.</p><ul>\n                                        <li><i class=\"fi-rs-hourglass mr-5 text-brand\"></i> 1 Year AL Jazeera Brand Warranty</li>\n                                        <li><i class=\"fi-rs-paper-plane mr-5 text-brand\"></i> 30 Day Return Policy</li>\n                                        <li><i class=\"fi-rs-credit-card mr-5 text-brand\"></i> Cash on Delivery available</li>\n                                    </ul>','<p>Short Hooded Coat features a straight body, large pockets with button flaps, ventilation air holes, and a string detail along the hemline. The style is completed with a drawstring hood, featuring Rains&rsquo; signature built-in cap. Made from waterproof, matte PU, this lightweight unisex rain jacket is an ode to nostalgia through its classic silhouette and utilitarian design details.</p>\n                                <p>- Casual unisex fit</p>\n\n                                <p>- 64% polyester, 36% polyurethane</p>\n\n                                <p>- Water column pressure: 4000 mm</p>\n\n                                <p>- Model is 187cm tall and wearing a size S / M</p>\n\n                                <p>- Unisex fit</p>\n\n                                <p>- Drawstring hood with built-in cap</p>\n\n                                <p>- Front placket with snap buttons</p>\n\n                                <p>- Ventilation under armpit</p>\n\n                                <p>- Adjustable cuffs</p>\n\n                                <p>- Double welted front pockets</p>\n\n                                <p>- Adjustable elastic string at hempen</p>\n\n                                <p>- Ultrasonically welded seams</p>\n\n                                <p>This is a unisex item, please check our clothing &amp; footwear sizing guide for specific Rains jacket sizing information. RAINS comes from the rainy nation of Denmark at the edge of the European continent, close to the ocean and with prevailing westerly winds; all factors that contribute to an average of 121 rain days each year. Arising from these rainy weather conditions comes the attitude that a quick rain shower may be beautiful, as well as moody- but first and foremost requires the right outfit. Rains focus on the whole experience of going outside on rainy days, issuing an invitation to explore even in the most mercurial weather.</p>','published','[\"products\\/14.jpg\",\"products\\/14-1.jpg\"]','HS-156-A0',0,16,0,1,1,1,0,0,125,NULL,NULL,NULL,16.00,10.00,12.00,646.00,1,134943,'2022-09-22 01:26:01','2022-09-22 01:27:40','in_stock',0,'Botble\\ACL\\Models\\User',NULL,'physical',2,0),(15,'Oroweat Country Buttermilk Bread','<p>Short Hooded Coat features a straight body, large pockets with button flaps, ventilation air holes, and a string detail along the hemline.</p><ul>\n                                        <li><i class=\"fi-rs-hourglass mr-5 text-brand\"></i> 1 Year AL Jazeera Brand Warranty</li>\n                                        <li><i class=\"fi-rs-paper-plane mr-5 text-brand\"></i> 30 Day Return Policy</li>\n                                        <li><i class=\"fi-rs-credit-card mr-5 text-brand\"></i> Cash on Delivery available</li>\n                                    </ul>','<p>Short Hooded Coat features a straight body, large pockets with button flaps, ventilation air holes, and a string detail along the hemline. The style is completed with a drawstring hood, featuring Rains&rsquo; signature built-in cap. Made from waterproof, matte PU, this lightweight unisex rain jacket is an ode to nostalgia through its classic silhouette and utilitarian design details.</p>\n                                <p>- Casual unisex fit</p>\n\n                                <p>- 64% polyester, 36% polyurethane</p>\n\n                                <p>- Water column pressure: 4000 mm</p>\n\n                                <p>- Model is 187cm tall and wearing a size S / M</p>\n\n                                <p>- Unisex fit</p>\n\n                                <p>- Drawstring hood with built-in cap</p>\n\n                                <p>- Front placket with snap buttons</p>\n\n                                <p>- Ventilation under armpit</p>\n\n                                <p>- Adjustable cuffs</p>\n\n                                <p>- Double welted front pockets</p>\n\n                                <p>- Adjustable elastic string at hempen</p>\n\n                                <p>- Ultrasonically welded seams</p>\n\n                                <p>This is a unisex item, please check our clothing &amp; footwear sizing guide for specific Rains jacket sizing information. RAINS comes from the rainy nation of Denmark at the edge of the European continent, close to the ocean and with prevailing westerly winds; all factors that contribute to an average of 121 rain days each year. Arising from these rainy weather conditions comes the attitude that a quick rain shower may be beautiful, as well as moody- but first and foremost requires the right outfit. Rains focus on the whole experience of going outside on rainy days, issuing an invitation to explore even in the most mercurial weather.</p>','published','[\"products\\/15.jpg\",\"products\\/15-1.jpg\"]','HS-143-A0',0,16,0,1,1,2,0,0,121,NULL,NULL,NULL,10.00,11.00,16.00,864.00,1,16466,'2022-09-22 01:26:01','2022-09-22 01:27:40','in_stock',0,'Botble\\ACL\\Models\\User',NULL,'physical',5,0),(16,'Foster Farms Takeout Crispy Classic Buffalo Wings','<p>Short Hooded Coat features a straight body, large pockets with button flaps, ventilation air holes, and a string detail along the hemline.</p><ul>\n                                        <li><i class=\"fi-rs-hourglass mr-5 text-brand\"></i> 1 Year AL Jazeera Brand Warranty</li>\n                                        <li><i class=\"fi-rs-paper-plane mr-5 text-brand\"></i> 30 Day Return Policy</li>\n                                        <li><i class=\"fi-rs-credit-card mr-5 text-brand\"></i> Cash on Delivery available</li>\n                                    </ul>','<p>Short Hooded Coat features a straight body, large pockets with button flaps, ventilation air holes, and a string detail along the hemline. The style is completed with a drawstring hood, featuring Rains&rsquo; signature built-in cap. Made from waterproof, matte PU, this lightweight unisex rain jacket is an ode to nostalgia through its classic silhouette and utilitarian design details.</p>\n                                <p>- Casual unisex fit</p>\n\n                                <p>- 64% polyester, 36% polyurethane</p>\n\n                                <p>- Water column pressure: 4000 mm</p>\n\n                                <p>- Model is 187cm tall and wearing a size S / M</p>\n\n                                <p>- Unisex fit</p>\n\n                                <p>- Drawstring hood with built-in cap</p>\n\n                                <p>- Front placket with snap buttons</p>\n\n                                <p>- Ventilation under armpit</p>\n\n                                <p>- Adjustable cuffs</p>\n\n                                <p>- Double welted front pockets</p>\n\n                                <p>- Adjustable elastic string at hempen</p>\n\n                                <p>- Ultrasonically welded seams</p>\n\n                                <p>This is a unisex item, please check our clothing &amp; footwear sizing guide for specific Rains jacket sizing information. RAINS comes from the rainy nation of Denmark at the edge of the European continent, close to the ocean and with prevailing westerly winds; all factors that contribute to an average of 121 rain days each year. Arising from these rainy weather conditions comes the attitude that a quick rain shower may be beautiful, as well as moody- but first and foremost requires the right outfit. Rains focus on the whole experience of going outside on rainy days, issuing an invitation to explore even in the most mercurial weather.</p>','published','[\"products\\/16.jpg\",\"products\\/16-1.jpg\",\"products\\/16-2.jpg\",\"products\\/16-3.jpg\",\"products\\/16-4.jpg\",\"products\\/16-5.jpg\",\"products\\/16-6.jpg\"]','HS-136-A0',0,13,0,1,1,3,0,0,128,89.6,NULL,NULL,10.00,14.00,18.00,698.00,1,43150,'2022-09-22 01:26:01','2022-09-22 01:27:40','in_stock',0,'Botble\\ACL\\Models\\User',NULL,'physical',4,0),(17,'Angie’s Boomchickapop Sweet & Salty Kettle Corn','<p>Short Hooded Coat features a straight body, large pockets with button flaps, ventilation air holes, and a string detail along the hemline.</p><ul>\n                                        <li><i class=\"fi-rs-hourglass mr-5 text-brand\"></i> 1 Year AL Jazeera Brand Warranty</li>\n                                        <li><i class=\"fi-rs-paper-plane mr-5 text-brand\"></i> 30 Day Return Policy</li>\n                                        <li><i class=\"fi-rs-credit-card mr-5 text-brand\"></i> Cash on Delivery available</li>\n                                    </ul>','<p>Short Hooded Coat features a straight body, large pockets with button flaps, ventilation air holes, and a string detail along the hemline. The style is completed with a drawstring hood, featuring Rains&rsquo; signature built-in cap. Made from waterproof, matte PU, this lightweight unisex rain jacket is an ode to nostalgia through its classic silhouette and utilitarian design details.</p>\n                                <p>- Casual unisex fit</p>\n\n                                <p>- 64% polyester, 36% polyurethane</p>\n\n                                <p>- Water column pressure: 4000 mm</p>\n\n                                <p>- Model is 187cm tall and wearing a size S / M</p>\n\n                                <p>- Unisex fit</p>\n\n                                <p>- Drawstring hood with built-in cap</p>\n\n                                <p>- Front placket with snap buttons</p>\n\n                                <p>- Ventilation under armpit</p>\n\n                                <p>- Adjustable cuffs</p>\n\n                                <p>- Double welted front pockets</p>\n\n                                <p>- Adjustable elastic string at hempen</p>\n\n                                <p>- Ultrasonically welded seams</p>\n\n                                <p>This is a unisex item, please check our clothing &amp; footwear sizing guide for specific Rains jacket sizing information. RAINS comes from the rainy nation of Denmark at the edge of the European continent, close to the ocean and with prevailing westerly winds; all factors that contribute to an average of 121 rain days each year. Arising from these rainy weather conditions comes the attitude that a quick rain shower may be beautiful, as well as moody- but first and foremost requires the right outfit. Rains focus on the whole experience of going outside on rainy days, issuing an invitation to explore even in the most mercurial weather.</p>','published','[\"products\\/17.jpg\",\"products\\/17-1.jpg\"]','HS-167-A0',0,11,0,1,1,1,0,0,114,NULL,NULL,NULL,15.00,19.00,16.00,543.00,1,104623,'2022-09-22 01:26:01','2022-09-22 01:27:40','in_stock',0,'Botble\\ACL\\Models\\User',NULL,'physical',4,0),(18,'All Natural Italian-Style Chicken Meatballs','<p>Short Hooded Coat features a straight body, large pockets with button flaps, ventilation air holes, and a string detail along the hemline.</p><ul>\n                                        <li><i class=\"fi-rs-hourglass mr-5 text-brand\"></i> 1 Year AL Jazeera Brand Warranty</li>\n                                        <li><i class=\"fi-rs-paper-plane mr-5 text-brand\"></i> 30 Day Return Policy</li>\n                                        <li><i class=\"fi-rs-credit-card mr-5 text-brand\"></i> Cash on Delivery available</li>\n                                    </ul>','<p>Short Hooded Coat features a straight body, large pockets with button flaps, ventilation air holes, and a string detail along the hemline. The style is completed with a drawstring hood, featuring Rains&rsquo; signature built-in cap. Made from waterproof, matte PU, this lightweight unisex rain jacket is an ode to nostalgia through its classic silhouette and utilitarian design details.</p>\n                                <p>- Casual unisex fit</p>\n\n                                <p>- 64% polyester, 36% polyurethane</p>\n\n                                <p>- Water column pressure: 4000 mm</p>\n\n                                <p>- Model is 187cm tall and wearing a size S / M</p>\n\n                                <p>- Unisex fit</p>\n\n                                <p>- Drawstring hood with built-in cap</p>\n\n                                <p>- Front placket with snap buttons</p>\n\n                                <p>- Ventilation under armpit</p>\n\n                                <p>- Adjustable cuffs</p>\n\n                                <p>- Double welted front pockets</p>\n\n                                <p>- Adjustable elastic string at hempen</p>\n\n                                <p>- Ultrasonically welded seams</p>\n\n                                <p>This is a unisex item, please check our clothing &amp; footwear sizing guide for specific Rains jacket sizing information. RAINS comes from the rainy nation of Denmark at the edge of the European continent, close to the ocean and with prevailing westerly winds; all factors that contribute to an average of 121 rain days each year. Arising from these rainy weather conditions comes the attitude that a quick rain shower may be beautiful, as well as moody- but first and foremost requires the right outfit. Rains focus on the whole experience of going outside on rainy days, issuing an invitation to explore even in the most mercurial weather.</p>','published','[\"products\\/18.jpg\",\"products\\/18-1.jpg\"]','HS-167-A0',0,13,0,1,1,6,0,0,122,NULL,NULL,NULL,14.00,14.00,17.00,528.00,1,8106,'2022-09-22 01:26:01','2022-09-22 01:27:40','in_stock',0,'Botble\\ACL\\Models\\User',NULL,'physical',3,0),(19,'Simply Lemonade with Raspberry Juice','<p>Short Hooded Coat features a straight body, large pockets with button flaps, ventilation air holes, and a string detail along the hemline.</p><ul>\n                                        <li><i class=\"fi-rs-hourglass mr-5 text-brand\"></i> 1 Year AL Jazeera Brand Warranty</li>\n                                        <li><i class=\"fi-rs-paper-plane mr-5 text-brand\"></i> 30 Day Return Policy</li>\n                                        <li><i class=\"fi-rs-credit-card mr-5 text-brand\"></i> Cash on Delivery available</li>\n                                    </ul>','<p>Short Hooded Coat features a straight body, large pockets with button flaps, ventilation air holes, and a string detail along the hemline. The style is completed with a drawstring hood, featuring Rains&rsquo; signature built-in cap. Made from waterproof, matte PU, this lightweight unisex rain jacket is an ode to nostalgia through its classic silhouette and utilitarian design details.</p>\n                                <p>- Casual unisex fit</p>\n\n                                <p>- 64% polyester, 36% polyurethane</p>\n\n                                <p>- Water column pressure: 4000 mm</p>\n\n                                <p>- Model is 187cm tall and wearing a size S / M</p>\n\n                                <p>- Unisex fit</p>\n\n                                <p>- Drawstring hood with built-in cap</p>\n\n                                <p>- Front placket with snap buttons</p>\n\n                                <p>- Ventilation under armpit</p>\n\n                                <p>- Adjustable cuffs</p>\n\n                                <p>- Double welted front pockets</p>\n\n                                <p>- Adjustable elastic string at hempen</p>\n\n                                <p>- Ultrasonically welded seams</p>\n\n                                <p>This is a unisex item, please check our clothing &amp; footwear sizing guide for specific Rains jacket sizing information. RAINS comes from the rainy nation of Denmark at the edge of the European continent, close to the ocean and with prevailing westerly winds; all factors that contribute to an average of 121 rain days each year. Arising from these rainy weather conditions comes the attitude that a quick rain shower may be beautiful, as well as moody- but first and foremost requires the right outfit. Rains focus on the whole experience of going outside on rainy days, issuing an invitation to explore even in the most mercurial weather.</p>','published','[\"products\\/19.jpg\",\"products\\/19-1.jpg\"]','HS-116-A0',0,15,0,1,1,7,0,0,125,NULL,NULL,NULL,13.00,15.00,14.00,847.00,1,168679,'2022-09-22 01:26:01','2022-09-22 01:27:40','in_stock',0,'Botble\\ACL\\Models\\User',NULL,'physical',5,0),(20,'Perdue Simply Smart Organics Gluten Free','<p>Short Hooded Coat features a straight body, large pockets with button flaps, ventilation air holes, and a string detail along the hemline.</p><ul>\n                                        <li><i class=\"fi-rs-hourglass mr-5 text-brand\"></i> 1 Year AL Jazeera Brand Warranty</li>\n                                        <li><i class=\"fi-rs-paper-plane mr-5 text-brand\"></i> 30 Day Return Policy</li>\n                                        <li><i class=\"fi-rs-credit-card mr-5 text-brand\"></i> Cash on Delivery available</li>\n                                    </ul>','<p>Short Hooded Coat features a straight body, large pockets with button flaps, ventilation air holes, and a string detail along the hemline. The style is completed with a drawstring hood, featuring Rains&rsquo; signature built-in cap. Made from waterproof, matte PU, this lightweight unisex rain jacket is an ode to nostalgia through its classic silhouette and utilitarian design details.</p>\n                                <p>- Casual unisex fit</p>\n\n                                <p>- 64% polyester, 36% polyurethane</p>\n\n                                <p>- Water column pressure: 4000 mm</p>\n\n                                <p>- Model is 187cm tall and wearing a size S / M</p>\n\n                                <p>- Unisex fit</p>\n\n                                <p>- Drawstring hood with built-in cap</p>\n\n                                <p>- Front placket with snap buttons</p>\n\n                                <p>- Ventilation under armpit</p>\n\n                                <p>- Adjustable cuffs</p>\n\n                                <p>- Double welted front pockets</p>\n\n                                <p>- Adjustable elastic string at hempen</p>\n\n                                <p>- Ultrasonically welded seams</p>\n\n                                <p>This is a unisex item, please check our clothing &amp; footwear sizing guide for specific Rains jacket sizing information. RAINS comes from the rainy nation of Denmark at the edge of the European continent, close to the ocean and with prevailing westerly winds; all factors that contribute to an average of 121 rain days each year. Arising from these rainy weather conditions comes the attitude that a quick rain shower may be beautiful, as well as moody- but first and foremost requires the right outfit. Rains focus on the whole experience of going outside on rainy days, issuing an invitation to explore even in the most mercurial weather.</p>','published','[\"products\\/20.jpg\",\"products\\/20-1.jpg\"]','HS-163-A0',0,17,0,1,1,3,0,0,127,93.98,NULL,NULL,18.00,17.00,16.00,820.00,1,158186,'2022-09-22 01:26:01','2022-09-22 01:27:40','in_stock',0,'Botble\\ACL\\Models\\User',NULL,'physical',6,0),(21,'Chen Watermelon','<p>Short Hooded Coat features a straight body, large pockets with button flaps, ventilation air holes, and a string detail along the hemline.</p><ul>\n                                        <li><i class=\"fi-rs-hourglass mr-5 text-brand\"></i> 1 Year AL Jazeera Brand Warranty</li>\n                                        <li><i class=\"fi-rs-paper-plane mr-5 text-brand\"></i> 30 Day Return Policy</li>\n                                        <li><i class=\"fi-rs-credit-card mr-5 text-brand\"></i> Cash on Delivery available</li>\n                                    </ul>','<p>Short Hooded Coat features a straight body, large pockets with button flaps, ventilation air holes, and a string detail along the hemline. The style is completed with a drawstring hood, featuring Rains&rsquo; signature built-in cap. Made from waterproof, matte PU, this lightweight unisex rain jacket is an ode to nostalgia through its classic silhouette and utilitarian design details.</p>\n                                <p>- Casual unisex fit</p>\n\n                                <p>- 64% polyester, 36% polyurethane</p>\n\n                                <p>- Water column pressure: 4000 mm</p>\n\n                                <p>- Model is 187cm tall and wearing a size S / M</p>\n\n                                <p>- Unisex fit</p>\n\n                                <p>- Drawstring hood with built-in cap</p>\n\n                                <p>- Front placket with snap buttons</p>\n\n                                <p>- Ventilation under armpit</p>\n\n                                <p>- Adjustable cuffs</p>\n\n                                <p>- Double welted front pockets</p>\n\n                                <p>- Adjustable elastic string at hempen</p>\n\n                                <p>- Ultrasonically welded seams</p>\n\n                                <p>This is a unisex item, please check our clothing &amp; footwear sizing guide for specific Rains jacket sizing information. RAINS comes from the rainy nation of Denmark at the edge of the European continent, close to the ocean and with prevailing westerly winds; all factors that contribute to an average of 121 rain days each year. Arising from these rainy weather conditions comes the attitude that a quick rain shower may be beautiful, as well as moody- but first and foremost requires the right outfit. Rains focus on the whole experience of going outside on rainy days, issuing an invitation to explore even in the most mercurial weather.</p>','published','[\"products\\/21.jpg\",\"products\\/21-1.jpg\"]','HS-121-A0',0,19,0,1,1,1,0,0,129,NULL,NULL,NULL,12.00,19.00,15.00,658.00,1,69745,'2022-09-22 01:26:01','2022-09-22 01:27:40','in_stock',0,'Botble\\ACL\\Models\\User',NULL,'physical',1,0),(22,'Organic Cage-Free Grade A Large Brown Eggs','<p>Short Hooded Coat features a straight body, large pockets with button flaps, ventilation air holes, and a string detail along the hemline.</p><ul>\n                                        <li><i class=\"fi-rs-hourglass mr-5 text-brand\"></i> 1 Year AL Jazeera Brand Warranty</li>\n                                        <li><i class=\"fi-rs-paper-plane mr-5 text-brand\"></i> 30 Day Return Policy</li>\n                                        <li><i class=\"fi-rs-credit-card mr-5 text-brand\"></i> Cash on Delivery available</li>\n                                    </ul>','<p>Short Hooded Coat features a straight body, large pockets with button flaps, ventilation air holes, and a string detail along the hemline. The style is completed with a drawstring hood, featuring Rains&rsquo; signature built-in cap. Made from waterproof, matte PU, this lightweight unisex rain jacket is an ode to nostalgia through its classic silhouette and utilitarian design details.</p>\n                                <p>- Casual unisex fit</p>\n\n                                <p>- 64% polyester, 36% polyurethane</p>\n\n                                <p>- Water column pressure: 4000 mm</p>\n\n                                <p>- Model is 187cm tall and wearing a size S / M</p>\n\n                                <p>- Unisex fit</p>\n\n                                <p>- Drawstring hood with built-in cap</p>\n\n                                <p>- Front placket with snap buttons</p>\n\n                                <p>- Ventilation under armpit</p>\n\n                                <p>- Adjustable cuffs</p>\n\n                                <p>- Double welted front pockets</p>\n\n                                <p>- Adjustable elastic string at hempen</p>\n\n                                <p>- Ultrasonically welded seams</p>\n\n                                <p>This is a unisex item, please check our clothing &amp; footwear sizing guide for specific Rains jacket sizing information. RAINS comes from the rainy nation of Denmark at the edge of the European continent, close to the ocean and with prevailing westerly winds; all factors that contribute to an average of 121 rain days each year. Arising from these rainy weather conditions comes the attitude that a quick rain shower may be beautiful, as well as moody- but first and foremost requires the right outfit. Rains focus on the whole experience of going outside on rainy days, issuing an invitation to explore even in the most mercurial weather.</p>','published','[\"products\\/22.jpg\",\"products\\/22-1.jpg\"]','HS-187-A0',0,14,0,1,1,2,0,0,123,NULL,NULL,NULL,20.00,16.00,13.00,872.00,1,126263,'2022-09-22 01:26:01','2022-09-22 01:27:40','in_stock',0,'Botble\\ACL\\Models\\User',NULL,'physical',6,0),(23,'Colorful Banana','<p>Short Hooded Coat features a straight body, large pockets with button flaps, ventilation air holes, and a string detail along the hemline.</p><ul>\n                                        <li><i class=\"fi-rs-hourglass mr-5 text-brand\"></i> 1 Year AL Jazeera Brand Warranty</li>\n                                        <li><i class=\"fi-rs-paper-plane mr-5 text-brand\"></i> 30 Day Return Policy</li>\n                                        <li><i class=\"fi-rs-credit-card mr-5 text-brand\"></i> Cash on Delivery available</li>\n                                    </ul>','<p>Short Hooded Coat features a straight body, large pockets with button flaps, ventilation air holes, and a string detail along the hemline. The style is completed with a drawstring hood, featuring Rains&rsquo; signature built-in cap. Made from waterproof, matte PU, this lightweight unisex rain jacket is an ode to nostalgia through its classic silhouette and utilitarian design details.</p>\n                                <p>- Casual unisex fit</p>\n\n                                <p>- 64% polyester, 36% polyurethane</p>\n\n                                <p>- Water column pressure: 4000 mm</p>\n\n                                <p>- Model is 187cm tall and wearing a size S / M</p>\n\n                                <p>- Unisex fit</p>\n\n                                <p>- Drawstring hood with built-in cap</p>\n\n                                <p>- Front placket with snap buttons</p>\n\n                                <p>- Ventilation under armpit</p>\n\n                                <p>- Adjustable cuffs</p>\n\n                                <p>- Double welted front pockets</p>\n\n                                <p>- Adjustable elastic string at hempen</p>\n\n                                <p>- Ultrasonically welded seams</p>\n\n                                <p>This is a unisex item, please check our clothing &amp; footwear sizing guide for specific Rains jacket sizing information. RAINS comes from the rainy nation of Denmark at the edge of the European continent, close to the ocean and with prevailing westerly winds; all factors that contribute to an average of 121 rain days each year. Arising from these rainy weather conditions comes the attitude that a quick rain shower may be beautiful, as well as moody- but first and foremost requires the right outfit. Rains focus on the whole experience of going outside on rainy days, issuing an invitation to explore even in the most mercurial weather.</p>','published','[\"products\\/23.jpg\",\"products\\/23-1.jpg\"]','HS-118-A0',0,11,0,1,1,2,0,0,130,NULL,NULL,NULL,18.00,13.00,12.00,501.00,1,126565,'2022-09-22 01:26:01','2022-09-22 01:27:40','in_stock',0,'Botble\\ACL\\Models\\User',NULL,'physical',1,0),(24,'Signature Wood-Fired Mushroom and Caramelized','<p>Short Hooded Coat features a straight body, large pockets with button flaps, ventilation air holes, and a string detail along the hemline.</p><ul>\n                                        <li><i class=\"fi-rs-hourglass mr-5 text-brand\"></i> 1 Year AL Jazeera Brand Warranty</li>\n                                        <li><i class=\"fi-rs-paper-plane mr-5 text-brand\"></i> 30 Day Return Policy</li>\n                                        <li><i class=\"fi-rs-credit-card mr-5 text-brand\"></i> Cash on Delivery available</li>\n                                    </ul>','<p>Short Hooded Coat features a straight body, large pockets with button flaps, ventilation air holes, and a string detail along the hemline. The style is completed with a drawstring hood, featuring Rains&rsquo; signature built-in cap. Made from waterproof, matte PU, this lightweight unisex rain jacket is an ode to nostalgia through its classic silhouette and utilitarian design details.</p>\n                                <p>- Casual unisex fit</p>\n\n                                <p>- 64% polyester, 36% polyurethane</p>\n\n                                <p>- Water column pressure: 4000 mm</p>\n\n                                <p>- Model is 187cm tall and wearing a size S / M</p>\n\n                                <p>- Unisex fit</p>\n\n                                <p>- Drawstring hood with built-in cap</p>\n\n                                <p>- Front placket with snap buttons</p>\n\n                                <p>- Ventilation under armpit</p>\n\n                                <p>- Adjustable cuffs</p>\n\n                                <p>- Double welted front pockets</p>\n\n                                <p>- Adjustable elastic string at hempen</p>\n\n                                <p>- Ultrasonically welded seams</p>\n\n                                <p>This is a unisex item, please check our clothing &amp; footwear sizing guide for specific Rains jacket sizing information. RAINS comes from the rainy nation of Denmark at the edge of the European continent, close to the ocean and with prevailing westerly winds; all factors that contribute to an average of 121 rain days each year. Arising from these rainy weather conditions comes the attitude that a quick rain shower may be beautiful, as well as moody- but first and foremost requires the right outfit. Rains focus on the whole experience of going outside on rainy days, issuing an invitation to explore even in the most mercurial weather.</p>','published','[\"products\\/24.jpg\",\"products\\/24-1.jpg\"]','HS-156-A0',0,15,0,1,1,6,0,0,129,104.49,NULL,NULL,10.00,14.00,16.00,862.00,1,58716,'2022-09-22 01:26:02','2022-09-22 01:27:40','in_stock',0,'Botble\\ACL\\Models\\User',NULL,'physical',1,0),(25,'Seeds of Change Organic Quinoe',NULL,NULL,'published','[\"products\\/1.jpg\"]','HS-186-A0',0,11,0,1,0,1,1,0,317,NULL,NULL,NULL,20.00,10.00,15.00,551.00,NULL,0,'2022-09-22 01:26:02','2022-09-22 01:27:40','in_stock',0,'Botble\\ACL\\Models\\User',NULL,'physical',NULL,0),(26,'All Natural Italian-Style Chicken Meatballs',NULL,NULL,'published','[\"products\\/2.jpg\"]','HS-101-A0',0,19,0,1,0,5,1,0,393,NULL,NULL,NULL,12.00,15.00,19.00,567.00,NULL,0,'2022-09-22 01:26:02','2022-09-22 01:27:40','in_stock',0,'Botble\\ACL\\Models\\User',NULL,'physical',NULL,0),(27,'All Natural Italian-Style Chicken Meatballs',NULL,NULL,'published','[\"products\\/2-1.jpg\"]','HS-101-A0-A1',0,19,0,1,0,5,1,0,393,NULL,NULL,NULL,12.00,15.00,19.00,567.00,NULL,0,'2022-09-22 01:26:02','2022-09-22 01:27:40','in_stock',0,'Botble\\ACL\\Models\\User',NULL,'physical',NULL,0),(28,'Angie’s Boomchickapop Sweet & Salty Kettle Corn',NULL,NULL,'published','[\"products\\/3.jpg\"]','HS-113-A0',0,10,0,1,0,7,1,0,332,NULL,NULL,NULL,12.00,15.00,16.00,753.00,NULL,0,'2022-09-22 01:26:02','2022-09-22 01:27:40','in_stock',0,'Botble\\ACL\\Models\\User',NULL,'physical',NULL,0),(29,'Angie’s Boomchickapop Sweet & Salty Kettle Corn',NULL,NULL,'published','[\"products\\/3-1.jpg\"]','HS-113-A0-A1',0,10,0,1,0,7,1,0,332,NULL,NULL,NULL,12.00,15.00,16.00,753.00,NULL,0,'2022-09-22 01:26:02','2022-09-22 01:27:40','in_stock',0,'Botble\\ACL\\Models\\User',NULL,'physical',NULL,0),(30,'Foster Farms Takeout Crispy Classic',NULL,NULL,'published','[\"products\\/4.jpg\"]','HS-174-A0',0,16,0,1,0,7,1,0,78,70.2,NULL,NULL,20.00,19.00,19.00,617.00,NULL,0,'2022-09-22 01:26:02','2022-09-22 01:27:40','in_stock',0,'Botble\\ACL\\Models\\User',NULL,'physical',NULL,0),(31,'Foster Farms Takeout Crispy Classic',NULL,NULL,'published','[\"products\\/4-1.jpg\"]','HS-174-A0-A1',0,16,0,1,0,7,1,0,78,65.52,NULL,NULL,20.00,19.00,19.00,617.00,NULL,0,'2022-09-22 01:26:02','2022-09-22 01:27:40','in_stock',0,'Botble\\ACL\\Models\\User',NULL,'physical',NULL,0),(32,'Blue Diamond Almonds Lightly',NULL,NULL,'published','[\"products\\/5.jpg\"]','HS-123-A0',0,17,0,1,0,3,1,0,47,NULL,NULL,NULL,11.00,15.00,14.00,734.00,NULL,0,'2022-09-22 01:26:02','2022-09-22 01:27:40','in_stock',0,'Botble\\ACL\\Models\\User',NULL,'physical',NULL,0),(33,'Chobani Complete Vanilla Greek',NULL,NULL,'published','[\"products\\/6.jpg\"]','HS-113-A0',0,10,0,1,0,3,1,0,60,NULL,NULL,NULL,20.00,20.00,13.00,718.00,NULL,0,'2022-09-22 01:26:02','2022-09-22 01:27:40','in_stock',0,'Botble\\ACL\\Models\\User',NULL,'physical',NULL,0),(34,'Canada Dry Ginger Ale – 2 L Bottle',NULL,NULL,'published','[\"products\\/7.jpg\"]','HS-129-A0',0,18,0,1,0,4,1,0,125,NULL,NULL,NULL,17.00,20.00,16.00,844.00,NULL,0,'2022-09-22 01:26:02','2022-09-22 01:27:40','in_stock',0,'Botble\\ACL\\Models\\User',NULL,'physical',NULL,0),(35,'Canada Dry Ginger Ale – 2 L Bottle',NULL,NULL,'published','[\"products\\/7-1.jpg\"]','HS-129-A0-A1',0,18,0,1,0,4,1,0,125,NULL,NULL,NULL,17.00,20.00,16.00,844.00,NULL,0,'2022-09-22 01:26:03','2022-09-22 01:27:40','in_stock',0,'Botble\\ACL\\Models\\User',NULL,'physical',NULL,0),(36,'Canada Dry Ginger Ale – 2 L Bottle',NULL,NULL,'published','[\"products\\/7.jpg\"]','HS-129-A0-A2',0,18,0,1,0,4,1,0,125,NULL,NULL,NULL,17.00,20.00,16.00,844.00,NULL,0,'2022-09-22 01:26:03','2022-09-22 01:27:40','in_stock',0,'Botble\\ACL\\Models\\User',NULL,'physical',NULL,0),(37,'Encore Seafoods Stuffed Alaskan',NULL,NULL,'published','[\"products\\/8.jpg\"]','HS-181-A0',0,11,0,1,0,2,1,0,130,101.4,NULL,NULL,10.00,17.00,17.00,840.00,NULL,0,'2022-09-22 01:26:03','2022-09-22 01:27:40','in_stock',0,'Botble\\ACL\\Models\\User',NULL,'physical',NULL,0),(38,'Encore Seafoods Stuffed Alaskan',NULL,NULL,'published','[\"products\\/8-1.jpg\"]','HS-181-A0-A1',0,11,0,1,0,2,1,0,130,113.1,NULL,NULL,10.00,17.00,17.00,840.00,NULL,0,'2022-09-22 01:26:03','2022-09-22 01:27:40','in_stock',0,'Botble\\ACL\\Models\\User',NULL,'physical',NULL,0),(39,'Encore Seafoods Stuffed Alaskan',NULL,NULL,'published','[\"products\\/8.jpg\"]','HS-181-A0-A2',0,11,0,1,0,2,1,0,130,110.5,NULL,NULL,10.00,17.00,17.00,840.00,NULL,0,'2022-09-22 01:26:03','2022-09-22 01:27:40','in_stock',0,'Botble\\ACL\\Models\\User',NULL,'physical',NULL,0),(40,'Encore Seafoods Stuffed Alaskan',NULL,NULL,'published','[\"products\\/8.jpg\"]','HS-181-A0-A3',0,11,0,1,0,2,1,0,130,91,NULL,NULL,10.00,17.00,17.00,840.00,NULL,0,'2022-09-22 01:26:03','2022-09-22 01:27:40','in_stock',0,'Botble\\ACL\\Models\\User',NULL,'physical',NULL,0),(41,'Gorton’s Beer Battered Fish Fillets',NULL,NULL,'published','[\"products\\/9.jpg\"]','HS-127-A0',0,12,0,1,0,5,1,0,115,NULL,NULL,NULL,11.00,13.00,20.00,652.00,NULL,0,'2022-09-22 01:26:03','2022-09-22 01:27:40','in_stock',0,'Botble\\ACL\\Models\\User',NULL,'physical',NULL,0),(42,'Gorton’s Beer Battered Fish Fillets',NULL,NULL,'published','[\"products\\/9-1.jpg\"]','HS-127-A0-A1',0,12,0,1,0,5,1,0,115,NULL,NULL,NULL,11.00,13.00,20.00,652.00,NULL,0,'2022-09-22 01:26:03','2022-09-22 01:27:40','in_stock',0,'Botble\\ACL\\Models\\User',NULL,'physical',NULL,0),(43,'Gorton’s Beer Battered Fish Fillets',NULL,NULL,'published','[\"products\\/9.jpg\"]','HS-127-A0-A2',0,12,0,1,0,5,1,0,115,NULL,NULL,NULL,11.00,13.00,20.00,652.00,NULL,0,'2022-09-22 01:26:03','2022-09-22 01:27:40','in_stock',0,'Botble\\ACL\\Models\\User',NULL,'physical',NULL,0),(44,'Gorton’s Beer Battered Fish Fillets',NULL,NULL,'published','[\"products\\/9.jpg\"]','HS-127-A0-A3',0,12,0,1,0,5,1,0,115,NULL,NULL,NULL,11.00,13.00,20.00,652.00,NULL,0,'2022-09-22 01:26:03','2022-09-22 01:27:40','in_stock',0,'Botble\\ACL\\Models\\User',NULL,'physical',NULL,0),(45,'Haagen-Dazs Caramel Cone Ice Cream',NULL,NULL,'published','[\"products\\/10.jpg\"]','HS-119-A0',0,18,0,1,0,1,1,0,465,NULL,NULL,NULL,14.00,15.00,11.00,642.00,NULL,0,'2022-09-22 01:26:03','2022-09-22 01:27:40','in_stock',0,'Botble\\ACL\\Models\\User',NULL,'physical',NULL,0),(46,'Haagen-Dazs Caramel Cone Ice Cream',NULL,NULL,'published','[\"products\\/10-1.jpg\"]','HS-119-A0-A1',0,18,0,1,0,1,1,0,465,NULL,NULL,NULL,14.00,15.00,11.00,642.00,NULL,0,'2022-09-22 01:26:03','2022-09-22 01:27:40','in_stock',0,'Botble\\ACL\\Models\\User',NULL,'physical',NULL,0),(47,'Nestle Original Coffee-Mate Coffee Creamer',NULL,NULL,'published','[\"products\\/11.jpg\"]','HS-171-A0',0,11,0,1,0,6,1,0,127,NULL,NULL,NULL,10.00,12.00,14.00,687.00,NULL,0,'2022-09-22 01:26:03','2022-09-22 01:27:40','in_stock',0,'Botble\\ACL\\Models\\User',NULL,'physical',NULL,0),(48,'Nestle Original Coffee-Mate Coffee Creamer',NULL,NULL,'published','[\"products\\/11-1.jpg\"]','HS-171-A0-A1',0,11,0,1,0,6,1,0,127,NULL,NULL,NULL,10.00,12.00,14.00,687.00,NULL,0,'2022-09-22 01:26:03','2022-09-22 01:27:40','in_stock',0,'Botble\\ACL\\Models\\User',NULL,'physical',NULL,0),(49,'Nestle Original Coffee-Mate Coffee Creamer',NULL,NULL,'published','[\"products\\/11.jpg\"]','HS-171-A0-A2',0,11,0,1,0,6,1,0,127,NULL,NULL,NULL,10.00,12.00,14.00,687.00,NULL,0,'2022-09-22 01:26:03','2022-09-22 01:27:40','in_stock',0,'Botble\\ACL\\Models\\User',NULL,'physical',NULL,0),(50,'Naturally Flavored Cinnamon Vanilla Light Roast Coffee',NULL,NULL,'published','[\"products\\/12.jpg\"]','HS-189-A0',0,13,0,1,0,5,1,0,121,89.54,NULL,NULL,14.00,20.00,18.00,822.00,NULL,0,'2022-09-22 01:26:03','2022-09-22 01:27:40','in_stock',0,'Botble\\ACL\\Models\\User',NULL,'physical',NULL,0),(51,'Naturally Flavored Cinnamon Vanilla Light Roast Coffee',NULL,NULL,'published','[\"products\\/12-1.jpg\"]','HS-189-A0-A1',0,13,0,1,0,5,1,0,121,89.54,NULL,NULL,14.00,20.00,18.00,822.00,NULL,0,'2022-09-22 01:26:03','2022-09-22 01:27:40','in_stock',0,'Botble\\ACL\\Models\\User',NULL,'physical',NULL,0),(52,'Naturally Flavored Cinnamon Vanilla Light Roast Coffee',NULL,NULL,'published','[\"products\\/12.jpg\"]','HS-189-A0-A2',0,13,0,1,0,5,1,0,121,107.69,NULL,NULL,14.00,20.00,18.00,822.00,NULL,0,'2022-09-22 01:26:03','2022-09-22 01:27:40','in_stock',0,'Botble\\ACL\\Models\\User',NULL,'physical',NULL,0),(53,'Pepperidge Farm Farmhouse Hearty White Bread',NULL,NULL,'published','[\"products\\/13.jpg\"]','HS-107-A0',0,10,0,1,0,5,1,0,126,NULL,NULL,NULL,11.00,13.00,20.00,738.00,NULL,0,'2022-09-22 01:26:03','2022-09-22 01:27:40','in_stock',0,'Botble\\ACL\\Models\\User',NULL,'physical',NULL,0),(54,'Pepperidge Farm Farmhouse Hearty White Bread',NULL,NULL,'published','[\"products\\/13-1.jpg\"]','HS-107-A0-A1',0,10,0,1,0,5,1,0,126,NULL,NULL,NULL,11.00,13.00,20.00,738.00,NULL,0,'2022-09-22 01:26:03','2022-09-22 01:27:40','in_stock',0,'Botble\\ACL\\Models\\User',NULL,'physical',NULL,0),(55,'Organic Frozen Triple Berry Blend',NULL,NULL,'published','[\"products\\/14.jpg\"]','HS-156-A0',0,16,0,1,0,1,1,0,125,NULL,NULL,NULL,16.00,10.00,12.00,646.00,NULL,0,'2022-09-22 01:26:04','2022-09-22 01:27:40','in_stock',0,'Botble\\ACL\\Models\\User',NULL,'physical',NULL,0),(56,'Organic Frozen Triple Berry Blend',NULL,NULL,'published','[\"products\\/14-1.jpg\"]','HS-156-A0-A1',0,16,0,1,0,1,1,0,125,NULL,NULL,NULL,16.00,10.00,12.00,646.00,NULL,0,'2022-09-22 01:26:04','2022-09-22 01:27:40','in_stock',0,'Botble\\ACL\\Models\\User',NULL,'physical',NULL,0),(57,'Organic Frozen Triple Berry Blend',NULL,NULL,'published','[\"products\\/14.jpg\"]','HS-156-A0-A2',0,16,0,1,0,1,1,0,125,NULL,NULL,NULL,16.00,10.00,12.00,646.00,NULL,0,'2022-09-22 01:26:04','2022-09-22 01:27:40','in_stock',0,'Botble\\ACL\\Models\\User',NULL,'physical',NULL,0),(58,'Organic Frozen Triple Berry Blend',NULL,NULL,'published','[\"products\\/14.jpg\"]','HS-156-A0-A3',0,16,0,1,0,1,1,0,125,NULL,NULL,NULL,16.00,10.00,12.00,646.00,NULL,0,'2022-09-22 01:26:04','2022-09-22 01:27:40','in_stock',0,'Botble\\ACL\\Models\\User',NULL,'physical',NULL,0),(59,'Oroweat Country Buttermilk Bread',NULL,NULL,'published','[\"products\\/15.jpg\"]','HS-143-A0',0,16,0,1,0,2,1,0,121,NULL,NULL,NULL,10.00,11.00,16.00,864.00,NULL,0,'2022-09-22 01:26:04','2022-09-22 01:27:40','in_stock',0,'Botble\\ACL\\Models\\User',NULL,'physical',NULL,0),(60,'Oroweat Country Buttermilk Bread',NULL,NULL,'published','[\"products\\/15-1.jpg\"]','HS-143-A0-A1',0,16,0,1,0,2,1,0,121,NULL,NULL,NULL,10.00,11.00,16.00,864.00,NULL,0,'2022-09-22 01:26:04','2022-09-22 01:27:40','in_stock',0,'Botble\\ACL\\Models\\User',NULL,'physical',NULL,0),(61,'Oroweat Country Buttermilk Bread',NULL,NULL,'published','[\"products\\/15.jpg\"]','HS-143-A0-A2',0,16,0,1,0,2,1,0,121,NULL,NULL,NULL,10.00,11.00,16.00,864.00,NULL,0,'2022-09-22 01:26:04','2022-09-22 01:27:40','in_stock',0,'Botble\\ACL\\Models\\User',NULL,'physical',NULL,0),(62,'Foster Farms Takeout Crispy Classic Buffalo Wings',NULL,NULL,'published','[\"products\\/16.jpg\"]','HS-136-A0',0,13,0,1,0,3,1,0,128,89.6,NULL,NULL,10.00,14.00,18.00,698.00,NULL,0,'2022-09-22 01:26:04','2022-09-22 01:27:40','in_stock',0,'Botble\\ACL\\Models\\User',NULL,'physical',NULL,0),(63,'Foster Farms Takeout Crispy Classic Buffalo Wings',NULL,NULL,'published','[\"products\\/16-1.jpg\"]','HS-136-A0-A1',0,13,0,1,0,3,1,0,128,115.2,NULL,NULL,10.00,14.00,18.00,698.00,NULL,0,'2022-09-22 01:26:04','2022-09-22 01:27:40','in_stock',0,'Botble\\ACL\\Models\\User',NULL,'physical',NULL,0),(64,'Foster Farms Takeout Crispy Classic Buffalo Wings',NULL,NULL,'published','[\"products\\/16-2.jpg\"]','HS-136-A0-A2',0,13,0,1,0,3,1,0,128,90.88,NULL,NULL,10.00,14.00,18.00,698.00,NULL,0,'2022-09-22 01:26:04','2022-09-22 01:27:40','in_stock',0,'Botble\\ACL\\Models\\User',NULL,'physical',NULL,0),(65,'Foster Farms Takeout Crispy Classic Buffalo Wings',NULL,NULL,'published','[\"products\\/16-3.jpg\"]','HS-136-A0-A3',0,13,0,1,0,3,1,0,128,102.4,NULL,NULL,10.00,14.00,18.00,698.00,NULL,0,'2022-09-22 01:26:04','2022-09-22 01:27:40','in_stock',0,'Botble\\ACL\\Models\\User',NULL,'physical',NULL,0),(66,'Foster Farms Takeout Crispy Classic Buffalo Wings',NULL,NULL,'published','[\"products\\/16-4.jpg\"]','HS-136-A0-A4',0,13,0,1,0,3,1,0,128,115.2,NULL,NULL,10.00,14.00,18.00,698.00,NULL,0,'2022-09-22 01:26:04','2022-09-22 01:27:40','in_stock',0,'Botble\\ACL\\Models\\User',NULL,'physical',NULL,0),(67,'Angie’s Boomchickapop Sweet & Salty Kettle Corn',NULL,NULL,'published','[\"products\\/17.jpg\"]','HS-167-A0',0,11,0,1,0,1,1,0,114,NULL,NULL,NULL,15.00,19.00,16.00,543.00,NULL,0,'2022-09-22 01:26:04','2022-09-22 01:27:40','in_stock',0,'Botble\\ACL\\Models\\User',NULL,'physical',NULL,0),(68,'Angie’s Boomchickapop Sweet & Salty Kettle Corn',NULL,NULL,'published','[\"products\\/17-1.jpg\"]','HS-167-A0-A1',0,11,0,1,0,1,1,0,114,NULL,NULL,NULL,15.00,19.00,16.00,543.00,NULL,0,'2022-09-22 01:26:05','2022-09-22 01:27:40','in_stock',0,'Botble\\ACL\\Models\\User',NULL,'physical',NULL,0),(69,'Angie’s Boomchickapop Sweet & Salty Kettle Corn',NULL,NULL,'published','[\"products\\/17.jpg\"]','HS-167-A0-A2',0,11,0,1,0,1,1,0,114,NULL,NULL,NULL,15.00,19.00,16.00,543.00,NULL,0,'2022-09-22 01:26:05','2022-09-22 01:27:40','in_stock',0,'Botble\\ACL\\Models\\User',NULL,'physical',NULL,0),(70,'All Natural Italian-Style Chicken Meatballs',NULL,NULL,'published','[\"products\\/18.jpg\"]','HS-167-A0',0,13,0,1,0,6,1,0,122,NULL,NULL,NULL,14.00,14.00,17.00,528.00,NULL,0,'2022-09-22 01:26:05','2022-09-22 01:27:40','in_stock',0,'Botble\\ACL\\Models\\User',NULL,'physical',NULL,0),(71,'All Natural Italian-Style Chicken Meatballs',NULL,NULL,'published','[\"products\\/18-1.jpg\"]','HS-167-A0-A1',0,13,0,1,0,6,1,0,122,NULL,NULL,NULL,14.00,14.00,17.00,528.00,NULL,0,'2022-09-22 01:26:05','2022-09-22 01:27:40','in_stock',0,'Botble\\ACL\\Models\\User',NULL,'physical',NULL,0),(72,'Simply Lemonade with Raspberry Juice',NULL,NULL,'published','[\"products\\/19.jpg\"]','HS-116-A0',0,15,0,1,0,7,1,0,125,NULL,NULL,NULL,13.00,15.00,14.00,847.00,NULL,0,'2022-09-22 01:26:05','2022-09-22 01:27:40','in_stock',0,'Botble\\ACL\\Models\\User',NULL,'physical',NULL,0),(73,'Perdue Simply Smart Organics Gluten Free',NULL,NULL,'published','[\"products\\/20.jpg\"]','HS-163-A0',0,17,0,1,0,3,1,0,127,93.98,NULL,NULL,18.00,17.00,16.00,820.00,NULL,0,'2022-09-22 01:26:05','2022-09-22 01:27:40','in_stock',0,'Botble\\ACL\\Models\\User',NULL,'physical',NULL,0),(74,'Perdue Simply Smart Organics Gluten Free',NULL,NULL,'published','[\"products\\/20-1.jpg\"]','HS-163-A0-A1',0,17,0,1,0,3,1,0,127,105.41,NULL,NULL,18.00,17.00,16.00,820.00,NULL,0,'2022-09-22 01:26:05','2022-09-22 01:27:40','in_stock',0,'Botble\\ACL\\Models\\User',NULL,'physical',NULL,0),(75,'Perdue Simply Smart Organics Gluten Free',NULL,NULL,'published','[\"products\\/20.jpg\"]','HS-163-A0-A2',0,17,0,1,0,3,1,0,127,101.6,NULL,NULL,18.00,17.00,16.00,820.00,NULL,0,'2022-09-22 01:26:05','2022-09-22 01:27:40','in_stock',0,'Botble\\ACL\\Models\\User',NULL,'physical',NULL,0),(76,'Chen Watermelon',NULL,NULL,'published','[\"products\\/21.jpg\"]','HS-121-A0',0,19,0,1,0,1,1,0,129,NULL,NULL,NULL,12.00,19.00,15.00,658.00,NULL,0,'2022-09-22 01:26:05','2022-09-22 01:27:40','in_stock',0,'Botble\\ACL\\Models\\User',NULL,'physical',NULL,0),(77,'Chen Watermelon',NULL,NULL,'published','[\"products\\/21-1.jpg\"]','HS-121-A0-A1',0,19,0,1,0,1,1,0,129,NULL,NULL,NULL,12.00,19.00,15.00,658.00,NULL,0,'2022-09-22 01:26:05','2022-09-22 01:27:40','in_stock',0,'Botble\\ACL\\Models\\User',NULL,'physical',NULL,0),(78,'Chen Watermelon',NULL,NULL,'published','[\"products\\/21.jpg\"]','HS-121-A0-A2',0,19,0,1,0,1,1,0,129,NULL,NULL,NULL,12.00,19.00,15.00,658.00,NULL,0,'2022-09-22 01:26:05','2022-09-22 01:27:40','in_stock',0,'Botble\\ACL\\Models\\User',NULL,'physical',NULL,0),(79,'Chen Watermelon',NULL,NULL,'published','[\"products\\/21.jpg\"]','HS-121-A0-A3',0,19,0,1,0,1,1,0,129,NULL,NULL,NULL,12.00,19.00,15.00,658.00,NULL,0,'2022-09-22 01:26:05','2022-09-22 01:27:40','in_stock',0,'Botble\\ACL\\Models\\User',NULL,'physical',NULL,0),(80,'Organic Cage-Free Grade A Large Brown Eggs',NULL,NULL,'published','[\"products\\/22.jpg\"]','HS-187-A0',0,14,0,1,0,2,1,0,123,NULL,NULL,NULL,20.00,16.00,13.00,872.00,NULL,0,'2022-09-22 01:26:05','2022-09-22 01:27:40','in_stock',0,'Botble\\ACL\\Models\\User',NULL,'physical',NULL,0),(81,'Organic Cage-Free Grade A Large Brown Eggs',NULL,NULL,'published','[\"products\\/22-1.jpg\"]','HS-187-A0-A1',0,14,0,1,0,2,1,0,123,NULL,NULL,NULL,20.00,16.00,13.00,872.00,NULL,0,'2022-09-22 01:26:05','2022-09-22 01:27:40','in_stock',0,'Botble\\ACL\\Models\\User',NULL,'physical',NULL,0),(82,'Organic Cage-Free Grade A Large Brown Eggs',NULL,NULL,'published','[\"products\\/22.jpg\"]','HS-187-A0-A2',0,14,0,1,0,2,1,0,123,NULL,NULL,NULL,20.00,16.00,13.00,872.00,NULL,0,'2022-09-22 01:26:05','2022-09-22 01:27:40','in_stock',0,'Botble\\ACL\\Models\\User',NULL,'physical',NULL,0),(83,'Colorful Banana',NULL,NULL,'published','[\"products\\/23.jpg\"]','HS-118-A0',0,11,0,1,0,2,1,0,130,NULL,NULL,NULL,18.00,13.00,12.00,501.00,NULL,0,'2022-09-22 01:26:06','2022-09-22 01:27:40','in_stock',0,'Botble\\ACL\\Models\\User',NULL,'physical',NULL,0),(84,'Colorful Banana',NULL,NULL,'published','[\"products\\/23-1.jpg\"]','HS-118-A0-A1',0,11,0,1,0,2,1,0,130,NULL,NULL,NULL,18.00,13.00,12.00,501.00,NULL,0,'2022-09-22 01:26:06','2022-09-22 01:27:40','in_stock',0,'Botble\\ACL\\Models\\User',NULL,'physical',NULL,0),(85,'Colorful Banana',NULL,NULL,'published','[\"products\\/23.jpg\"]','HS-118-A0-A2',0,11,0,1,0,2,1,0,130,NULL,NULL,NULL,18.00,13.00,12.00,501.00,NULL,0,'2022-09-22 01:26:06','2022-09-22 01:27:40','in_stock',0,'Botble\\ACL\\Models\\User',NULL,'physical',NULL,0),(86,'Signature Wood-Fired Mushroom and Caramelized',NULL,NULL,'published','[\"products\\/24.jpg\"]','HS-156-A0',0,15,0,1,0,6,1,0,129,104.49,NULL,NULL,10.00,14.00,16.00,862.00,NULL,0,'2022-09-22 01:26:06','2022-09-22 01:27:40','in_stock',0,'Botble\\ACL\\Models\\User',NULL,'physical',NULL,0),(87,'Signature Wood-Fired Mushroom and Caramelized',NULL,NULL,'published','[\"products\\/24-1.jpg\"]','HS-156-A0-A1',0,15,0,1,0,6,1,0,129,100.62,NULL,NULL,10.00,14.00,16.00,862.00,NULL,0,'2022-09-22 01:26:06','2022-09-22 01:27:40','in_stock',0,'Botble\\ACL\\Models\\User',NULL,'physical',NULL,0),(88,'Signature Wood-Fired Mushroom and Caramelized',NULL,NULL,'published','[\"products\\/24.jpg\"]','HS-156-A0-A2',0,15,0,1,0,6,1,0,129,110.94,NULL,NULL,10.00,14.00,16.00,862.00,NULL,0,'2022-09-22 01:26:06','2022-09-22 01:27:40','in_stock',0,'Botble\\ACL\\Models\\User',NULL,'physical',NULL,0),(89,'Signature Wood-Fired Mushroom and Caramelized',NULL,NULL,'published','[\"products\\/24.jpg\"]','HS-156-A0-A3',0,15,0,1,0,6,1,0,129,98.04,NULL,NULL,10.00,14.00,16.00,862.00,NULL,0,'2022-09-22 01:26:06','2022-09-22 01:27:40','in_stock',0,'Botble\\ACL\\Models\\User',NULL,'physical',NULL,0);

--
-- Table structure for table `ec_products_translations`
--

CREATE TABLE `ec_products_translations` (
  `lang_code` varchar(191) COLLATE utf8mb4_unicode_ci NOT NULL,
  `ec_products_id` int NOT NULL,
  `name` varchar(191) COLLATE utf8mb4_unicode_ci DEFAULT NULL,
  `description` text COLLATE utf8mb4_unicode_ci,
  `content` text COLLATE utf8mb4_unicode_ci,
  PRIMARY KEY (`lang_code`,`ec_products_id`)
) ENGINE=InnoDB DEFAULT CHARSET=utf8mb4 COLLATE=utf8mb4_unicode_ci;

--
-- Dumping data for table `ec_products_translations`
--

INSERT INTO `ec_products_translations` VALUES ('vi',1,'Hạt Quinoa hữu cơ',NULL,NULL),('vi',2,'Thịt gà viên kiểu Ý tự nhiên',NULL,NULL),('vi',3,'Angie’s Boomchickapop Sweet & Salty',NULL,NULL),('vi',4,'Foster Farms Takeout Crispy Classic',NULL,NULL),('vi',5,'Diamond Almonds xanh nhạt',NULL,NULL),('vi',6,'Chobani vani Hy Lạp',NULL,NULL),('vi',7,'Gừng khô Canada',NULL,NULL),('vi',8,'Hải sản Alaska',NULL,NULL),('vi',9,'Cá phi lê tẩm Gorton',NULL,NULL),('vi',10,'Kem Haagen-Dazs Caramel Cone',NULL,NULL),('vi',11,'Máy làm kem cà phê nguyên bản của Nestle',NULL,NULL),('vi',12,'Cà phê rang nhẹ hương vị quế vani tự nhiên',NULL,NULL),('vi',13,'Pepperidge Farm Farmhouse Hearty White Bread',NULL,NULL),('vi',14,'Hỗn hợp ba quả mọng đông lạnh hữu cơ',NULL,NULL),('vi',15,'Bánh mì bơ sữa đồng quê Oroweat',NULL,NULL),('vi',16,'Foster Farms Takeout Crispy Classic Buffalo Wings',NULL,NULL),('vi',17,'Ngô Angie’s boomchickapop ngọt và mặn',NULL,NULL),('vi',18,'Thịt gà viên kiểu Ý tự nhiên',NULL,NULL),('vi',19,'Nước ép chanh và mâm xôi',NULL,NULL),('vi',20,'Perdue hữu cơ không chứa Gluten',NULL,NULL),('vi',21,'Dưa hấu chen',NULL,NULL),('vi',22,'Trứng loại A lớn hữu cơ',NULL,NULL),('vi',23,'Chuối đầy màu sắc',NULL,NULL),('vi',24,'Nấm đặc trưng và caramel',NULL,NULL),('vi',25,'Hạt Quinoa hữu cơ',NULL,NULL),('vi',26,'Thịt gà viên kiểu Ý tự nhiên',NULL,NULL),('vi',27,'Thịt gà viên kiểu Ý tự nhiên',NULL,NULL),('vi',28,'Angie’s Boomchickapop Sweet & Salty',NULL,NULL),('vi',29,'Angie’s Boomchickapop Sweet & Salty',NULL,NULL),('vi',30,'Foster Farms Takeout Crispy Classic',NULL,NULL),('vi',31,'Foster Farms Takeout Crispy Classic',NULL,NULL),('vi',32,'Diamond Almonds xanh nhạt',NULL,NULL),('vi',33,'Chobani vani Hy Lạp',NULL,NULL),('vi',34,'Gừng khô Canada',NULL,NULL),('vi',35,'Gừng khô Canada',NULL,NULL),('vi',36,'Gừng khô Canada',NULL,NULL),('vi',37,'Hải sản Alaska',NULL,NULL),('vi',38,'Hải sản Alaska',NULL,NULL),('vi',39,'Hải sản Alaska',NULL,NULL),('vi',40,'Hải sản Alaska',NULL,NULL),('vi',41,'Cá phi lê tẩm Gorton',NULL,NULL),('vi',42,'Cá phi lê tẩm Gorton',NULL,NULL),('vi',43,'Cá phi lê tẩm Gorton',NULL,NULL),('vi',44,'Cá phi lê tẩm Gorton',NULL,NULL),('vi',45,'Kem Haagen-Dazs Caramel Cone',NULL,NULL),('vi',46,'Kem Haagen-Dazs Caramel Cone',NULL,NULL),('vi',47,'Máy làm kem cà phê nguyên bản của Nestle',NULL,NULL),('vi',48,'Máy làm kem cà phê nguyên bản của Nestle',NULL,NULL),('vi',49,'Máy làm kem cà phê nguyên bản của Nestle',NULL,NULL),('vi',50,'Cà phê rang nhẹ hương vị quế vani tự nhiên',NULL,NULL),('vi',51,'Cà phê rang nhẹ hương vị quế vani tự nhiên',NULL,NULL),('vi',52,'Cà phê rang nhẹ hương vị quế vani tự nhiên',NULL,NULL),('vi',53,'Pepperidge Farm Farmhouse Hearty White Bread',NULL,NULL),('vi',54,'Pepperidge Farm Farmhouse Hearty White Bread',NULL,NULL),('vi',55,'Hỗn hợp ba quả mọng đông lạnh hữu cơ',NULL,NULL),('vi',56,'Hỗn hợp ba quả mọng đông lạnh hữu cơ',NULL,NULL),('vi',57,'Hỗn hợp ba quả mọng đông lạnh hữu cơ',NULL,NULL),('vi',58,'Hỗn hợp ba quả mọng đông lạnh hữu cơ',NULL,NULL),('vi',59,'Bánh mì bơ sữa đồng quê Oroweat',NULL,NULL),('vi',60,'Bánh mì bơ sữa đồng quê Oroweat',NULL,NULL),('vi',61,'Bánh mì bơ sữa đồng quê Oroweat',NULL,NULL),('vi',62,'Foster Farms Takeout Crispy Classic Buffalo Wings',NULL,NULL),('vi',63,'Foster Farms Takeout Crispy Classic Buffalo Wings',NULL,NULL),('vi',64,'Foster Farms Takeout Crispy Classic Buffalo Wings',NULL,NULL),('vi',65,'Foster Farms Takeout Crispy Classic Buffalo Wings',NULL,NULL),('vi',66,'Foster Farms Takeout Crispy Classic Buffalo Wings',NULL,NULL),('vi',67,'Ngô Angie’s boomchickapop ngọt và mặn',NULL,NULL),('vi',68,'Ngô Angie’s boomchickapop ngọt và mặn',NULL,NULL),('vi',69,'Ngô Angie’s boomchickapop ngọt và mặn',NULL,NULL),('vi',70,'Thịt gà viên kiểu Ý tự nhiên',NULL,NULL),('vi',71,'Thịt gà viên kiểu Ý tự nhiên',NULL,NULL),('vi',72,'Nước ép chanh và mâm xôi',NULL,NULL),('vi',73,'Perdue hữu cơ không chứa Gluten',NULL,NULL),('vi',74,'Perdue hữu cơ không chứa Gluten',NULL,NULL),('vi',75,'Perdue hữu cơ không chứa Gluten',NULL,NULL),('vi',76,'Dưa hấu chen',NULL,NULL),('vi',77,'Dưa hấu chen',NULL,NULL),('vi',78,'Dưa hấu chen',NULL,NULL),('vi',79,'Dưa hấu chen',NULL,NULL),('vi',80,'Trứng loại A lớn hữu cơ',NULL,NULL),('vi',81,'Trứng loại A lớn hữu cơ',NULL,NULL),('vi',82,'Trứng loại A lớn hữu cơ',NULL,NULL),('vi',83,'Chuối đầy màu sắc',NULL,NULL),('vi',84,'Chuối đầy màu sắc',NULL,NULL),('vi',85,'Chuối đầy màu sắc',NULL,NULL),('vi',86,'Nấm đặc trưng và caramel',NULL,NULL),('vi',87,'Nấm đặc trưng và caramel',NULL,NULL),('vi',88,'Nấm đặc trưng và caramel',NULL,NULL),('vi',89,'Nấm đặc trưng và caramel',NULL,NULL);

--
-- Table structure for table `ec_reviews`
--

CREATE TABLE `ec_reviews` (
  `id` bigint unsigned NOT NULL AUTO_INCREMENT,
  `customer_id` int unsigned NOT NULL,
  `product_id` int unsigned NOT NULL,
  `star` double(8,2) NOT NULL,
  `comment` text CHARACTER SET utf8mb4 COLLATE utf8mb4_unicode_ci NOT NULL,
  `status` varchar(60) COLLATE utf8mb4_unicode_ci NOT NULL DEFAULT 'published',
  `created_at` timestamp NULL DEFAULT NULL,
  `updated_at` timestamp NULL DEFAULT NULL,
  `images` text COLLATE utf8mb4_unicode_ci,
  PRIMARY KEY (`id`),
  KEY `ec_reviews_product_id_customer_id_status_created_at_index` (`product_id`,`customer_id`,`status`,`created_at`),
  KEY `ec_reviews_product_id_customer_id_status_index` (`product_id`,`customer_id`,`status`)
) ENGINE=InnoDB AUTO_INCREMENT=101 DEFAULT CHARSET=utf8mb4 COLLATE=utf8mb4_unicode_ci;

--
-- Dumping data for table `ec_reviews`
--

INSERT INTO `ec_reviews` VALUES (1,1,24,4.00,'Clean & perfect source code','published','2022-09-22 01:26:13','2022-09-22 01:26:13','[\"products\\/2.jpg\"]'),(2,10,11,3.00,'Second or third time that I buy a Botble product, happy with the products and support. You guys do a good job :)','published','2022-09-22 01:26:13','2022-09-22 01:26:13','[\"products\\/2.jpg\",\"products\\/5.jpg\"]'),(3,8,12,3.00,'Very enthusiastic support! Excellent code is written. It\'s a true pleasure working with.','published','2022-09-22 01:26:13','2022-09-22 01:26:13','[\"products\\/1.jpg\",\"products\\/7.jpg\"]'),(4,3,24,3.00,'As a developer I reviewed this script. This is really awesome ecommerce script. I have convinced when I noticed that it\'s built on fully WordPress concept.','published','2022-09-22 01:26:13','2022-09-22 01:26:13','[\"products\\/4.jpg\",\"products\\/5.jpg\"]'),(5,2,20,1.00,'It\'s not my first experience here on Codecanyon and I can honestly tell you all that Botble puts a LOT of effort into the support. They answer so fast, they helped me tons of times. REALLY by far THE BEST EXPERIENCE on Codecanyon. Those guys at Botble are so good that they deserve 5 stars. I recommend them, I trust them and I can\'t wait to see what they will sell in a near future. Thank you Botble :)','published','2022-09-22 01:26:13','2022-09-22 01:26:13','{\"0\":\"products\\/1.jpg\",\"2\":\"products\\/20.jpg\"}'),(6,5,10,5.00,'Great system, great support, good job Botble. I\'m looking forward to more great functional plugins.','published','2022-09-22 01:26:13','2022-09-22 01:26:13','[\"products\\/2.jpg\",\"products\\/6.jpg\"]'),(7,3,19,2.00,'Ok good product. I have some issues in customizations. But its not correct to blame the developer. The product is good. Good luck for your business.','published','2022-09-22 01:26:13','2022-09-22 01:26:13','[\"products\\/3.jpg\",\"products\\/6.jpg\"]'),(8,8,23,1.00,'This web app is really good in design, code quality & features. Besides, the customer support provided by the Botble team was really fast & helpful. You guys are awesome!','published','2022-09-22 01:26:13','2022-09-22 01:26:13','[\"products\\/1.jpg\",\"products\\/5.jpg\"]'),(9,10,18,2.00,'Perfect +++++++++ i love it really also i get to fast ticket answers... Thanks Lot BOTBLE Teams','published','2022-09-22 01:26:13','2022-09-22 01:26:13','{\"0\":\"products\\/4.jpg\",\"2\":\"products\\/20.jpg\"}'),(10,6,22,3.00,'The best ecommerce CMS! Excellent coding! best support service! Thank you so much..... I really like your hard work.','published','2022-09-22 01:26:13','2022-09-22 01:26:13','[\"products\\/4.jpg\",\"products\\/5.jpg\"]'),(11,8,22,4.00,'Best ecommerce CMS online store!','published','2022-09-22 01:26:13','2022-09-22 01:26:13','[\"products\\/2.jpg\",\"products\\/6.jpg\"]'),(12,4,5,3.00,'These guys are amazing! Responses immediately, amazing support and help... I immediately feel at ease after Purchasing..','published','2022-09-22 01:26:13','2022-09-22 01:26:13','[\"products\\/2.jpg\",\"products\\/5.jpg\"]'),(13,8,24,5.00,'This web app is really good in design, code quality & features. Besides, the customer support provided by the Botble team was really fast & helpful. You guys are awesome!','published','2022-09-22 01:26:13','2022-09-22 01:26:13','[\"products\\/4.jpg\",\"products\\/5.jpg\"]'),(14,3,10,1.00,'Ok good product. I have some issues in customizations. But its not correct to blame the developer. The product is good. Good luck for your business.','published','2022-09-22 01:26:13','2022-09-22 01:26:13','[\"products\\/2.jpg\",\"products\\/7.jpg\"]'),(15,6,16,3.00,'We have received brilliant service support and will be expanding the features with the developer. Nice product!','published','2022-09-22 01:26:13','2022-09-22 01:26:13','[\"products\\/3.jpg\"]'),(16,6,23,3.00,'It\'s not my first experience here on Codecanyon and I can honestly tell you all that Botble puts a LOT of effort into the support. They answer so fast, they helped me tons of times. REALLY by far THE BEST EXPERIENCE on Codecanyon. Those guys at Botble are so good that they deserve 5 stars. I recommend them, I trust them and I can\'t wait to see what they will sell in a near future. Thank you Botble :)','published','2022-09-22 01:26:13','2022-09-22 01:26:13','[\"products\\/3.jpg\",\"products\\/5.jpg\"]'),(17,2,15,1.00,'It\'s not my first experience here on Codecanyon and I can honestly tell you all that Botble puts a LOT of effort into the support. They answer so fast, they helped me tons of times. REALLY by far THE BEST EXPERIENCE on Codecanyon. Those guys at Botble are so good that they deserve 5 stars. I recommend them, I trust them and I can\'t wait to see what they will sell in a near future. Thank you Botble :)','published','2022-09-22 01:26:13','2022-09-22 01:26:13','[\"products\\/1.jpg\",\"products\\/7.jpg\"]'),(18,1,9,1.00,'Amazing code, amazing support. Overall, im really confident in Botble and im happy I made the right choice! Thank you so much guys for coding this masterpiece','published','2022-09-22 01:26:13','2022-09-22 01:26:13','[\"products\\/3.jpg\",\"products\\/6.jpg\"]'),(19,5,8,5.00,'Best ecommerce CMS online store!','published','2022-09-22 01:26:13','2022-09-22 01:26:13','[\"products\\/2.jpg\",\"products\\/7.jpg\"]'),(20,1,11,3.00,'Very enthusiastic support! Excellent code is written. It\'s a true pleasure working with.','published','2022-09-22 01:26:13','2022-09-22 01:26:13','[\"products\\/4.jpg\"]'),(21,4,5,5.00,'The best ecommerce CMS! Excellent coding! best support service! Thank you so much..... I really like your hard work.','published','2022-09-22 01:26:13','2022-09-22 01:26:13','[\"products\\/3.jpg\"]'),(22,1,15,4.00,'The code is good, in general, if you like it, can you give it 5 stars?','published','2022-09-22 01:26:13','2022-09-22 01:26:13','[\"products\\/2.jpg\",\"products\\/6.jpg\"]'),(23,2,15,2.00,'Very enthusiastic support! Excellent code is written. It\'s a true pleasure working with.','published','2022-09-22 01:26:13','2022-09-22 01:26:13','[\"products\\/2.jpg\",\"products\\/6.jpg\"]'),(24,4,9,1.00,'Best ecommerce CMS online store!','published','2022-09-22 01:26:13','2022-09-22 01:26:13','[\"products\\/4.jpg\",\"products\\/6.jpg\"]'),(25,6,6,3.00,'For me the best eCommerce script on Envato at this moment: modern, clean code, a lot of great features. The customer support is great too: I always get an answer within hours!','published','2022-09-22 01:26:13','2022-09-22 01:26:13','{\"0\":\"products\\/1.jpg\",\"2\":\"products\\/14.jpg\"}'),(26,10,1,4.00,'It\'s not my first experience here on Codecanyon and I can honestly tell you all that Botble puts a LOT of effort into the support. They answer so fast, they helped me tons of times. REALLY by far THE BEST EXPERIENCE on Codecanyon. Those guys at Botble are so good that they deserve 5 stars. I recommend them, I trust them and I can\'t wait to see what they will sell in a near future. Thank you Botble :)','published','2022-09-22 01:26:13','2022-09-22 01:26:13','[\"products\\/2.jpg\"]'),(27,3,17,4.00,'The best store template! Excellent coding! Very good support! Thank you so much for all the help, I really appreciated.','published','2022-09-22 01:26:13','2022-09-22 01:26:13','[\"products\\/4.jpg\",\"products\\/6.jpg\",\"products\\/22.jpg\"]'),(28,9,4,2.00,'Best ecommerce CMS online store!','published','2022-09-22 01:26:13','2022-09-22 01:26:13','[\"products\\/4.jpg\",\"products\\/7.jpg\",\"products\\/15.jpg\"]'),(29,7,7,2.00,'Very enthusiastic support! Excellent code is written. It\'s a true pleasure working with.','published','2022-09-22 01:26:13','2022-09-22 01:26:13','{\"0\":\"products\\/4.jpg\",\"2\":\"products\\/20.jpg\"}'),(30,5,11,5.00,'Very enthusiastic support! Excellent code is written. It\'s a true pleasure working with.','published','2022-09-22 01:26:13','2022-09-22 01:26:13','[\"products\\/3.jpg\",\"products\\/5.jpg\"]'),(31,7,14,5.00,'Very enthusiastic support! Excellent code is written. It\'s a true pleasure working with.','published','2022-09-22 01:26:13','2022-09-22 01:26:13','[\"products\\/4.jpg\",\"products\\/7.jpg\"]'),(32,3,24,4.00,'As a developer I reviewed this script. This is really awesome ecommerce script. I have convinced when I noticed that it\'s built on fully WordPress concept.','published','2022-09-22 01:26:13','2022-09-22 01:26:13','[\"products\\/4.jpg\"]'),(33,5,24,2.00,'Customer Support are grade (A*), however the code is a way too over engineered for it\'s purpose.','published','2022-09-22 01:26:13','2022-09-22 01:26:13','[\"products\\/1.jpg\",\"products\\/6.jpg\"]'),(34,4,11,3.00,'For me the best eCommerce script on Envato at this moment: modern, clean code, a lot of great features. The customer support is great too: I always get an answer within hours!','published','2022-09-22 01:26:13','2022-09-22 01:26:13','{\"0\":\"products\\/4.jpg\",\"2\":\"products\\/16.jpg\"}'),(35,5,23,4.00,'As a developer I reviewed this script. This is really awesome ecommerce script. I have convinced when I noticed that it\'s built on fully WordPress concept.','published','2022-09-22 01:26:13','2022-09-22 01:26:13','[\"products\\/2.jpg\",\"products\\/7.jpg\"]'),(36,3,12,2.00,'The script is the best of its class, fast, easy to implement and work with , and the most important thing is the great support team , Recommend with no doubt.','published','2022-09-22 01:26:13','2022-09-22 01:26:13','{\"0\":\"products\\/1.jpg\",\"2\":\"products\\/12.jpg\"}'),(37,8,21,2.00,'Perfect +++++++++ i love it really also i get to fast ticket answers... Thanks Lot BOTBLE Teams','published','2022-09-22 01:26:13','2022-09-22 01:26:13','[\"products\\/3.jpg\",\"products\\/6.jpg\"]'),(38,4,2,4.00,'For me the best eCommerce script on Envato at this moment: modern, clean code, a lot of great features. The customer support is great too: I always get an answer within hours!','published','2022-09-22 01:26:13','2022-09-22 01:26:13','[\"products\\/4.jpg\",\"products\\/6.jpg\"]'),(39,8,9,2.00,'Cool template. Excellent code quality. The support responds very quickly, which is very rare on themeforest and codecanyon.net, I buy a lot of templates, and everyone will have a response from technical support for two or three days. Thanks to tech support. I recommend to buy.','published','2022-09-22 01:26:13','2022-09-22 01:26:13','[\"products\\/4.jpg\",\"products\\/5.jpg\"]'),(40,1,21,3.00,'These guys are amazing! Responses immediately, amazing support and help... I immediately feel at ease after Purchasing..','published','2022-09-22 01:26:13','2022-09-22 01:26:13','[\"products\\/4.jpg\",\"products\\/5.jpg\"]'),(41,4,2,1.00,'Second or third time that I buy a Botble product, happy with the products and support. You guys do a good job :)','published','2022-09-22 01:26:13','2022-09-22 01:26:13','{\"0\":\"products\\/1.jpg\",\"2\":\"products\\/12.jpg\"}'),(42,3,12,4.00,'Ok good product. I have some issues in customizations. But its not correct to blame the developer. The product is good. Good luck for your business.','published','2022-09-22 01:26:13','2022-09-22 01:26:13','[\"products\\/1.jpg\",\"products\\/5.jpg\"]'),(43,4,22,5.00,'Great E-commerce system. And much more : Wonderful Customer Support.','published','2022-09-22 01:26:13','2022-09-22 01:26:13','[\"products\\/2.jpg\",\"products\\/5.jpg\"]'),(44,2,8,1.00,'The code is good, in general, if you like it, can you give it 5 stars?','published','2022-09-22 01:26:13','2022-09-22 01:26:13','[\"products\\/2.jpg\",\"products\\/5.jpg\"]'),(45,9,24,1.00,'This web app is really good in design, code quality & features. Besides, the customer support provided by the Botble team was really fast & helpful. You guys are awesome!','published','2022-09-22 01:26:13','2022-09-22 01:26:13','[\"products\\/4.jpg\"]'),(46,6,9,2.00,'Second or third time that I buy a Botble product, happy with the products and support. You guys do a good job :)','published','2022-09-22 01:26:13','2022-09-22 01:26:13','[\"products\\/1.jpg\"]'),(47,1,16,2.00,'The script is the best of its class, fast, easy to implement and work with , and the most important thing is the great support team , Recommend with no doubt.','published','2022-09-22 01:26:13','2022-09-22 01:26:13','[\"products\\/3.jpg\",\"products\\/7.jpg\",\"products\\/9.jpg\"]'),(48,8,21,3.00,'Solution is too robust for our purpose so we didn\'t use it at the end. But I appreciate customer support during initial configuration.','published','2022-09-22 01:26:13','2022-09-22 01:26:13','[\"products\\/3.jpg\"]'),(49,3,14,4.00,'This web app is really good in design, code quality & features. Besides, the customer support provided by the Botble team was really fast & helpful. You guys are awesome!','published','2022-09-22 01:26:13','2022-09-22 01:26:13','[\"products\\/4.jpg\"]'),(50,4,9,5.00,'Great system, great support, good job Botble. I\'m looking forward to more great functional plugins.','published','2022-09-22 01:26:13','2022-09-22 01:26:13','[\"products\\/3.jpg\"]'),(51,6,20,1.00,'It\'s not my first experience here on Codecanyon and I can honestly tell you all that Botble puts a LOT of effort into the support. They answer so fast, they helped me tons of times. REALLY by far THE BEST EXPERIENCE on Codecanyon. Those guys at Botble are so good that they deserve 5 stars. I recommend them, I trust them and I can\'t wait to see what they will sell in a near future. Thank you Botble :)','published','2022-09-22 01:26:13','2022-09-22 01:26:13','[\"products\\/4.jpg\",\"products\\/6.jpg\",\"products\\/20.jpg\"]'),(52,6,17,2.00,'Cool template. Excellent code quality. The support responds very quickly, which is very rare on themeforest and codecanyon.net, I buy a lot of templates, and everyone will have a response from technical support for two or three days. Thanks to tech support. I recommend to buy.','published','2022-09-22 01:26:13','2022-09-22 01:26:13','[\"products\\/2.jpg\",\"products\\/6.jpg\"]'),(53,10,3,1.00,'Ok good product. I have some issues in customizations. But its not correct to blame the developer. The product is good. Good luck for your business.','published','2022-09-22 01:26:13','2022-09-22 01:26:13','[\"products\\/2.jpg\",\"products\\/7.jpg\"]'),(54,8,13,1.00,'Amazing code, amazing support. Overall, im really confident in Botble and im happy I made the right choice! Thank you so much guys for coding this masterpiece','published','2022-09-22 01:26:13','2022-09-22 01:26:13','[\"products\\/3.jpg\",\"products\\/7.jpg\",\"products\\/15.jpg\"]'),(55,4,2,3.00,'Clean & perfect source code','published','2022-09-22 01:26:13','2022-09-22 01:26:13','[\"products\\/3.jpg\",\"products\\/5.jpg\",\"products\\/17.jpg\"]'),(56,1,7,1.00,'I Love this Script. I also found how to add other fees. Now I just wait the BIG update for the Marketplace with the Bulk Import. Just do not forget to make it to be Multi-language for us the Botble Fans.','published','2022-09-22 01:26:13','2022-09-22 01:26:13','[\"products\\/2.jpg\",\"products\\/6.jpg\"]'),(57,6,10,3.00,'Ok good product. I have some issues in customizations. But its not correct to blame the developer. The product is good. Good luck for your business.','published','2022-09-22 01:26:13','2022-09-22 01:26:13','[\"products\\/4.jpg\",\"products\\/5.jpg\"]'),(58,7,10,4.00,'Solution is too robust for our purpose so we didn\'t use it at the end. But I appreciate customer support during initial configuration.','published','2022-09-22 01:26:13','2022-09-22 01:26:13','[\"products\\/4.jpg\",\"products\\/7.jpg\",\"products\\/17.jpg\"]'),(59,1,5,1.00,'For me the best eCommerce script on Envato at this moment: modern, clean code, a lot of great features. The customer support is great too: I always get an answer within hours!','published','2022-09-22 01:26:13','2022-09-22 01:26:13','[\"products\\/2.jpg\",\"products\\/6.jpg\"]'),(60,4,19,1.00,'Perfect +++++++++ i love it really also i get to fast ticket answers... Thanks Lot BOTBLE Teams','published','2022-09-22 01:26:13','2022-09-22 01:26:13','[\"products\\/2.jpg\",\"products\\/5.jpg\"]'),(61,2,8,2.00,'The code is good, in general, if you like it, can you give it 5 stars?','published','2022-09-22 01:26:13','2022-09-22 01:26:13','[\"products\\/4.jpg\",\"products\\/6.jpg\"]'),(62,4,4,5.00,'Great E-commerce system. And much more : Wonderful Customer Support.','published','2022-09-22 01:26:13','2022-09-22 01:26:13','[\"products\\/4.jpg\",\"products\\/5.jpg\",\"products\\/14.jpg\"]'),(63,3,8,5.00,'The best store template! Excellent coding! Very good support! Thank you so much for all the help, I really appreciated.','published','2022-09-22 01:26:13','2022-09-22 01:26:13','[\"products\\/2.jpg\"]'),(64,5,15,3.00,'Customer Support are grade (A*), however the code is a way too over engineered for it\'s purpose.','published','2022-09-22 01:26:13','2022-09-22 01:26:13','[\"products\\/3.jpg\",\"products\\/7.jpg\"]'),(65,9,4,2.00,'The best ecommerce CMS! Excellent coding! best support service! Thank you so much..... I really like your hard work.','published','2022-09-22 01:26:13','2022-09-22 01:26:13','[\"products\\/1.jpg\",\"products\\/5.jpg\"]'),(66,5,8,1.00,'Great system, great support, good job Botble. I\'m looking forward to more great functional plugins.','published','2022-09-22 01:26:13','2022-09-22 01:26:13','[\"products\\/4.jpg\"]'),(67,7,11,4.00,'These guys are amazing! Responses immediately, amazing support and help... I immediately feel at ease after Purchasing..','published','2022-09-22 01:26:13','2022-09-22 01:26:13','[\"products\\/4.jpg\",\"products\\/5.jpg\"]'),(68,9,8,5.00,'Amazing code, amazing support. Overall, im really confident in Botble and im happy I made the right choice! Thank you so much guys for coding this masterpiece','published','2022-09-22 01:26:13','2022-09-22 01:26:13','[\"products\\/4.jpg\",\"products\\/6.jpg\",\"products\\/8.jpg\"]'),(69,5,12,4.00,'Solution is too robust for our purpose so we didn\'t use it at the end. But I appreciate customer support during initial configuration.','published','2022-09-22 01:26:13','2022-09-22 01:26:13','[\"products\\/1.jpg\",\"products\\/5.jpg\"]'),(70,4,17,1.00,'As a developer I reviewed this script. This is really awesome ecommerce script. I have convinced when I noticed that it\'s built on fully WordPress concept.','published','2022-09-22 01:26:13','2022-09-22 01:26:13','[\"products\\/4.jpg\",\"products\\/7.jpg\"]'),(71,7,6,2.00,'Great system, great support, good job Botble. I\'m looking forward to more great functional plugins.','published','2022-09-22 01:26:13','2022-09-22 01:26:13','[\"products\\/2.jpg\",\"products\\/7.jpg\"]'),(72,7,20,5.00,'Clean & perfect source code','published','2022-09-22 01:26:13','2022-09-22 01:26:13','[\"products\\/2.jpg\"]'),(73,7,4,2.00,'Best ecommerce CMS online store!','published','2022-09-22 01:26:13','2022-09-22 01:26:13','[\"products\\/1.jpg\",\"products\\/7.jpg\"]'),(74,8,10,5.00,'Ok good product. I have some issues in customizations. But its not correct to blame the developer. The product is good. Good luck for your business.','published','2022-09-22 01:26:13','2022-09-22 01:26:13','[\"products\\/2.jpg\",\"products\\/5.jpg\"]'),(75,10,24,3.00,'Customer Support are grade (A*), however the code is a way too over engineered for it\'s purpose.','published','2022-09-22 01:26:13','2022-09-22 01:26:13','[\"products\\/2.jpg\",\"products\\/5.jpg\"]'),(76,3,3,2.00,'These guys are amazing! Responses immediately, amazing support and help... I immediately feel at ease after Purchasing..','published','2022-09-22 01:26:13','2022-09-22 01:26:13','{\"0\":\"products\\/4.jpg\",\"2\":\"products\\/11.jpg\"}'),(77,2,14,4.00,'Great E-commerce system. And much more : Wonderful Customer Support.','published','2022-09-22 01:26:13','2022-09-22 01:26:13','[\"products\\/1.jpg\"]'),(78,4,3,1.00,'Those guys now what they are doing, the release such a good product that it\'s a pleasure to work with ! Even when I was stuck on the project, I created a ticket and the next day it was replied by the team. GOOD JOB guys. I love working with them :)','published','2022-09-22 01:26:13','2022-09-22 01:26:13','[\"products\\/1.jpg\",\"products\\/6.jpg\"]'),(79,1,9,5.00,'Great system, great support, good job Botble. I\'m looking forward to more great functional plugins.','published','2022-09-22 01:26:13','2022-09-22 01:26:13','[\"products\\/3.jpg\",\"products\\/7.jpg\",\"products\\/24.jpg\"]'),(80,4,22,1.00,'Perfect +++++++++ i love it really also i get to fast ticket answers... Thanks Lot BOTBLE Teams','published','2022-09-22 01:26:13','2022-09-22 01:26:13','[\"products\\/2.jpg\"]'),(81,7,22,5.00,'It\'s not my first experience here on Codecanyon and I can honestly tell you all that Botble puts a LOT of effort into the support. They answer so fast, they helped me tons of times. REALLY by far THE BEST EXPERIENCE on Codecanyon. Those guys at Botble are so good that they deserve 5 stars. I recommend them, I trust them and I can\'t wait to see what they will sell in a near future. Thank you Botble :)','published','2022-09-22 01:26:13','2022-09-22 01:26:13','[\"products\\/4.jpg\",\"products\\/5.jpg\"]'),(82,5,15,1.00,'These guys are amazing! Responses immediately, amazing support and help... I immediately feel at ease after Purchasing..','published','2022-09-22 01:26:13','2022-09-22 01:26:13','[\"products\\/4.jpg\"]'),(83,3,2,2.00,'The best store template! Excellent coding! Very good support! Thank you so much for all the help, I really appreciated.','published','2022-09-22 01:26:13','2022-09-22 01:26:13','[\"products\\/4.jpg\",\"products\\/5.jpg\"]'),(84,8,6,5.00,'This script is well coded and is super fast. The support is pretty quick. Very patient and helpful team. I strongly recommend it and they deserve more than 5 stars.','published','2022-09-22 01:26:13','2022-09-22 01:26:13','[\"products\\/2.jpg\",\"products\\/7.jpg\",\"products\\/15.jpg\"]'),(85,5,3,3.00,'The best store template! Excellent coding! Very good support! Thank you so much for all the help, I really appreciated.','published','2022-09-22 01:26:13','2022-09-22 01:26:13','[\"products\\/4.jpg\",\"products\\/7.jpg\",\"products\\/12.jpg\"]'),(86,6,4,5.00,'The best store template! Excellent coding! Very good support! Thank you so much for all the help, I really appreciated.','published','2022-09-22 01:26:13','2022-09-22 01:26:13','[\"products\\/2.jpg\"]'),(87,8,6,4.00,'Very enthusiastic support! Excellent code is written. It\'s a true pleasure working with.','published','2022-09-22 01:26:13','2022-09-22 01:26:13','[\"products\\/3.jpg\",\"products\\/7.jpg\",\"products\\/13.jpg\"]'),(88,1,13,3.00,'The best store template! Excellent coding! Very good support! Thank you so much for all the help, I really appreciated.','published','2022-09-22 01:26:13','2022-09-22 01:26:13','[\"products\\/4.jpg\",\"products\\/6.jpg\",\"products\\/11.jpg\"]'),(89,5,20,1.00,'Great system, great support, good job Botble. I\'m looking forward to more great functional plugins.','published','2022-09-22 01:26:13','2022-09-22 01:26:13','[\"products\\/4.jpg\"]'),(90,10,18,1.00,'As a developer I reviewed this script. This is really awesome ecommerce script. I have convinced when I noticed that it\'s built on fully WordPress concept.','published','2022-09-22 01:26:13','2022-09-22 01:26:13','[\"products\\/2.jpg\"]'),(91,7,10,1.00,'As a developer I reviewed this script. This is really awesome ecommerce script. I have convinced when I noticed that it\'s built on fully WordPress concept.','published','2022-09-22 01:26:13','2022-09-22 01:26:13','[\"products\\/2.jpg\",\"products\\/5.jpg\",\"products\\/17.jpg\"]'),(92,3,1,3.00,'It\'s not my first experience here on Codecanyon and I can honestly tell you all that Botble puts a LOT of effort into the support. They answer so fast, they helped me tons of times. REALLY by far THE BEST EXPERIENCE on Codecanyon. Those guys at Botble are so good that they deserve 5 stars. I recommend them, I trust them and I can\'t wait to see what they will sell in a near future. Thank you Botble :)','published','2022-09-22 01:26:13','2022-09-22 01:26:13','[\"products\\/1.jpg\",\"products\\/7.jpg\"]'),(93,5,6,5.00,'I Love this Script. I also found how to add other fees. Now I just wait the BIG update for the Marketplace with the Bulk Import. Just do not forget to make it to be Multi-language for us the Botble Fans.','published','2022-09-22 01:26:13','2022-09-22 01:26:13','[\"products\\/1.jpg\",\"products\\/7.jpg\"]'),(94,8,11,3.00,'The best ecommerce CMS! Excellent coding! best support service! Thank you so much..... I really like your hard work.','published','2022-09-22 01:26:13','2022-09-22 01:26:13','[\"products\\/2.jpg\",\"products\\/5.jpg\"]'),(95,6,18,5.00,'Good app, good backup service and support. Good documentation.','published','2022-09-22 01:26:14','2022-09-22 01:26:14','[\"products\\/2.jpg\",\"products\\/7.jpg\"]'),(96,9,10,5.00,'Best ecommerce CMS online store!','published','2022-09-22 01:26:14','2022-09-22 01:26:14','[\"products\\/2.jpg\",\"products\\/7.jpg\"]'),(97,9,9,5.00,'Good app, good backup service and support. Good documentation.','published','2022-09-22 01:26:14','2022-09-22 01:26:14','[\"products\\/3.jpg\",\"products\\/7.jpg\"]'),(98,7,17,3.00,'I Love this Script. I also found how to add other fees. Now I just wait the BIG update for the Marketplace with the Bulk Import. Just do not forget to make it to be Multi-language for us the Botble Fans.','published','2022-09-22 01:26:14','2022-09-22 01:26:14','[\"products\\/4.jpg\"]'),(99,1,11,1.00,'These guys are amazing! Responses immediately, amazing support and help... I immediately feel at ease after Purchasing..','published','2022-09-22 01:26:14','2022-09-22 01:26:14','[\"products\\/2.jpg\",\"products\\/7.jpg\"]'),(100,9,5,1.00,'Great system, great support, good job Botble. I\'m looking forward to more great functional plugins.','published','2022-09-22 01:26:14','2022-09-22 01:26:14','[\"products\\/1.jpg\",\"products\\/5.jpg\",\"products\\/18.jpg\"]');

--
-- Table structure for table `ec_shipment_histories`
--

CREATE TABLE `ec_shipment_histories` (
  `id` bigint unsigned NOT NULL AUTO_INCREMENT,
  `action` varchar(120) COLLATE utf8mb4_unicode_ci NOT NULL,
  `description` varchar(255) COLLATE utf8mb4_unicode_ci NOT NULL,
  `user_id` int unsigned DEFAULT NULL,
  `shipment_id` int unsigned NOT NULL,
  `order_id` int unsigned NOT NULL,
  `created_at` timestamp NULL DEFAULT NULL,
  `updated_at` timestamp NULL DEFAULT NULL,
  PRIMARY KEY (`id`)
) ENGINE=InnoDB AUTO_INCREMENT=133 DEFAULT CHARSET=utf8mb4 COLLATE=utf8mb4_unicode_ci;

--
-- Dumping data for table `ec_shipment_histories`
--

INSERT INTO `ec_shipment_histories` VALUES (1,'create_from_order','Shipping was created from order %order_id%',0,1,1,'2022-09-13 17:27:41','2022-09-13 17:27:41'),(2,'update_status','Changed status of shipping to: Approved. Updated by: %user_name%',0,1,1,'2022-09-20 09:27:43','2022-09-22 01:27:43'),(3,'update_status','Changed status of shipping to: Delivered. Updated by: %user_name%',0,1,1,'2022-09-22 01:27:43','2022-09-22 01:27:43'),(4,'create_from_order','Shipping was created from order %order_id%',0,2,2,'2022-09-18 17:27:43','2022-09-18 17:27:43'),(5,'update_status','Changed status of shipping to: Approved. Updated by: %user_name%',0,2,2,'2022-09-20 09:27:43','2022-09-22 01:27:43'),(6,'update_cod_status','Updated COD status to Completed . Updated by: %user_name%',0,2,2,'2022-09-22 01:27:43','2022-09-22 01:27:43'),(7,'update_status','Changed status of shipping to: Delivered. Updated by: %user_name%',0,2,2,'2022-09-22 01:27:43','2022-09-22 01:27:43'),(8,'create_from_order','Shipping was created from order %order_id%',0,3,3,'2022-09-20 11:27:43','2022-09-20 11:27:43'),(9,'update_status','Changed status of shipping to: Approved. Updated by: %user_name%',0,3,3,'2022-09-20 11:27:43','2022-09-22 01:27:43'),(10,'update_status','Changed status of shipping to: Delivered. Updated by: %user_name%',0,3,3,'2022-09-22 01:27:43','2022-09-22 01:27:43'),(11,'create_from_order','Shipping was created from order %order_id%',0,4,4,'2022-09-18 21:27:43','2022-09-18 21:27:43'),(12,'update_status','Changed status of shipping to: Approved. Updated by: %user_name%',0,4,4,'2022-09-20 11:27:43','2022-09-22 01:27:43'),(13,'create_from_order','Shipping was created from order %order_id%',0,5,5,'2022-09-09 09:27:43','2022-09-09 09:27:43'),(14,'update_status','Changed status of shipping to: Approved. Updated by: %user_name%',0,5,5,'2022-09-20 11:27:43','2022-09-22 01:27:43'),(15,'update_cod_status','Updated COD status to Completed . Updated by: %user_name%',0,5,5,'2022-09-22 01:27:43','2022-09-22 01:27:43'),(16,'update_status','Changed status of shipping to: Delivered. Updated by: %user_name%',0,5,5,'2022-09-22 01:27:43','2022-09-22 01:27:43'),(17,'create_from_order','Shipping was created from order %order_id%',0,6,6,'2022-09-19 01:27:43','2022-09-19 01:27:43'),(18,'update_status','Changed status of shipping to: Approved. Updated by: %user_name%',0,6,6,'2022-09-20 13:27:44','2022-09-22 01:27:44'),(19,'create_from_order','Shipping was created from order %order_id%',0,7,7,'2022-09-19 01:27:44','2022-09-19 01:27:44'),(20,'update_status','Changed status of shipping to: Approved. Updated by: %user_name%',0,7,7,'2022-09-20 13:27:47','2022-09-22 01:27:47'),(21,'create_from_order','Shipping was created from order %order_id%',0,8,8,'2022-09-08 13:27:47','2022-09-08 13:27:47'),(22,'update_status','Changed status of shipping to: Approved. Updated by: %user_name%',0,8,8,'2022-09-20 13:27:47','2022-09-22 01:27:47'),(23,'update_status','Changed status of shipping to: Delivered. Updated by: %user_name%',0,8,8,'2022-09-22 01:27:47','2022-09-22 01:27:47'),(24,'create_from_order','Shipping was created from order %order_id%',0,9,9,'2022-09-09 07:27:47','2022-09-09 07:27:47'),(25,'update_status','Changed status of shipping to: Approved. Updated by: %user_name%',0,9,9,'2022-09-20 15:27:48','2022-09-22 01:27:48'),(26,'update_status','Changed status of shipping to: Delivered. Updated by: %user_name%',0,9,9,'2022-09-22 01:27:48','2022-09-22 01:27:48'),(27,'create_from_order','Shipping was created from order %order_id%',0,10,10,'2022-09-07 21:27:48','2022-09-07 21:27:48'),(28,'update_status','Changed status of shipping to: Approved. Updated by: %user_name%',0,10,10,'2022-09-20 15:27:49','2022-09-22 01:27:49'),(29,'update_cod_status','Updated COD status to Completed . Updated by: %user_name%',0,10,10,'2022-09-22 01:27:49','2022-09-22 01:27:49'),(30,'update_status','Changed status of shipping to: Delivered. Updated by: %user_name%',0,10,10,'2022-09-22 01:27:49','2022-09-22 01:27:49'),(31,'create_from_order','Shipping was created from order %order_id%',0,11,11,'2022-09-14 01:27:49','2022-09-14 01:27:49'),(32,'update_status','Changed status of shipping to: Approved. Updated by: %user_name%',0,11,11,'2022-09-20 17:27:50','2022-09-22 01:27:50'),(33,'update_status','Changed status of shipping to: Delivered. Updated by: %user_name%',0,11,11,'2022-09-22 01:27:50','2022-09-22 01:27:50'),(34,'create_from_order','Shipping was created from order %order_id%',0,12,12,'2022-09-16 17:27:50','2022-09-16 17:27:50'),(35,'update_status','Changed status of shipping to: Approved. Updated by: %user_name%',0,12,12,'2022-09-20 17:27:50','2022-09-22 01:27:50'),(36,'create_from_order','Shipping was created from order %order_id%',0,13,13,'2022-09-19 13:27:50','2022-09-19 13:27:50'),(37,'update_status','Changed status of shipping to: Approved. Updated by: %user_name%',0,13,13,'2022-09-20 19:27:51','2022-09-22 01:27:51'),(38,'create_from_order','Shipping was created from order %order_id%',0,14,14,'2022-09-15 19:27:51','2022-09-15 19:27:51'),(39,'update_status','Changed status of shipping to: Approved. Updated by: %user_name%',0,14,14,'2022-09-20 19:27:54','2022-09-22 01:27:54'),(40,'update_status','Changed status of shipping to: Delivered. Updated by: %user_name%',0,14,14,'2022-09-22 01:27:54','2022-09-22 01:27:54'),(41,'create_from_order','Shipping was created from order %order_id%',0,15,15,'2022-09-17 09:27:54','2022-09-17 09:27:54'),(42,'update_status','Changed status of shipping to: Approved. Updated by: %user_name%',0,15,15,'2022-09-20 21:27:55','2022-09-22 01:27:55'),(43,'update_status','Changed status of shipping to: Delivered. Updated by: %user_name%',0,15,15,'2022-09-22 01:27:55','2022-09-22 01:27:55'),(44,'create_from_order','Shipping was created from order %order_id%',0,16,16,'2022-09-16 05:27:55','2022-09-16 05:27:55'),(45,'update_status','Changed status of shipping to: Approved. Updated by: %user_name%',0,16,16,'2022-09-20 21:27:55','2022-09-22 01:27:55'),(46,'create_from_order','Shipping was created from order %order_id%',0,17,17,'2022-09-18 13:27:55','2022-09-18 13:27:55'),(47,'update_status','Changed status of shipping to: Approved. Updated by: %user_name%',0,17,17,'2022-09-20 21:27:55','2022-09-22 01:27:55'),(48,'update_status','Changed status of shipping to: Delivered. Updated by: %user_name%',0,17,17,'2022-09-22 01:27:55','2022-09-22 01:27:55'),(49,'create_from_order','Shipping was created from order %order_id%',0,18,18,'2022-09-16 15:27:55','2022-09-16 15:27:55'),(50,'update_status','Changed status of shipping to: Approved. Updated by: %user_name%',0,18,18,'2022-09-20 23:27:55','2022-09-22 01:27:55'),(51,'create_from_order','Shipping was created from order %order_id%',0,19,19,'2022-09-11 05:27:55','2022-09-11 05:27:55'),(52,'update_status','Changed status of shipping to: Approved. Updated by: %user_name%',0,19,19,'2022-09-20 23:27:55','2022-09-22 01:27:55'),(53,'create_from_order','Shipping was created from order %order_id%',0,20,20,'2022-09-19 01:27:55','2022-09-19 01:27:55'),(54,'update_status','Changed status of shipping to: Approved. Updated by: %user_name%',0,20,20,'2022-09-21 01:27:55','2022-09-22 01:27:55'),(55,'create_from_order','Shipping was created from order %order_id%',0,21,21,'2022-09-20 01:27:55','2022-09-20 01:27:55'),(56,'update_status','Changed status of shipping to: Approved. Updated by: %user_name%',0,21,21,'2022-09-21 01:27:55','2022-09-22 01:27:55'),(57,'update_status','Changed status of shipping to: Delivered. Updated by: %user_name%',0,21,21,'2022-09-22 01:27:56','2022-09-22 01:27:56'),(58,'create_from_order','Shipping was created from order %order_id%',0,22,22,'2022-09-17 01:27:56','2022-09-17 01:27:56'),(59,'update_status','Changed status of shipping to: Approved. Updated by: %user_name%',0,22,22,'2022-09-21 01:27:56','2022-09-22 01:27:56'),(60,'create_from_order','Shipping was created from order %order_id%',0,23,23,'2022-09-14 17:27:56','2022-09-14 17:27:56'),(61,'update_status','Changed status of shipping to: Approved. Updated by: %user_name%',0,23,23,'2022-09-21 03:27:56','2022-09-22 01:27:56'),(62,'update_cod_status','Updated COD status to Completed . Updated by: %user_name%',0,23,23,'2022-09-22 01:27:56','2022-09-22 01:27:56'),(63,'update_status','Changed status of shipping to: Delivered. Updated by: %user_name%',0,23,23,'2022-09-22 01:27:56','2022-09-22 01:27:56'),(64,'create_from_order','Shipping was created from order %order_id%',0,24,24,'2022-09-13 19:27:56','2022-09-13 19:27:56'),(65,'update_status','Changed status of shipping to: Approved. Updated by: %user_name%',0,24,24,'2022-09-21 03:27:56','2022-09-22 01:27:56'),(66,'update_cod_status','Updated COD status to Completed . Updated by: %user_name%',0,24,24,'2022-09-22 01:27:56','2022-09-22 01:27:56'),(67,'update_status','Changed status of shipping to: Delivered. Updated by: %user_name%',0,24,24,'2022-09-22 01:27:56','2022-09-22 01:27:56'),(68,'create_from_order','Shipping was created from order %order_id%',0,25,25,'2022-09-15 09:27:56','2022-09-15 09:27:56'),(69,'update_status','Changed status of shipping to: Approved. Updated by: %user_name%',0,25,25,'2022-09-21 05:27:56','2022-09-22 01:27:56'),(70,'update_status','Changed status of shipping to: Delivered. Updated by: %user_name%',0,25,25,'2022-09-22 01:27:56','2022-09-22 01:27:56'),(71,'create_from_order','Shipping was created from order %order_id%',0,26,26,'2022-09-18 17:27:56','2022-09-18 17:27:56'),(72,'update_status','Changed status of shipping to: Approved. Updated by: %user_name%',0,26,26,'2022-09-21 05:27:56','2022-09-22 01:27:56'),(73,'update_status','Changed status of shipping to: Delivered. Updated by: %user_name%',0,26,26,'2022-09-22 01:27:56','2022-09-22 01:27:56'),(74,'create_from_order','Shipping was created from order %order_id%',0,27,27,'2022-09-15 09:27:56','2022-09-15 09:27:56'),(75,'update_status','Changed status of shipping to: Approved. Updated by: %user_name%',0,27,27,'2022-09-21 05:27:56','2022-09-22 01:27:56'),(76,'create_from_order','Shipping was created from order %order_id%',0,28,28,'2022-09-16 01:27:56','2022-09-16 01:27:56'),(77,'update_status','Changed status of shipping to: Approved. Updated by: %user_name%',0,28,28,'2022-09-21 07:27:56','2022-09-22 01:27:56'),(78,'create_from_order','Shipping was created from order %order_id%',0,29,29,'2022-09-18 07:27:56','2022-09-18 07:27:56'),(79,'update_status','Changed status of shipping to: Approved. Updated by: %user_name%',0,29,29,'2022-09-21 07:27:56','2022-09-22 01:27:56'),(80,'update_status','Changed status of shipping to: Delivered. Updated by: %user_name%',0,29,29,'2022-09-22 01:27:56','2022-09-22 01:27:56'),(81,'create_from_order','Shipping was created from order %order_id%',0,30,30,'2022-09-17 13:27:56','2022-09-17 13:27:56'),(82,'update_status','Changed status of shipping to: Approved. Updated by: %user_name%',0,30,30,'2022-09-21 07:27:56','2022-09-22 01:27:56'),(83,'update_status','Changed status of shipping to: Delivered. Updated by: %user_name%',0,30,30,'2022-09-22 01:27:56','2022-09-22 01:27:56'),(84,'create_from_order','Shipping was created from order %order_id%',0,31,31,'2022-09-17 09:27:56','2022-09-17 09:27:56'),(85,'update_status','Changed status of shipping to: Approved. Updated by: %user_name%',0,31,31,'2022-09-21 09:27:56','2022-09-22 01:27:56'),(86,'create_from_order','Shipping was created from order %order_id%',0,32,32,'2022-09-20 17:27:56','2022-09-20 17:27:56'),(87,'update_status','Changed status of shipping to: Approved. Updated by: %user_name%',0,32,32,'2022-09-21 09:27:56','2022-09-22 01:27:56'),(88,'update_status','Changed status of shipping to: Delivered. Updated by: %user_name%',0,32,32,'2022-09-22 01:27:56','2022-09-22 01:27:56'),(89,'create_from_order','Shipping was created from order %order_id%',0,33,33,'2022-09-21 11:27:56','2022-09-21 11:27:56'),(90,'update_status','Changed status of shipping to: Approved. Updated by: %user_name%',0,33,33,'2022-09-21 11:27:56','2022-09-22 01:27:56'),(91,'create_from_order','Shipping was created from order %order_id%',0,34,34,'2022-09-19 17:27:56','2022-09-19 17:27:56'),(92,'update_status','Changed status of shipping to: Approved. Updated by: %user_name%',0,34,34,'2022-09-21 11:27:56','2022-09-22 01:27:56'),(93,'create_from_order','Shipping was created from order %order_id%',0,35,35,'2022-09-18 01:27:56','2022-09-18 01:27:56'),(94,'update_status','Changed status of shipping to: Approved. Updated by: %user_name%',0,35,35,'2022-09-21 13:27:56','2022-09-22 01:27:56'),(95,'create_from_order','Shipping was created from order %order_id%',0,36,36,'2022-09-17 13:27:56','2022-09-17 13:27:56'),(96,'update_status','Changed status of shipping to: Approved. Updated by: %user_name%',0,36,36,'2022-09-21 13:27:57','2022-09-22 01:27:57'),(97,'create_from_order','Shipping was created from order %order_id%',0,37,37,'2022-09-17 13:27:57','2022-09-17 13:27:57'),(98,'update_status','Changed status of shipping to: Approved. Updated by: %user_name%',0,37,37,'2022-09-21 13:27:57','2022-09-22 01:27:57'),(99,'update_status','Changed status of shipping to: Delivered. Updated by: %user_name%',0,37,37,'2022-09-22 01:27:57','2022-09-22 01:27:57'),(100,'create_from_order','Shipping was created from order %order_id%',0,38,38,'2022-09-20 09:27:57','2022-09-20 09:27:57'),(101,'update_status','Changed status of shipping to: Approved. Updated by: %user_name%',0,38,38,'2022-09-21 15:27:57','2022-09-22 01:27:57'),(102,'update_status','Changed status of shipping to: Delivered. Updated by: %user_name%',0,38,38,'2022-09-22 01:27:57','2022-09-22 01:27:57'),(103,'create_from_order','Shipping was created from order %order_id%',0,39,39,'2022-09-21 05:27:57','2022-09-21 05:27:57'),(104,'update_status','Changed status of shipping to: Approved. Updated by: %user_name%',0,39,39,'2022-09-21 15:27:57','2022-09-22 01:27:57'),(105,'update_cod_status','Updated COD status to Completed . Updated by: %user_name%',0,39,39,'2022-09-22 01:27:57','2022-09-22 01:27:57'),(106,'update_status','Changed status of shipping to: Delivered. Updated by: %user_name%',0,39,39,'2022-09-22 01:27:57','2022-09-22 01:27:57'),(107,'create_from_order','Shipping was created from order %order_id%',0,40,40,'2022-09-19 01:27:57','2022-09-19 01:27:57'),(108,'update_status','Changed status of shipping to: Approved. Updated by: %user_name%',0,40,40,'2022-09-21 17:27:57','2022-09-22 01:27:57'),(109,'update_cod_status','Updated COD status to Completed . Updated by: %user_name%',0,40,40,'2022-09-22 01:27:57','2022-09-22 01:27:57'),(110,'update_status','Changed status of shipping to: Delivered. Updated by: %user_name%',0,40,40,'2022-09-22 01:27:57','2022-09-22 01:27:57'),(111,'create_from_order','Shipping was created from order %order_id%',0,41,41,'2022-09-21 17:27:57','2022-09-21 17:27:57'),(112,'update_status','Changed status of shipping to: Approved. Updated by: %user_name%',0,41,41,'2022-09-21 17:27:57','2022-09-22 01:27:57'),(113,'update_status','Changed status of shipping to: Delivered. Updated by: %user_name%',0,41,41,'2022-09-22 01:27:57','2022-09-22 01:27:57'),(114,'create_from_order','Shipping was created from order %order_id%',0,42,42,'2022-09-21 09:27:57','2022-09-21 09:27:57'),(115,'update_status','Changed status of shipping to: Approved. Updated by: %user_name%',0,42,42,'2022-09-21 17:27:57','2022-09-22 01:27:57'),(116,'create_from_order','Shipping was created from order %order_id%',0,43,43,'2022-09-21 09:27:57','2022-09-21 09:27:57'),(117,'update_status','Changed status of shipping to: Approved. Updated by: %user_name%',0,43,43,'2022-09-21 17:27:57','2022-09-22 01:27:57'),(118,'create_from_order','Shipping was created from order %order_id%',0,44,44,'2022-09-20 13:27:57','2022-09-20 13:27:57'),(119,'update_status','Changed status of shipping to: Approved. Updated by: %user_name%',0,44,44,'2022-09-21 19:27:57','2022-09-22 01:27:57'),(120,'update_status','Changed status of shipping to: Delivered. Updated by: %user_name%',0,44,44,'2022-09-22 01:27:57','2022-09-22 01:27:57'),(121,'create_from_order','Shipping was created from order %order_id%',0,45,45,'2022-09-21 19:27:57','2022-09-21 19:27:57'),(122,'update_status','Changed status of shipping to: Approved. Updated by: %user_name%',0,45,45,'2022-09-21 19:27:57','2022-09-22 01:27:57'),(123,'create_from_order','Shipping was created from order %order_id%',0,46,46,'2022-09-21 13:27:57','2022-09-21 13:27:57'),(124,'update_status','Changed status of shipping to: Approved. Updated by: %user_name%',0,46,46,'2022-09-21 21:27:57','2022-09-22 01:27:57'),(125,'create_from_order','Shipping was created from order %order_id%',0,47,47,'2022-09-21 05:27:57','2022-09-21 05:27:57'),(126,'update_status','Changed status of shipping to: Approved. Updated by: %user_name%',0,47,47,'2022-09-21 21:27:57','2022-09-22 01:27:57'),(127,'create_from_order','Shipping was created from order %order_id%',0,48,48,'2022-09-21 11:27:57','2022-09-21 11:27:57'),(128,'update_status','Changed status of shipping to: Approved. Updated by: %user_name%',0,48,48,'2022-09-21 23:27:57','2022-09-22 01:27:57'),(129,'update_status','Changed status of shipping to: Delivered. Updated by: %user_name%',0,48,48,'2022-09-22 01:27:57','2022-09-22 01:27:57'),(130,'create_from_order','Shipping was created from order %order_id%',0,49,49,'2022-09-21 19:27:57','2022-09-21 19:27:57'),(131,'update_status','Changed status of shipping to: Approved. Updated by: %user_name%',0,49,49,'2022-09-21 23:27:57','2022-09-22 01:27:57'),(132,'update_status','Changed status of shipping to: Delivered. Updated by: %user_name%',0,49,49,'2022-09-22 01:27:57','2022-09-22 01:27:57');

--
-- Table structure for table `ec_shipments`
--

CREATE TABLE `ec_shipments` (
  `id` bigint unsigned NOT NULL AUTO_INCREMENT,
  `order_id` int unsigned NOT NULL,
  `user_id` int unsigned DEFAULT NULL,
  `weight` double(8,2) DEFAULT '0.00',
  `shipment_id` varchar(120) COLLATE utf8mb4_unicode_ci DEFAULT NULL,
  `note` varchar(120) COLLATE utf8mb4_unicode_ci DEFAULT NULL,
  `status` varchar(120) COLLATE utf8mb4_unicode_ci NOT NULL DEFAULT 'pending',
  `cod_amount` decimal(15,2) DEFAULT '0.00',
  `cod_status` varchar(60) COLLATE utf8mb4_unicode_ci NOT NULL DEFAULT 'pending',
  `cross_checking_status` varchar(60) COLLATE utf8mb4_unicode_ci NOT NULL DEFAULT 'pending',
  `price` decimal(15,2) DEFAULT '0.00',
  `store_id` int unsigned DEFAULT NULL,
  `created_at` timestamp NULL DEFAULT NULL,
  `updated_at` timestamp NULL DEFAULT NULL,
  `tracking_id` varchar(191) COLLATE utf8mb4_unicode_ci DEFAULT NULL,
  `shipping_company_name` varchar(191) COLLATE utf8mb4_unicode_ci DEFAULT NULL,
  `tracking_link` varchar(191) COLLATE utf8mb4_unicode_ci DEFAULT NULL,
  `estimate_date_shipped` datetime DEFAULT NULL,
  `date_shipped` datetime DEFAULT NULL,
  PRIMARY KEY (`id`)
) ENGINE=InnoDB AUTO_INCREMENT=50 DEFAULT CHARSET=utf8mb4 COLLATE=utf8mb4_unicode_ci;

--
-- Dumping data for table `ec_shipments`
--

INSERT INTO `ec_shipments` VALUES (1,1,NULL,1134.00,NULL,'','delivered',0.00,'completed','pending',0.00,0,'2022-09-22 01:27:43','2022-09-22 01:27:43','JJD0049070016','AliExpress','https://mydhl.express.dhl/us/en/tracking.html#/track-by-reference','2022-10-02 08:27:43','2022-09-22 08:27:43'),(2,2,NULL,1680.00,NULL,'','delivered',273.00,'completed','pending',0.00,0,'2022-09-22 01:27:43','2022-09-22 01:27:43','JJD0045280915','DHL','https://mydhl.express.dhl/us/en/tracking.html#/track-by-reference','2022-09-23 08:27:43','2022-09-22 08:27:43'),(3,3,NULL,2154.00,NULL,'','delivered',0.00,'completed','pending',0.00,0,'2022-09-22 01:27:43','2022-09-22 01:27:43','JJD0065470610','GHN','https://mydhl.express.dhl/us/en/tracking.html#/track-by-reference','2022-10-01 08:27:43','2022-09-22 08:27:43'),(4,4,NULL,2048.00,NULL,'','approved',0.00,'completed','pending',0.00,0,'2022-09-22 01:27:43','2022-09-22 01:27:43','JJD0093984612','AliExpress','https://mydhl.express.dhl/us/en/tracking.html#/track-by-reference','2022-09-29 08:27:43',NULL),(5,5,NULL,2460.00,NULL,'','delivered',393.70,'completed','pending',0.00,0,'2022-09-22 01:27:43','2022-09-22 01:27:43','JJD002688352','GHN','https://mydhl.express.dhl/us/en/tracking.html#/track-by-reference','2022-09-26 08:27:43','2022-09-22 08:27:43'),(6,6,NULL,1851.00,NULL,'','approved',0.00,'completed','pending',0.00,0,'2022-09-22 01:27:43','2022-09-22 01:27:43','JJD0068792610','FastShipping','https://mydhl.express.dhl/us/en/tracking.html#/track-by-reference','2022-09-23 08:27:43',NULL),(7,7,NULL,1380.00,NULL,'','approved',650.10,'pending','pending',0.00,0,'2022-09-22 01:27:47','2022-09-22 01:27:47','JJD0052524350','DHL','https://mydhl.express.dhl/us/en/tracking.html#/track-by-reference','2022-10-02 08:27:47',NULL),(8,8,NULL,2061.00,NULL,'','delivered',0.00,'completed','pending',0.00,0,'2022-09-22 01:27:47','2022-09-22 01:27:47','JJD003673828','DHL','https://mydhl.express.dhl/us/en/tracking.html#/track-by-reference','2022-09-28 08:27:47','2022-09-22 08:27:47'),(9,9,NULL,2214.00,NULL,'','delivered',0.00,'completed','pending',0.00,0,'2022-09-22 01:27:48','2022-09-22 01:27:48','JJD0064323758','DHL','https://mydhl.express.dhl/us/en/tracking.html#/track-by-reference','2022-09-26 08:27:48','2022-09-22 08:27:48'),(10,10,NULL,1724.00,NULL,'','delivered',270.90,'completed','pending',0.00,0,'2022-09-22 01:27:49','2022-09-22 01:27:49','JJD0048911636','AliExpress','https://mydhl.express.dhl/us/en/tracking.html#/track-by-reference','2022-09-30 08:27:49','2022-09-22 08:27:49'),(11,11,NULL,687.00,NULL,'','delivered',0.00,'completed','pending',0.00,0,'2022-09-22 01:27:50','2022-09-22 01:27:50','JJD0095251027','GHN','https://mydhl.express.dhl/us/en/tracking.html#/track-by-reference','2022-09-28 08:27:50','2022-09-22 08:27:50'),(12,12,NULL,1644.00,NULL,'','approved',0.00,'completed','pending',0.00,0,'2022-09-22 01:27:50','2022-09-22 01:27:50','JJD0069191075','DHL','https://mydhl.express.dhl/us/en/tracking.html#/track-by-reference','2022-10-02 08:27:50',NULL),(13,13,NULL,1755.00,NULL,'','approved',638.20,'pending','pending',0.00,0,'2022-09-22 01:27:50','2022-09-22 01:27:50','JJD0047287488','DHL','https://mydhl.express.dhl/us/en/tracking.html#/track-by-reference','2022-10-02 08:27:50',NULL),(14,14,NULL,3180.00,NULL,'','delivered',0.00,'completed','pending',0.00,0,'2022-09-22 01:27:54','2022-09-22 01:27:54','JJD0053645661','DHL','https://mydhl.express.dhl/us/en/tracking.html#/track-by-reference','2022-10-01 08:27:54','2022-09-22 08:27:54'),(15,15,NULL,844.00,NULL,'','delivered',0.00,'completed','pending',0.00,0,'2022-09-22 01:27:55','2022-09-22 01:27:55','JJD0029398477','GHN','https://mydhl.express.dhl/us/en/tracking.html#/track-by-reference','2022-09-26 08:27:55','2022-09-22 08:27:55'),(16,16,NULL,864.00,NULL,'','approved',0.00,'completed','pending',0.00,0,'2022-09-22 01:27:55','2022-09-22 01:27:55','JJD0087392284','FastShipping','https://mydhl.express.dhl/us/en/tracking.html#/track-by-reference','2022-09-28 08:27:55',NULL),(17,17,NULL,543.00,NULL,'','delivered',0.00,'completed','pending',0.00,0,'2022-09-22 01:27:55','2022-09-22 01:27:55','JJD0022573636','GHN','https://mydhl.express.dhl/us/en/tracking.html#/track-by-reference','2022-09-26 08:27:55','2022-09-22 08:27:55'),(18,18,NULL,617.00,NULL,'','approved',0.00,'completed','pending',0.00,0,'2022-09-22 01:27:55','2022-09-22 01:27:55','JJD0030517666','AliExpress','https://mydhl.express.dhl/us/en/tracking.html#/track-by-reference','2022-09-25 08:27:55',NULL),(19,19,NULL,1476.00,NULL,'','approved',0.00,'completed','pending',0.00,0,'2022-09-22 01:27:55','2022-09-22 01:27:55','JJD0013097297','DHL','https://mydhl.express.dhl/us/en/tracking.html#/track-by-reference','2022-09-30 08:27:55',NULL),(20,20,NULL,2094.00,NULL,'','approved',0.00,'completed','pending',0.00,0,'2022-09-22 01:27:55','2022-09-22 01:27:55','JJD0073194595','AliExpress','https://mydhl.express.dhl/us/en/tracking.html#/track-by-reference','2022-09-29 08:27:55',NULL),(21,21,NULL,847.00,NULL,'','delivered',0.00,'completed','pending',0.00,0,'2022-09-22 01:27:55','2022-09-22 01:27:55','JJD0012770041','FastShipping','https://mydhl.express.dhl/us/en/tracking.html#/track-by-reference','2022-09-30 08:27:55','2022-09-22 08:27:55'),(22,22,NULL,3040.00,NULL,'','approved',0.00,'completed','pending',0.00,0,'2022-09-22 01:27:56','2022-09-22 01:27:56','JJD0060481411','DHL','https://mydhl.express.dhl/us/en/tracking.html#/track-by-reference','2022-09-24 08:27:56',NULL),(23,23,NULL,1292.00,NULL,'','delivered',262.50,'completed','pending',0.00,0,'2022-09-22 01:27:56','2022-09-22 01:27:56','JJD007914691','AliExpress','https://mydhl.express.dhl/us/en/tracking.html#/track-by-reference','2022-09-26 08:27:56','2022-09-22 08:27:56'),(24,24,NULL,658.00,NULL,'','delivered',141.90,'completed','pending',0.00,0,'2022-09-22 01:27:56','2022-09-22 01:27:56','JJD0019587761','DHL','https://mydhl.express.dhl/us/en/tracking.html#/track-by-reference','2022-09-28 08:27:56','2022-09-22 08:27:56'),(25,25,NULL,2214.00,NULL,'','delivered',0.00,'completed','pending',0.00,0,'2022-09-22 01:27:56','2022-09-22 01:27:56','JJD0072017451','FastShipping','https://mydhl.express.dhl/us/en/tracking.html#/track-by-reference','2022-09-29 08:27:56','2022-09-22 08:27:56'),(26,26,NULL,543.00,NULL,'','delivered',0.00,'completed','pending',0.00,0,'2022-09-22 01:27:56','2022-09-22 01:27:56','JJD0052089839','AliExpress','https://mydhl.express.dhl/us/en/tracking.html#/track-by-reference','2022-10-02 08:27:56','2022-09-22 08:27:56'),(27,27,NULL,862.00,NULL,'','approved',0.00,'completed','pending',0.00,0,'2022-09-22 01:27:56','2022-09-22 01:27:56','JJD0046522145','FastShipping','https://mydhl.express.dhl/us/en/tracking.html#/track-by-reference','2022-10-02 08:27:56',NULL),(28,28,NULL,1304.00,NULL,'','approved',0.00,'completed','pending',0.00,0,'2022-09-22 01:27:56','2022-09-22 01:27:56','JJD0036161332','DHL','https://mydhl.express.dhl/us/en/tracking.html#/track-by-reference','2022-09-29 08:27:56',NULL),(29,29,NULL,1476.00,NULL,'','delivered',0.00,'completed','pending',0.00,0,'2022-09-22 01:27:56','2022-09-22 01:27:56','JJD0014216588','DHL','https://mydhl.express.dhl/us/en/tracking.html#/track-by-reference','2022-09-25 08:27:56','2022-09-22 08:27:56'),(30,30,NULL,1744.00,NULL,'','delivered',0.00,'completed','pending',0.00,0,'2022-09-22 01:27:56','2022-09-22 01:27:56','JJD0053485081','AliExpress','https://mydhl.express.dhl/us/en/tracking.html#/track-by-reference','2022-10-01 08:27:56','2022-09-22 08:27:56'),(31,31,NULL,2792.00,NULL,'','approved',0.00,'completed','pending',0.00,0,'2022-09-22 01:27:56','2022-09-22 01:27:56','JJD0075309407','AliExpress','https://mydhl.express.dhl/us/en/tracking.html#/track-by-reference','2022-09-23 08:27:56',NULL),(32,32,NULL,1744.00,NULL,'','delivered',0.00,'completed','pending',0.00,0,'2022-09-22 01:27:56','2022-09-22 01:27:56','JJD0055239592','AliExpress','https://mydhl.express.dhl/us/en/tracking.html#/track-by-reference','2022-09-27 08:27:56','2022-09-22 08:27:56'),(33,33,NULL,2532.00,NULL,'','approved',0.00,'completed','pending',0.00,0,'2022-09-22 01:27:56','2022-09-22 01:27:56','JJD0077029473','DHL','https://mydhl.express.dhl/us/en/tracking.html#/track-by-reference','2022-10-01 08:27:56',NULL),(34,34,NULL,872.00,NULL,'','approved',0.00,'completed','pending',0.00,0,'2022-09-22 01:27:56','2022-09-22 01:27:56','JJD0023348683','GHN','https://mydhl.express.dhl/us/en/tracking.html#/track-by-reference','2022-09-27 08:27:56',NULL),(35,35,NULL,2002.00,NULL,'','approved',0.00,'completed','pending',0.00,0,'2022-09-22 01:27:56','2022-09-22 01:27:56','JJD0041914451','AliExpress','https://mydhl.express.dhl/us/en/tracking.html#/track-by-reference','2022-10-01 08:27:56',NULL),(36,36,NULL,1374.00,NULL,'','approved',0.00,'completed','pending',0.00,0,'2022-09-22 01:27:57','2022-09-22 01:27:57','JJD0096174374','DHL','https://mydhl.express.dhl/us/en/tracking.html#/track-by-reference','2022-09-29 08:27:57',NULL),(37,37,NULL,2094.00,NULL,'','delivered',0.00,'completed','pending',0.00,0,'2022-09-22 01:27:57','2022-09-22 01:27:57','JJD004860652','DHL','https://mydhl.express.dhl/us/en/tracking.html#/track-by-reference','2022-09-25 08:27:57','2022-09-22 08:27:57'),(38,38,NULL,3121.00,NULL,'','delivered',0.00,'completed','pending',0.00,0,'2022-09-22 01:27:57','2022-09-22 01:27:57','JJD0014107667','DHL','https://mydhl.express.dhl/us/en/tracking.html#/track-by-reference','2022-09-28 08:27:57','2022-09-22 08:27:57'),(39,39,NULL,2214.00,NULL,'','delivered',390.60,'completed','pending',0.00,0,'2022-09-22 01:27:57','2022-09-22 01:27:57','JJD0043954898','AliExpress','https://mydhl.express.dhl/us/en/tracking.html#/track-by-reference','2022-09-24 08:27:57','2022-09-22 08:27:57'),(40,40,NULL,567.00,NULL,'','delivered',432.30,'completed','pending',0.00,0,'2022-09-22 01:27:57','2022-09-22 01:27:57','JJD0083690388','DHL','https://mydhl.express.dhl/us/en/tracking.html#/track-by-reference','2022-09-25 08:27:57','2022-09-22 08:27:57'),(41,41,NULL,2532.00,NULL,'','delivered',0.00,'completed','pending',0.00,0,'2022-09-22 01:27:57','2022-09-22 01:27:57','JJD0073096658','FastShipping','https://mydhl.express.dhl/us/en/tracking.html#/track-by-reference','2022-09-23 08:27:57','2022-09-22 08:27:57'),(42,42,NULL,1644.00,NULL,'','approved',0.00,'completed','pending',0.00,0,'2022-09-22 01:27:57','2022-09-22 01:27:57','JJD0053241544','DHL','https://mydhl.express.dhl/us/en/tracking.html#/track-by-reference','2022-09-29 08:27:57',NULL),(43,43,NULL,862.00,NULL,'','approved',0.00,'completed','pending',0.00,0,'2022-09-22 01:27:57','2022-09-22 01:27:57','JJD0072240495','GHN','https://mydhl.express.dhl/us/en/tracking.html#/track-by-reference','2022-09-27 08:27:57',NULL),(44,44,NULL,1688.00,NULL,'','delivered',0.00,'completed','pending',0.00,0,'2022-09-22 01:27:57','2022-09-22 01:27:57','JJD0031787291','DHL','https://mydhl.express.dhl/us/en/tracking.html#/track-by-reference','2022-09-30 08:27:57','2022-09-22 08:27:57'),(45,45,NULL,3756.00,NULL,'','approved',0.00,'completed','pending',0.00,0,'2022-09-22 01:27:57','2022-09-22 01:27:57','JJD0094658613','FastShipping','https://mydhl.express.dhl/us/en/tracking.html#/track-by-reference','2022-09-27 08:27:57',NULL),(46,46,NULL,551.00,NULL,'','approved',0.00,'completed','pending',0.00,0,'2022-09-22 01:27:57','2022-09-22 01:27:57','JJD0047450922','FastShipping','https://mydhl.express.dhl/us/en/tracking.html#/track-by-reference','2022-09-30 08:27:57',NULL),(47,47,NULL,3600.00,NULL,'','approved',0.00,'completed','pending',0.00,0,'2022-09-22 01:27:57','2022-09-22 01:27:57','JJD0037521270','FastShipping','https://mydhl.express.dhl/us/en/tracking.html#/track-by-reference','2022-09-28 08:27:57',NULL),(48,48,NULL,3372.00,NULL,'','delivered',0.00,'completed','pending',0.00,0,'2022-09-22 01:27:57','2022-09-22 01:27:57','JJD0055661323','GHN','https://mydhl.express.dhl/us/en/tracking.html#/track-by-reference','2022-10-02 08:27:57','2022-09-22 08:27:57'),(49,49,NULL,2792.00,NULL,'','delivered',0.00,'completed','pending',0.00,0,'2022-09-22 01:27:57','2022-09-22 01:27:57','JJD006039462','DHL','https://mydhl.express.dhl/us/en/tracking.html#/track-by-reference','2022-09-24 08:27:57','2022-09-22 08:27:57');

--
